{"id":700,"date":"2020-11-03T10:56:17","date_gmt":"2020-11-03T09:56:17","guid":{"rendered":"https:\/\/ent2d.ac-bordeaux.fr\/disciplines\/vie-scolaire\/?page_id=700"},"modified":"2020-11-03T11:01:03","modified_gmt":"2020-11-03T10:01:03","slug":"faire-vivre-la-laicite","status":"publish","type":"page","link":"https:\/\/ent2d.ac-bordeaux.fr\/disciplines\/vie-scolaire\/faire-vivre-la-laicite\/","title":{"rendered":"Faire vivre la la\u00efcit\u00e9"},"content":{"rendered":"\n<figure class=\"wp-block-image size-large\"><img loading=\"lazy\" decoding=\"async\" width=\"682\" height=\"1024\" src=\"https:\/\/ent2d.ac-bordeaux.fr\/disciplines\/vie-scolaire\/wp-content\/uploads\/sites\/28\/2020\/11\/charte-de-la-laicit\u00e9-scaled.jpg\" alt=\"\" class=\"wp-image-701\" srcset=\"https:\/\/ent2d.ac-bordeaux.fr\/disciplines\/vie-scolaire\/wp-content\/uploads\/sites\/28\/2020\/11\/charte-de-la-laicit\u00e9-scaled.jpg 682w, https:\/\/ent2d.ac-bordeaux.fr\/disciplines\/vie-scolaire\/wp-content\/uploads\/sites\/28\/2020\/11\/charte-de-la-laicit\u00e9-200x300.jpg 200w, https:\/\/ent2d.ac-bordeaux.fr\/disciplines\/vie-scolaire\/wp-content\/uploads\/sites\/28\/2020\/11\/charte-de-la-laicit\u00e9-768x1153.jpg 768w, https:\/\/ent2d.ac-bordeaux.fr\/disciplines\/vie-scolaire\/wp-content\/uploads\/sites\/28\/2020\/11\/charte-de-la-laicit\u00e9-1023x1536.jpg 1023w, https:\/\/ent2d.ac-bordeaux.fr\/disciplines\/vie-scolaire\/wp-content\/uploads\/sites\/28\/2020\/11\/charte-de-la-laicit\u00e9-1364x2048.jpg 1364w\" sizes=\"auto, (max-width: 682px) 100vw, 682px\" \/><\/figure>\n\n\n\n<div class=\"wp-block-media-text alignwide is-stacked-on-mobile\"><figure class=\"wp-block-media-text__media\"><img loading=\"lazy\" decoding=\"async\" width=\"672\" height=\"950\" src=\"https:\/\/ent2d.ac-bordeaux.fr\/disciplines\/vie-scolaire\/wp-content\/uploads\/sites\/28\/2020\/11\/2018_infographie_laicite_956131.189-39753.jpg\" alt=\"\" class=\"wp-image-702\" srcset=\"https:\/\/ent2d.ac-bordeaux.fr\/disciplines\/vie-scolaire\/wp-content\/uploads\/sites\/28\/2020\/11\/2018_infographie_laicite_956131.189-39753.jpg 672w, https:\/\/ent2d.ac-bordeaux.fr\/disciplines\/vie-scolaire\/wp-content\/uploads\/sites\/28\/2020\/11\/2018_infographie_laicite_956131.189-39753-212x300.jpg 212w\" sizes=\"auto, (max-width: 672px) 100vw, 672px\" \/><\/figure><div class=\"wp-block-media-text__content\">\n<p>Faire respecter le principe de la\u00efcit\u00e9 \u00e0 l\u2019\u00e9cole<br>La la\u00efcit\u00e9 est un principe de libert\u00e9, libert\u00e9 de croire ou de ne pas croire. Elle est au fondement de notre soci\u00e9t\u00e9 et de notre \u00e9cole qui doit pr\u00e9server les \u00e9l\u00e8ves de tout pros\u00e9lytisme id\u00e9ologique, \u00e9conomique et religieux. <a href=\"https:\/\/www.education.gouv.fr\/la-laicite-l-ecole-12482\">https:\/\/www.education.gouv.fr\/la-laicite-l-ecole-12482<\/a><\/p>\n<\/div><\/div>\n","protected":false},"excerpt":{"rendered":"<p>Faire respecter le principe de la\u00efcit\u00e9 \u00e0 l\u2019\u00e9coleLa la\u00efcit\u00e9 est un principe de libert\u00e9, libert\u00e9 de croire ou de ne pas croire. Elle est au fondement de notre soci\u00e9t\u00e9 et de notre \u00e9cole qui doit pr\u00e9server les \u00e9l\u00e8ves de tout pros\u00e9lytisme id\u00e9ologique, \u00e9conomique et religieux. https:\/\/www.education.gouv.fr\/la-laicite-l-ecole-12482<\/p>\n","protected":false},"author":583,"featured_media":0,"parent":0,"menu_order":0,"comment_status":"closed","ping_status":"closed","template":"","meta":{"footnotes":""},"class_list":["post-700","page","type-page","status-publish","hentry","nodate","item-wrap"],"_links":{"self":[{"href":"https:\/\/ent2d.ac-bordeaux.fr\/disciplines\/vie-scolaire\/wp-json\/wp\/v2\/pages\/700","targetHints":{"allow":["GET"]}}],"collection":[{"href":"https:\/\/ent2d.ac-bordeaux.fr\/disciplines\/vie-scolaire\/wp-json\/wp\/v2\/pages"}],"about":[{"href":"https:\/\/ent2d.ac-bordeaux.fr\/disciplines\/vie-scolaire\/wp-json\/wp\/v2\/types\/page"}],"author":[{"embeddable":true,"href":"https:\/\/ent2d.ac-bordeaux.fr\/disciplines\/vie-scolaire\/wp-json\/wp\/v2\/users\/583"}],"replies":[{"embeddable":true,"href":"https:\/\/ent2d.ac-bordeaux.fr\/disciplines\/vie-scolaire\/wp-json\/wp\/v2\/comments?post=700"}],"version-history":[{"count":2,"href":"https:\/\/ent2d.ac-bordeaux.fr\/disciplines\/vie-scolaire\/wp-json\/wp\/v2\/pages\/700\/revisions"}],"predecessor-version":[{"id":705,"href":"https:\/\/ent2d.ac-bordeaux.fr\/disciplines\/vie-scolaire\/wp-json\/wp\/v2\/pages\/700\/revisions\/705"}],"wp:attachment":[{"href":"https:\/\/ent2d.ac-bordeaux.fr\/disciplines\/vie-scolaire\/wp-json\/wp\/v2\/media?parent=700"}],"curies":[{"name":"wp","href":"https:\/\/api.w.org\/{rel}","templated":true}]}}