{"id":571,"date":"2020-04-17T17:33:14","date_gmt":"2020-04-17T15:33:14","guid":{"rendered":"https:\/\/ent2d.ac-bordeaux.fr\/disciplines\/vie-scolaire\/?page_id=571"},"modified":"2020-04-17T17:33:15","modified_gmt":"2020-04-17T15:33:15","slug":"espace-vie-lyceenne-et-collegienne","status":"publish","type":"page","link":"https:\/\/ent2d.ac-bordeaux.fr\/disciplines\/vie-scolaire\/espace-vie-lyceenne-et-collegienne\/","title":{"rendered":"Espace Vie Lyc\u00e9enne et Coll\u00e8gienne"},"content":{"rendered":"\n<figure class=\"wp-block-image\"><img loading=\"lazy\" decoding=\"async\" width=\"960\" height=\"720\" src=\"https:\/\/ent2d.ac-bordeaux.fr\/disciplines\/vie-scolaire\/wp-content\/uploads\/sites\/28\/2020\/04\/Elus-2018-2020.jpg\" alt=\"\" class=\"wp-image-568\" srcset=\"https:\/\/ent2d.ac-bordeaux.fr\/disciplines\/vie-scolaire\/wp-content\/uploads\/sites\/28\/2020\/04\/Elus-2018-2020.jpg 960w, https:\/\/ent2d.ac-bordeaux.fr\/disciplines\/vie-scolaire\/wp-content\/uploads\/sites\/28\/2020\/04\/Elus-2018-2020-300x225.jpg 300w, https:\/\/ent2d.ac-bordeaux.fr\/disciplines\/vie-scolaire\/wp-content\/uploads\/sites\/28\/2020\/04\/Elus-2018-2020-768x576.jpg 768w\" sizes=\"auto, (max-width: 960px) 100vw, 960px\" \/><figcaption>Les \u00e9lus acad\u00e9miques 2018-2020<\/figcaption><\/figure>\n\n\n\n<p class=\"has-background has-medium-font-size has-luminous-vivid-amber-background-color\">Pour accompagner les \u00e9lus acad\u00e9miques, dans chaque lyc\u00e9e, <strong>un r\u00e9f\u00e9rent vie lyc\u00e9enne est missionn\u00e9 pour faire vivre l&rsquo;espace d\u00e9mocratique lyc\u00e9en au sein de l&rsquo;\u00e9tablissement<\/strong><\/p>\n\n\n\n<h2 class=\"wp-block-heading\">Leurs missions : <\/h2>\n\n\n\n<ul class=\"wp-block-list\"><li> Piloter la pr\u00e9paration et l\u2019organisation des Semaines de l\u2019engagement lyc\u00e9en, de la semaine d\u2019\u00e9ducation \u00e0 la lutte contre le racisme, l\u2019antis\u00e9mitisme et autres discriminations en relation avec les ressources acad\u00e9miques et une \u00e9quipe pluri-cat\u00e9gorielle.<\/li><li>Organiser la sensibilisation, l\u2019information sur le fonctionnement des instances lyc\u00e9ennes de l\u2019ensemble des \u00e9l\u00e8ves de l\u2019\u00e9tablissement Organiser les \u00e9lections, puis l\u2019installation, le suivi et l\u2019accompagnement du Conseil de Vie Lyc\u00e9enne <\/li><li>Assurer le conseil, le suivi et la communication autour des projets port\u00e9s par le CVL et la MDL, si possible en lien avec la politique acad\u00e9mique ;Contribuer \u00e0 l\u2019\u00e9laboration des bilans moral et budg\u00e9taire de la MDL <\/li><li>Piloter une \u00e9quipe inter-cat\u00e9gorielle, au sein de l\u2019\u00e9tablissement, qui aura la charge d\u2019organiser la formation des \u00e9lu(e)s lyc\u00e9ens et accompagnement des \u00e9lus lyc\u00e9ens dans leurs divers mandats en relation avec le CVL <\/li><li>Contribuer \u00e0 l\u2019\u00e9laboration d\u2019un dispositif de lutte contre le harc\u00e8lement <\/li><li>Proposer des initiatives qui contribuent \u00e0 la reconnaissance et \u00e0 la valorisation de l\u2019engagement des \u00e9l\u00e8ves au sein de l\u2019\u00e9tablissement.<\/li><li>\u00c9tablir un bilan des activit\u00e9s de l&rsquo;ann\u00e9e scolaire <\/li><\/ul>\n\n\n\n<h2 class=\"wp-block-heading\" style=\"text-align:center\"> Les actions concr\u00e8tes de l&rsquo;\u00e9quipe des \u00e9lus acad\u00e9miques <\/h2>\n\n\n\n<figure class=\"wp-block-image\"><img loading=\"lazy\" decoding=\"async\" width=\"754\" height=\"425\" src=\"https:\/\/ent2d.ac-bordeaux.fr\/disciplines\/vie-scolaire\/wp-content\/uploads\/sites\/28\/2020\/04\/CVL-parlons-en.png\" alt=\"\" class=\"wp-image-575\" srcset=\"https:\/\/ent2d.ac-bordeaux.fr\/disciplines\/vie-scolaire\/wp-content\/uploads\/sites\/28\/2020\/04\/CVL-parlons-en.png 754w, https:\/\/ent2d.ac-bordeaux.fr\/disciplines\/vie-scolaire\/wp-content\/uploads\/sites\/28\/2020\/04\/CVL-parlons-en-300x169.png 300w\" sizes=\"auto, (max-width: 754px) 100vw, 754px\" \/><\/figure>\n\n\n\n<h2 class=\"wp-block-heading\" style=\"text-align:center\">Actualit\u00e9s <\/h2>\n\n\n\n<p>Actuellement, les \u00e9lus sont tr\u00e8s sollicit\u00e9s par Me la Rectrice et M. le Ministre pour participer aux r\u00e9flexions collectives autour de la continuit\u00e9 p\u00e9dagogique ainsi que la pr\u00e9paration du retour en \u00e9tablissement.<\/p>\n\n\n\n<p><a href=\"https:\/\/documentcloud.adobe.com\/link\/track?uri=urn%3Aaaid%3Ascds%3AUS%3Aae5427d1-ba5a-40c8-b841-3c8f7ba04fe5\">Ci-joint le compte rendu du 31 mars<br><\/a><\/p>\n","protected":false},"excerpt":{"rendered":"<p>Pour accompagner les \u00e9lus acad\u00e9miques, dans chaque lyc\u00e9e, un r\u00e9f\u00e9rent vie lyc\u00e9enne est missionn\u00e9 pour faire vivre l&rsquo;espace d\u00e9mocratique lyc\u00e9en au sein de l&rsquo;\u00e9tablissement Leurs missions : Piloter la pr\u00e9paration et l\u2019organisation des Semaines de l\u2019engagement lyc\u00e9en, de la semaine d\u2019\u00e9ducation \u00e0 la lutte contre le racisme, l\u2019antis\u00e9mitisme et autres discriminations en relation avec les &hellip; <\/p>\n<p><a class=\"more-link btn\" href=\"https:\/\/ent2d.ac-bordeaux.fr\/disciplines\/vie-scolaire\/espace-vie-lyceenne-et-collegienne\/\">Lire la suite<\/a><\/p>\n","protected":false},"author":583,"featured_media":0,"parent":0,"menu_order":0,"comment_status":"closed","ping_status":"closed","template":"","meta":{"footnotes":""},"class_list":["post-571","page","type-page","status-publish","hentry","nodate","item-wrap"],"_links":{"self":[{"href":"https:\/\/ent2d.ac-bordeaux.fr\/disciplines\/vie-scolaire\/wp-json\/wp\/v2\/pages\/571","targetHints":{"allow":["GET"]}}],"collection":[{"href":"https:\/\/ent2d.ac-bordeaux.fr\/disciplines\/vie-scolaire\/wp-json\/wp\/v2\/pages"}],"about":[{"href":"https:\/\/ent2d.ac-bordeaux.fr\/disciplines\/vie-scolaire\/wp-json\/wp\/v2\/types\/page"}],"author":[{"embeddable":true,"href":"https:\/\/ent2d.ac-bordeaux.fr\/disciplines\/vie-scolaire\/wp-json\/wp\/v2\/users\/583"}],"replies":[{"embeddable":true,"href":"https:\/\/ent2d.ac-bordeaux.fr\/disciplines\/vie-scolaire\/wp-json\/wp\/v2\/comments?post=571"}],"version-history":[{"count":6,"href":"https:\/\/ent2d.ac-bordeaux.fr\/disciplines\/vie-scolaire\/wp-json\/wp\/v2\/pages\/571\/revisions"}],"predecessor-version":[{"id":580,"href":"https:\/\/ent2d.ac-bordeaux.fr\/disciplines\/vie-scolaire\/wp-json\/wp\/v2\/pages\/571\/revisions\/580"}],"wp:attachment":[{"href":"https:\/\/ent2d.ac-bordeaux.fr\/disciplines\/vie-scolaire\/wp-json\/wp\/v2\/media?parent=571"}],"curies":[{"name":"wp","href":"https:\/\/api.w.org\/{rel}","templated":true}]}}