{"id":424,"date":"2020-03-30T13:47:42","date_gmt":"2020-03-30T11:47:42","guid":{"rendered":"https:\/\/ent2d.ac-bordeaux.fr\/disciplines\/vie-scolaire\/?page_id=424"},"modified":"2020-04-02T14:47:42","modified_gmt":"2020-04-02T12:47:42","slug":"cesc","status":"publish","type":"page","link":"https:\/\/ent2d.ac-bordeaux.fr\/disciplines\/vie-scolaire\/le-metier-de-cpe\/les-partenaires-de-la-communaute-educative\/cesc\/","title":{"rendered":"CESC"},"content":{"rendered":"\n<blockquote class=\"wp-block-quote is-layout-flow wp-block-quote-is-layout-flow\"><p> Le comit\u00e9 d&rsquo;\u00e9ducation \u00e0 la sant\u00e9 et \u00e0 la citoyennet\u00e9 (<abbr title=\"Comit\u00e9 d'\u00e9ducation \u00e0 la sant\u00e9 et \u00e0 la citoyennet\u00e9\">CESC<\/abbr>)  s&rsquo;inscrit dans le pilotage de chaque \u00e9tablissement scolaire du second  degr\u00e9. C&rsquo;est une instance de r\u00e9flexion, d&rsquo;observation et de proposition  qui con\u00e7oit, met en \u0153uvre et \u00e9value un projet \u00e9ducatif en mati\u00e8re  d&rsquo;\u00e9ducation \u00e0 la citoyennet\u00e9 et \u00e0 la sant\u00e9 et de pr\u00e9vention de la  violence, int\u00e9gr\u00e9 au projet d&rsquo;\u00e9tablissement. Le CESC organise \u00e9galement  le partenariat en fonction des probl\u00e9matiques \u00e9ducatives \u00e0 traiter. <\/p><cite>eduscol<\/cite><\/blockquote>\n\n\n\n<p><a href=\"https:\/\/eduscol.education.fr\/cid46871\/le-cesc-sa-composition-ses-missions.html\">https:\/\/eduscol.education.fr\/cid46871\/le-cesc-sa-composition-ses-missions.html<\/a><\/p>\n\n\n\n<p> <br><a href=\"http:\/\/www.education.gouv.fr\/pid285\/bulletin_officiel.html?cid_bo=105518\">Circulaire n\u00b02016-114 du 10 ao\u00fbt 2016<\/a> relative aux orientations g\u00e9n\u00e9rales pour les comit\u00e9s d&rsquo;\u00e9ducation \u00e0 la sant\u00e9 et \u00e0 la citoyennet\u00e9 <br>Voir aussi :  <br><a href=\"http:\/\/www.education.gouv.fr\/pid285\/bulletin_officiel.html?cid_bo=97990\">Circulaire n\u00b02016-008 du 28 janvier 2016<\/a> relative \u00e0 la mise en place du parcours \u00e9ducatif de sant\u00e9 pour tous les \u00e9l\u00e8ves <\/p>\n\n\n\n<p><a href=\"https:\/\/www.ih2ef.education.fr\/fr\/ressources-par-type\/outils-pour-agir\/le-film-annuel-des-personnels-de-direction\/detail-d-une-fiche\/?a=55&amp;cHash=e182abf4a3\">Une ressource de l&rsquo;IH2EF <\/a><\/p>\n\n\n\n<p><a href=\"https:\/\/documentcloud.adobe.com\/link\/track?uri=urn%3Aaaid%3Ascds%3AUS%3Abfa4343b-d2fb-44f0-8ad9-a998b8d7b85d\">Exemple de planning d&rsquo;un CESC <\/a><\/p>\n","protected":false},"excerpt":{"rendered":"<p>Le comit\u00e9 d&rsquo;\u00e9ducation \u00e0 la sant\u00e9 et \u00e0 la citoyennet\u00e9 (CESC) s&rsquo;inscrit dans le pilotage de chaque \u00e9tablissement scolaire du second degr\u00e9. C&rsquo;est une instance de r\u00e9flexion, d&rsquo;observation et de proposition qui con\u00e7oit, met en \u0153uvre et \u00e9value un projet \u00e9ducatif en mati\u00e8re d&rsquo;\u00e9ducation \u00e0 la citoyennet\u00e9 et \u00e0 la sant\u00e9 et de pr\u00e9vention de &hellip; <\/p>\n<p><a class=\"more-link btn\" href=\"https:\/\/ent2d.ac-bordeaux.fr\/disciplines\/vie-scolaire\/le-metier-de-cpe\/les-partenaires-de-la-communaute-educative\/cesc\/\">Lire la suite<\/a><\/p>\n","protected":false},"author":583,"featured_media":0,"parent":60,"menu_order":0,"comment_status":"closed","ping_status":"closed","template":"","meta":{"footnotes":""},"class_list":["post-424","page","type-page","status-publish","hentry","nodate","item-wrap"],"_links":{"self":[{"href":"https:\/\/ent2d.ac-bordeaux.fr\/disciplines\/vie-scolaire\/wp-json\/wp\/v2\/pages\/424","targetHints":{"allow":["GET"]}}],"collection":[{"href":"https:\/\/ent2d.ac-bordeaux.fr\/disciplines\/vie-scolaire\/wp-json\/wp\/v2\/pages"}],"about":[{"href":"https:\/\/ent2d.ac-bordeaux.fr\/disciplines\/vie-scolaire\/wp-json\/wp\/v2\/types\/page"}],"author":[{"embeddable":true,"href":"https:\/\/ent2d.ac-bordeaux.fr\/disciplines\/vie-scolaire\/wp-json\/wp\/v2\/users\/583"}],"replies":[{"embeddable":true,"href":"https:\/\/ent2d.ac-bordeaux.fr\/disciplines\/vie-scolaire\/wp-json\/wp\/v2\/comments?post=424"}],"version-history":[{"count":2,"href":"https:\/\/ent2d.ac-bordeaux.fr\/disciplines\/vie-scolaire\/wp-json\/wp\/v2\/pages\/424\/revisions"}],"predecessor-version":[{"id":426,"href":"https:\/\/ent2d.ac-bordeaux.fr\/disciplines\/vie-scolaire\/wp-json\/wp\/v2\/pages\/424\/revisions\/426"}],"up":[{"embeddable":true,"href":"https:\/\/ent2d.ac-bordeaux.fr\/disciplines\/vie-scolaire\/wp-json\/wp\/v2\/pages\/60"}],"wp:attachment":[{"href":"https:\/\/ent2d.ac-bordeaux.fr\/disciplines\/vie-scolaire\/wp-json\/wp\/v2\/media?parent=424"}],"curies":[{"name":"wp","href":"https:\/\/api.w.org\/{rel}","templated":true}]}}