{"id":361,"date":"2020-03-27T17:01:10","date_gmt":"2020-03-27T16:01:10","guid":{"rendered":"https:\/\/ent2d.ac-bordeaux.fr\/disciplines\/vie-scolaire\/?page_id=361"},"modified":"2020-03-27T17:13:11","modified_gmt":"2020-03-27T16:13:11","slug":"la-mediation-par-les-pairs","status":"publish","type":"page","link":"https:\/\/ent2d.ac-bordeaux.fr\/disciplines\/vie-scolaire\/la-gestion-de-conflit\/la-mediation-par-les-pairs\/","title":{"rendered":"La m\u00e9diation par les pairs"},"content":{"rendered":"\n<div class=\"wp-block-image\"><figure class=\"aligncenter is-resized\"><img loading=\"lazy\" decoding=\"async\" src=\"https:\/\/ent2d.ac-bordeaux.fr\/disciplines\/vie-scolaire\/wp-content\/uploads\/sites\/28\/2020\/03\/IMG_20190201_104939.jpg\" alt=\"\" class=\"wp-image-363\" width=\"417\" height=\"313\" srcset=\"https:\/\/ent2d.ac-bordeaux.fr\/disciplines\/vie-scolaire\/wp-content\/uploads\/sites\/28\/2020\/03\/IMG_20190201_104939.jpg 1024w, https:\/\/ent2d.ac-bordeaux.fr\/disciplines\/vie-scolaire\/wp-content\/uploads\/sites\/28\/2020\/03\/IMG_20190201_104939-300x225.jpg 300w, https:\/\/ent2d.ac-bordeaux.fr\/disciplines\/vie-scolaire\/wp-content\/uploads\/sites\/28\/2020\/03\/IMG_20190201_104939-768x576.jpg 768w\" sizes=\"auto, (max-width: 417px) 100vw, 417px\" \/><figcaption>Exemple de travaux de m\u00e9diateurs en formation<\/figcaption><\/figure><\/div>\n\n\n\n<blockquote class=\"wp-block-quote is-layout-flow wp-block-quote-is-layout-flow\"><p> La m\u00e9diation est un processus coop\u00e9ratif qui facilite la  r\u00e9solution non violente d\u2019un conflit ou le pr\u00e9vient par l\u2019interm\u00e9diaire  d\u2019un tiers appel\u00e9 m\u00e9diateur. Les m\u00e9diateurs aident les m\u00e9di\u00e9s \u00e0 communiquer et \u00e0 rechercher une issue constructive au d\u00e9saccord. <br> En surmontant ses d\u00e9saccords, on s\u2019efforce de construire de nouvelles  relations, de nouvelles solidarit\u00e9s, en un mot de \u00ab reconstruire le  lien social \u00bb. <\/p><cite>D\u00e9finition  Bonaf\u00e9-Schmitt.  <\/cite><\/blockquote>\n\n\n\n<ul class=\"wp-block-list\"><li><a href=\"https:\/\/documentcloud.adobe.com\/link\/track?uri=urn%3Aaaid%3Ascds%3AUS%3Af562146a-8c7b-48a1-84bc-68a3f364bd01\">Pr\u00e9sentation de la m\u00e9diation par les pairs (formation propos\u00e9e dans le PAF 2019-2020)<\/a><\/li><li><a href=\"https:\/\/view.genial.ly\/5d9b49c750b5040f6ee32ccb\/presentation-mediation-par-les-pairs\">Pr\u00e9sentation G\u00e9nialy<\/a><\/li><li><a href=\"http:\/\/www.cartablecps.org\/page-0-0-0.html\">Ressources \u00ab\u00a0comp\u00e9tences psychosociales\u00a0\u00bb <\/a><\/li><li><a href=\"https:\/\/documentcloud.adobe.com\/link\/track?uri=urn%3Aaaid%3Ascds%3AUS%3Aac02ae00-85d5-4e10-a27c-4c6bac7b710f\">Mise en place du dispositif dans un \u00e9tablissement<\/a><\/li><\/ul>\n\n\n\n<p>Pour de plus amples renseignements : <a href=\"climsco@ac-bordeaux.fr\">Charg\u00e9e de mission climat scolaire <\/a> <\/p>\n","protected":false},"excerpt":{"rendered":"<p>La m\u00e9diation est un processus coop\u00e9ratif qui facilite la r\u00e9solution non violente d\u2019un conflit ou le pr\u00e9vient par l\u2019interm\u00e9diaire d\u2019un tiers appel\u00e9 m\u00e9diateur. Les m\u00e9diateurs aident les m\u00e9di\u00e9s \u00e0 communiquer et \u00e0 rechercher une issue constructive au d\u00e9saccord. En surmontant ses d\u00e9saccords, on s\u2019efforce de construire de nouvelles relations, de nouvelles solidarit\u00e9s, en un mot &hellip; <\/p>\n<p><a class=\"more-link btn\" href=\"https:\/\/ent2d.ac-bordeaux.fr\/disciplines\/vie-scolaire\/la-gestion-de-conflit\/la-mediation-par-les-pairs\/\">Lire la suite<\/a><\/p>\n","protected":false},"author":583,"featured_media":0,"parent":345,"menu_order":0,"comment_status":"closed","ping_status":"closed","template":"","meta":{"footnotes":""},"class_list":["post-361","page","type-page","status-publish","hentry","nodate","item-wrap"],"_links":{"self":[{"href":"https:\/\/ent2d.ac-bordeaux.fr\/disciplines\/vie-scolaire\/wp-json\/wp\/v2\/pages\/361","targetHints":{"allow":["GET"]}}],"collection":[{"href":"https:\/\/ent2d.ac-bordeaux.fr\/disciplines\/vie-scolaire\/wp-json\/wp\/v2\/pages"}],"about":[{"href":"https:\/\/ent2d.ac-bordeaux.fr\/disciplines\/vie-scolaire\/wp-json\/wp\/v2\/types\/page"}],"author":[{"embeddable":true,"href":"https:\/\/ent2d.ac-bordeaux.fr\/disciplines\/vie-scolaire\/wp-json\/wp\/v2\/users\/583"}],"replies":[{"embeddable":true,"href":"https:\/\/ent2d.ac-bordeaux.fr\/disciplines\/vie-scolaire\/wp-json\/wp\/v2\/comments?post=361"}],"version-history":[{"count":3,"href":"https:\/\/ent2d.ac-bordeaux.fr\/disciplines\/vie-scolaire\/wp-json\/wp\/v2\/pages\/361\/revisions"}],"predecessor-version":[{"id":367,"href":"https:\/\/ent2d.ac-bordeaux.fr\/disciplines\/vie-scolaire\/wp-json\/wp\/v2\/pages\/361\/revisions\/367"}],"up":[{"embeddable":true,"href":"https:\/\/ent2d.ac-bordeaux.fr\/disciplines\/vie-scolaire\/wp-json\/wp\/v2\/pages\/345"}],"wp:attachment":[{"href":"https:\/\/ent2d.ac-bordeaux.fr\/disciplines\/vie-scolaire\/wp-json\/wp\/v2\/media?parent=361"}],"curies":[{"name":"wp","href":"https:\/\/api.w.org\/{rel}","templated":true}]}}