{"id":345,"date":"2020-03-27T16:09:20","date_gmt":"2020-03-27T15:09:20","guid":{"rendered":"https:\/\/ent2d.ac-bordeaux.fr\/disciplines\/vie-scolaire\/?page_id=345"},"modified":"2020-03-27T16:10:13","modified_gmt":"2020-03-27T15:10:13","slug":"la-gestion-de-conflit","status":"publish","type":"page","link":"https:\/\/ent2d.ac-bordeaux.fr\/disciplines\/vie-scolaire\/la-gestion-de-conflit\/","title":{"rendered":"La gestion de conflit"},"content":{"rendered":"\n<figure class=\"wp-block-image is-resized\"><img loading=\"lazy\" decoding=\"async\" src=\"https:\/\/ent2d.ac-bordeaux.fr\/disciplines\/vie-scolaire\/wp-content\/uploads\/sites\/28\/2020\/03\/Pk9AluoYkroypH7wXmzztXjPrTs.png\" alt=\"\" class=\"wp-image-346\" width=\"240\" height=\"225\" srcset=\"https:\/\/ent2d.ac-bordeaux.fr\/disciplines\/vie-scolaire\/wp-content\/uploads\/sites\/28\/2020\/03\/Pk9AluoYkroypH7wXmzztXjPrTs.png 320w, https:\/\/ent2d.ac-bordeaux.fr\/disciplines\/vie-scolaire\/wp-content\/uploads\/sites\/28\/2020\/03\/Pk9AluoYkroypH7wXmzztXjPrTs-300x281.png 300w\" sizes=\"auto, (max-width: 240px) 100vw, 240px\" \/><\/figure>\n\n\n\n<p>Une th\u00e9matique tr\u00e8s large qui est attenante \u00e0 nos m\u00e9tiers. Nous apprenons, au fur et \u00e0 mesure, de nos carri\u00e8res \u00e0 mieux g\u00e9rer les conflits des adolescents. Dans cette page, nous pr\u00e9senterons plusieurs ressources possibles pour se former autour de ce sujet.<\/p>\n\n\n\n<ul class=\"wp-block-list\"><li>un parcours magist\u00e8re de 3 heures initi\u00e9 par Canop\u00e9<\/li><\/ul>\n\n\n\n<figure class=\"wp-block-image\"><img loading=\"lazy\" decoding=\"async\" width=\"1024\" height=\"541\" src=\"https:\/\/ent2d.ac-bordeaux.fr\/disciplines\/vie-scolaire\/wp-content\/uploads\/sites\/28\/2020\/03\/image.png\" alt=\"\" class=\"wp-image-347\" srcset=\"https:\/\/ent2d.ac-bordeaux.fr\/disciplines\/vie-scolaire\/wp-content\/uploads\/sites\/28\/2020\/03\/image.png 1024w, https:\/\/ent2d.ac-bordeaux.fr\/disciplines\/vie-scolaire\/wp-content\/uploads\/sites\/28\/2020\/03\/image-300x158.png 300w, https:\/\/ent2d.ac-bordeaux.fr\/disciplines\/vie-scolaire\/wp-content\/uploads\/sites\/28\/2020\/03\/image-768x406.png 768w\" sizes=\"auto, (max-width: 1024px) 100vw, 1024px\" \/><\/figure>\n\n\n\n<ul class=\"wp-block-list\"><li>R\u00e9seau canop\u00e9 : <a href=\"https:\/\/www.reseau-canope.fr\/conflits-ecole\/#Accueil\">Conflit \u00e0 l&rsquo;\u00e9cole<\/a><\/li><\/ul>\n\n\n\n<ul class=\"wp-block-list\"><li>Document ressources OCCE : <a href=\"https:\/\/documentcloud.adobe.com\/link\/track?uri=urn%3Aaaid%3Ascds%3AUS%3A921dc8af-c9dd-4db1-b7e8-ba837ed068bd\">La gestion du conflit<\/a> <\/li><\/ul>\n","protected":false},"excerpt":{"rendered":"<p>Une th\u00e9matique tr\u00e8s large qui est attenante \u00e0 nos m\u00e9tiers. Nous apprenons, au fur et \u00e0 mesure, de nos carri\u00e8res \u00e0 mieux g\u00e9rer les conflits des adolescents. Dans cette page, nous pr\u00e9senterons plusieurs ressources possibles pour se former autour de ce sujet. un parcours magist\u00e8re de 3 heures initi\u00e9 par Canop\u00e9 R\u00e9seau canop\u00e9 : Conflit &hellip; <\/p>\n<p><a class=\"more-link btn\" href=\"https:\/\/ent2d.ac-bordeaux.fr\/disciplines\/vie-scolaire\/la-gestion-de-conflit\/\">Lire la suite<\/a><\/p>\n","protected":false},"author":583,"featured_media":0,"parent":0,"menu_order":0,"comment_status":"closed","ping_status":"closed","template":"","meta":{"footnotes":""},"class_list":["post-345","page","type-page","status-publish","hentry","nodate","item-wrap"],"_links":{"self":[{"href":"https:\/\/ent2d.ac-bordeaux.fr\/disciplines\/vie-scolaire\/wp-json\/wp\/v2\/pages\/345","targetHints":{"allow":["GET"]}}],"collection":[{"href":"https:\/\/ent2d.ac-bordeaux.fr\/disciplines\/vie-scolaire\/wp-json\/wp\/v2\/pages"}],"about":[{"href":"https:\/\/ent2d.ac-bordeaux.fr\/disciplines\/vie-scolaire\/wp-json\/wp\/v2\/types\/page"}],"author":[{"embeddable":true,"href":"https:\/\/ent2d.ac-bordeaux.fr\/disciplines\/vie-scolaire\/wp-json\/wp\/v2\/users\/583"}],"replies":[{"embeddable":true,"href":"https:\/\/ent2d.ac-bordeaux.fr\/disciplines\/vie-scolaire\/wp-json\/wp\/v2\/comments?post=345"}],"version-history":[{"count":2,"href":"https:\/\/ent2d.ac-bordeaux.fr\/disciplines\/vie-scolaire\/wp-json\/wp\/v2\/pages\/345\/revisions"}],"predecessor-version":[{"id":349,"href":"https:\/\/ent2d.ac-bordeaux.fr\/disciplines\/vie-scolaire\/wp-json\/wp\/v2\/pages\/345\/revisions\/349"}],"wp:attachment":[{"href":"https:\/\/ent2d.ac-bordeaux.fr\/disciplines\/vie-scolaire\/wp-json\/wp\/v2\/media?parent=345"}],"curies":[{"name":"wp","href":"https:\/\/api.w.org\/{rel}","templated":true}]}}