{"id":313,"date":"2020-03-27T11:14:48","date_gmt":"2020-03-27T10:14:48","guid":{"rendered":"https:\/\/ent2d.ac-bordeaux.fr\/disciplines\/vie-scolaire\/?page_id=313"},"modified":"2020-03-27T11:37:20","modified_gmt":"2020-03-27T10:37:20","slug":"le-vivre-ensemble","status":"publish","type":"page","link":"https:\/\/ent2d.ac-bordeaux.fr\/disciplines\/vie-scolaire\/le-vivre-ensemble\/","title":{"rendered":"Le vivre ensemble"},"content":{"rendered":"\n<div class=\"wp-block-image\"><figure class=\"aligncenter is-resized\"><img loading=\"lazy\" decoding=\"async\" src=\"https:\/\/ent2d.ac-bordeaux.fr\/disciplines\/vie-scolaire\/wp-content\/uploads\/sites\/28\/2020\/03\/vivre-ensemble.jpg\" alt=\"\" class=\"wp-image-314\" width=\"504\" height=\"283\" srcset=\"https:\/\/ent2d.ac-bordeaux.fr\/disciplines\/vie-scolaire\/wp-content\/uploads\/sites\/28\/2020\/03\/vivre-ensemble.jpg 1024w, https:\/\/ent2d.ac-bordeaux.fr\/disciplines\/vie-scolaire\/wp-content\/uploads\/sites\/28\/2020\/03\/vivre-ensemble-300x169.jpg 300w, https:\/\/ent2d.ac-bordeaux.fr\/disciplines\/vie-scolaire\/wp-content\/uploads\/sites\/28\/2020\/03\/vivre-ensemble-768x432.jpg 768w\" sizes=\"auto, (max-width: 504px) 100vw, 504px\" \/><figcaption><a href=\"https:\/\/eduscol.education.fr\/cid47749\/apprendre-vivre-ensemble.html\">https:\/\/eduscol.education.fr\/cid47749\/apprendre-vivre-ensemble.html<\/a><\/figcaption><\/figure><\/div>\n\n\n\n<blockquote class=\"wp-block-quote is-layout-flow wp-block-quote-is-layout-flow\"><p> L&rsquo;\u00c9cole est le lieu o\u00f9 les \u00e9l\u00e8ves acqui\u00e8rent les comp\u00e9tences qui leur  seront indispensables tout au long de la vie, au del\u00e0 de leur scolarit\u00e9,  pour poursuivre leur formation, construire leur avenir personnel et  professionnel, r\u00e9ussir leur vie en soci\u00e9t\u00e9 et exercer librement leur  citoyennet\u00e9 : autonomie, responsabilit\u00e9, ouverture aux autres, respect  de soi et d&rsquo;autrui, exercice de l&rsquo;esprit critique. Ils y apprennent \u00e0  vivre ensemble dans une soci\u00e9t\u00e9 d\u00e9mocratique et r\u00e9publicaine. <\/p><cite>Eduscol<br><\/cite><\/blockquote>\n\n\n\n<h2 class=\"wp-block-heading\">Le vivre ensemble au coll\u00e8ge :<\/h2>\n\n\n\n<p>un webdocumentaire de Canop\u00e9 : <a href=\"https:\/\/www.reseau-canope.fr\/notice\/dialoguer-pour-mieux-vivre-ensemble.html#Prehome\">https:\/\/www.reseau-canope.fr\/notice\/dialoguer-pour-mieux-vivre-ensemble.html#Prehome<\/a><\/p>\n\n\n\n<p><a href=\"https:\/\/documentcloud.adobe.com\/link\/track?uri=urn%3Aaaid%3Ascds%3AUS%3A8728bcf7-05e5-4c0b-b4c0-12a1999165a3\">Une exp\u00e9rimentation du vivre ensemble de la 6\u00e8me \u00e0 la 3\u00e8me<\/a> <\/p>\n\n\n\n<h2 class=\"wp-block-heading\">Le vivre ensemble au Lyc\u00e9e<\/h2>\n\n\n\n<p><a href=\"https:\/\/blogpeda.ac-bordeaux.fr\/vivrensemble\/\">un blog sur le vivre ensemble <\/a><\/p>\n\n\n\n<p><a href=\"https:\/\/www.reseau-canope.fr\/vivre-ensemble.html\">R\u00e9seau Canop\u00e9<\/a> <\/p>\n","protected":false},"excerpt":{"rendered":"<p>L&rsquo;\u00c9cole est le lieu o\u00f9 les \u00e9l\u00e8ves acqui\u00e8rent les comp\u00e9tences qui leur seront indispensables tout au long de la vie, au del\u00e0 de leur scolarit\u00e9, pour poursuivre leur formation, construire leur avenir personnel et professionnel, r\u00e9ussir leur vie en soci\u00e9t\u00e9 et exercer librement leur citoyennet\u00e9 : autonomie, responsabilit\u00e9, ouverture aux autres, respect de soi et &hellip; <\/p>\n<p><a class=\"more-link btn\" href=\"https:\/\/ent2d.ac-bordeaux.fr\/disciplines\/vie-scolaire\/le-vivre-ensemble\/\">Lire la suite<\/a><\/p>\n","protected":false},"author":583,"featured_media":0,"parent":0,"menu_order":0,"comment_status":"closed","ping_status":"closed","template":"","meta":{"footnotes":""},"class_list":["post-313","page","type-page","status-publish","hentry","nodate","item-wrap"],"_links":{"self":[{"href":"https:\/\/ent2d.ac-bordeaux.fr\/disciplines\/vie-scolaire\/wp-json\/wp\/v2\/pages\/313","targetHints":{"allow":["GET"]}}],"collection":[{"href":"https:\/\/ent2d.ac-bordeaux.fr\/disciplines\/vie-scolaire\/wp-json\/wp\/v2\/pages"}],"about":[{"href":"https:\/\/ent2d.ac-bordeaux.fr\/disciplines\/vie-scolaire\/wp-json\/wp\/v2\/types\/page"}],"author":[{"embeddable":true,"href":"https:\/\/ent2d.ac-bordeaux.fr\/disciplines\/vie-scolaire\/wp-json\/wp\/v2\/users\/583"}],"replies":[{"embeddable":true,"href":"https:\/\/ent2d.ac-bordeaux.fr\/disciplines\/vie-scolaire\/wp-json\/wp\/v2\/comments?post=313"}],"version-history":[{"count":4,"href":"https:\/\/ent2d.ac-bordeaux.fr\/disciplines\/vie-scolaire\/wp-json\/wp\/v2\/pages\/313\/revisions"}],"predecessor-version":[{"id":320,"href":"https:\/\/ent2d.ac-bordeaux.fr\/disciplines\/vie-scolaire\/wp-json\/wp\/v2\/pages\/313\/revisions\/320"}],"wp:attachment":[{"href":"https:\/\/ent2d.ac-bordeaux.fr\/disciplines\/vie-scolaire\/wp-json\/wp\/v2\/media?parent=313"}],"curies":[{"name":"wp","href":"https:\/\/api.w.org\/{rel}","templated":true}]}}