{"id":273,"date":"2020-03-26T16:50:48","date_gmt":"2020-03-26T15:50:48","guid":{"rendered":"https:\/\/ent2d.ac-bordeaux.fr\/disciplines\/vie-scolaire\/?page_id=273"},"modified":"2020-03-26T17:19:13","modified_gmt":"2020-03-26T16:19:13","slug":"absenteisme","status":"publish","type":"page","link":"https:\/\/ent2d.ac-bordeaux.fr\/disciplines\/vie-scolaire\/absenteisme\/","title":{"rendered":"Absent\u00e9isme et obligation scolaire"},"content":{"rendered":"\n<ul class=\"wp-block-list\"><li> Textes r\u00e8glementaires : <a href=\"http:\/\/eduscol.education.fr\/cid46689\/absenteisme-scolaire.html\">http:\/\/eduscol.education.fr\/cid46689\/absenteisme-scolaire.html<\/a><\/li><li> Le lutte contre l&rsquo;absent\u00e9isme scolaire : <a href=\"https:\/\/www.education.gouv.fr\/bo\/2011\/05\/mene1102847c.htm\">https:\/\/www.education.gouv.fr\/bo\/2011\/05\/mene1102847c.htm<\/a><\/li><li> Note d&rsquo;information du 11 septembre 2015 sur l&rsquo;obligation et l&rsquo;assiduit\u00e9 scolaire: <a href=\"https:\/\/documentcloud.adobe.com\/link\/track?uri=urn%3Aaaid%3Ascds%3AUS%3Afb0b23ee-74b2-4986-b6e9-b6b1d0e42621\">Fiche technique sur la pr\u00e9vention de l&rsquo;absent\u00e9isme <\/a><\/li><\/ul>\n\n\n\n<figure class=\"wp-block-image\"><img loading=\"lazy\" decoding=\"async\" width=\"1024\" height=\"724\" src=\"https:\/\/ent2d.ac-bordeaux.fr\/disciplines\/vie-scolaire\/wp-content\/uploads\/sites\/28\/2020\/03\/Facteurs_absenteisme-1.jpg\" alt=\"\" class=\"wp-image-279\" srcset=\"https:\/\/ent2d.ac-bordeaux.fr\/disciplines\/vie-scolaire\/wp-content\/uploads\/sites\/28\/2020\/03\/Facteurs_absenteisme-1.jpg 1024w, https:\/\/ent2d.ac-bordeaux.fr\/disciplines\/vie-scolaire\/wp-content\/uploads\/sites\/28\/2020\/03\/Facteurs_absenteisme-1-300x212.jpg 300w, https:\/\/ent2d.ac-bordeaux.fr\/disciplines\/vie-scolaire\/wp-content\/uploads\/sites\/28\/2020\/03\/Facteurs_absenteisme-1-768x543.jpg 768w\" sizes=\"auto, (max-width: 1024px) 100vw, 1024px\" \/><figcaption>Source Cnesco<\/figcaption><\/figure>\n","protected":false},"excerpt":{"rendered":"<p>Textes r\u00e8glementaires : http:\/\/eduscol.education.fr\/cid46689\/absenteisme-scolaire.html Le lutte contre l&rsquo;absent\u00e9isme scolaire : https:\/\/www.education.gouv.fr\/bo\/2011\/05\/mene1102847c.htm Note d&rsquo;information du 11 septembre 2015 sur l&rsquo;obligation et l&rsquo;assiduit\u00e9 scolaire: Fiche technique sur la pr\u00e9vention de l&rsquo;absent\u00e9isme<\/p>\n","protected":false},"author":583,"featured_media":0,"parent":0,"menu_order":0,"comment_status":"closed","ping_status":"closed","template":"","meta":{"footnotes":""},"class_list":["post-273","page","type-page","status-publish","hentry","nodate","item-wrap"],"_links":{"self":[{"href":"https:\/\/ent2d.ac-bordeaux.fr\/disciplines\/vie-scolaire\/wp-json\/wp\/v2\/pages\/273","targetHints":{"allow":["GET"]}}],"collection":[{"href":"https:\/\/ent2d.ac-bordeaux.fr\/disciplines\/vie-scolaire\/wp-json\/wp\/v2\/pages"}],"about":[{"href":"https:\/\/ent2d.ac-bordeaux.fr\/disciplines\/vie-scolaire\/wp-json\/wp\/v2\/types\/page"}],"author":[{"embeddable":true,"href":"https:\/\/ent2d.ac-bordeaux.fr\/disciplines\/vie-scolaire\/wp-json\/wp\/v2\/users\/583"}],"replies":[{"embeddable":true,"href":"https:\/\/ent2d.ac-bordeaux.fr\/disciplines\/vie-scolaire\/wp-json\/wp\/v2\/comments?post=273"}],"version-history":[{"count":5,"href":"https:\/\/ent2d.ac-bordeaux.fr\/disciplines\/vie-scolaire\/wp-json\/wp\/v2\/pages\/273\/revisions"}],"predecessor-version":[{"id":286,"href":"https:\/\/ent2d.ac-bordeaux.fr\/disciplines\/vie-scolaire\/wp-json\/wp\/v2\/pages\/273\/revisions\/286"}],"wp:attachment":[{"href":"https:\/\/ent2d.ac-bordeaux.fr\/disciplines\/vie-scolaire\/wp-json\/wp\/v2\/media?parent=273"}],"curies":[{"name":"wp","href":"https:\/\/api.w.org\/{rel}","templated":true}]}}