{"id":266,"date":"2020-03-26T16:20:56","date_gmt":"2020-03-26T15:20:56","guid":{"rendered":"https:\/\/ent2d.ac-bordeaux.fr\/disciplines\/vie-scolaire\/?page_id=266"},"modified":"2020-03-27T17:48:36","modified_gmt":"2020-03-27T16:48:36","slug":"relations-avec-les-familles","status":"publish","type":"page","link":"https:\/\/ent2d.ac-bordeaux.fr\/disciplines\/vie-scolaire\/relations-avec-les-familles\/","title":{"rendered":"Relations avec les familles"},"content":{"rendered":"\n<blockquote class=\"wp-block-quote is-layout-flow wp-block-quote-is-layout-flow\"><p> Les droits des parents d&rsquo;\u00e9l\u00e8ves \u00e0 assurer leur r\u00f4le \u00e9ducatif sont  reconnus \u00e0 travers\u00a0: un droit d&rsquo;information sur le suivi de la scolarit\u00e9  et du comportement scolaire de leurs enfants, un droit de r\u00e9union  s&rsquo;exer\u00e7ant dans le cadre de r\u00e9unions collectives ou de rencontres  individuelles, un droit de participation par leurs repr\u00e9sentants,  membres ou non d&rsquo;une association, \u00e9lus ou d\u00e9sign\u00e9s pour si\u00e9ger dans les  instances des \u00e9coles et des \u00e9tablissements scolaires. <\/p><cite>Minist\u00e8re de l&rsquo;Education Nationale<\/cite><\/blockquote>\n\n\n\n<figure class=\"wp-block-image is-resized\"><img loading=\"lazy\" decoding=\"async\" src=\"https:\/\/ent2d.ac-bordeaux.fr\/disciplines\/vie-scolaire\/wp-content\/uploads\/sites\/28\/2020\/03\/CS-1.jpg\" alt=\"\" class=\"wp-image-386\" width=\"564\" height=\"252\" srcset=\"https:\/\/ent2d.ac-bordeaux.fr\/disciplines\/vie-scolaire\/wp-content\/uploads\/sites\/28\/2020\/03\/CS-1.jpg 336w, https:\/\/ent2d.ac-bordeaux.fr\/disciplines\/vie-scolaire\/wp-content\/uploads\/sites\/28\/2020\/03\/CS-1-300x134.jpg 300w\" sizes=\"auto, (max-width: 564px) 100vw, 564px\" \/><figcaption><a href=\"https:\/\/ent2d.ac-bordeaux.fr\/disciplines\/vie-scolaire\/climat-scolaire\/la-relation-aux-familles\/\">La co\u00e9ducation : un axe fort du climat scolaire<\/a><\/figcaption><\/figure>\n","protected":false},"excerpt":{"rendered":"<p>Les droits des parents d&rsquo;\u00e9l\u00e8ves \u00e0 assurer leur r\u00f4le \u00e9ducatif sont reconnus \u00e0 travers\u00a0: un droit d&rsquo;information sur le suivi de la scolarit\u00e9 et du comportement scolaire de leurs enfants, un droit de r\u00e9union s&rsquo;exer\u00e7ant dans le cadre de r\u00e9unions collectives ou de rencontres individuelles, un droit de participation par leurs repr\u00e9sentants, membres ou non &hellip; <\/p>\n<p><a class=\"more-link btn\" href=\"https:\/\/ent2d.ac-bordeaux.fr\/disciplines\/vie-scolaire\/relations-avec-les-familles\/\">Lire la suite<\/a><\/p>\n","protected":false},"author":583,"featured_media":0,"parent":0,"menu_order":0,"comment_status":"closed","ping_status":"closed","template":"","meta":{"footnotes":""},"class_list":["post-266","page","type-page","status-publish","hentry","nodate","item-wrap"],"_links":{"self":[{"href":"https:\/\/ent2d.ac-bordeaux.fr\/disciplines\/vie-scolaire\/wp-json\/wp\/v2\/pages\/266","targetHints":{"allow":["GET"]}}],"collection":[{"href":"https:\/\/ent2d.ac-bordeaux.fr\/disciplines\/vie-scolaire\/wp-json\/wp\/v2\/pages"}],"about":[{"href":"https:\/\/ent2d.ac-bordeaux.fr\/disciplines\/vie-scolaire\/wp-json\/wp\/v2\/types\/page"}],"author":[{"embeddable":true,"href":"https:\/\/ent2d.ac-bordeaux.fr\/disciplines\/vie-scolaire\/wp-json\/wp\/v2\/users\/583"}],"replies":[{"embeddable":true,"href":"https:\/\/ent2d.ac-bordeaux.fr\/disciplines\/vie-scolaire\/wp-json\/wp\/v2\/comments?post=266"}],"version-history":[{"count":2,"href":"https:\/\/ent2d.ac-bordeaux.fr\/disciplines\/vie-scolaire\/wp-json\/wp\/v2\/pages\/266\/revisions"}],"predecessor-version":[{"id":387,"href":"https:\/\/ent2d.ac-bordeaux.fr\/disciplines\/vie-scolaire\/wp-json\/wp\/v2\/pages\/266\/revisions\/387"}],"wp:attachment":[{"href":"https:\/\/ent2d.ac-bordeaux.fr\/disciplines\/vie-scolaire\/wp-json\/wp\/v2\/media?parent=266"}],"curies":[{"name":"wp","href":"https:\/\/api.w.org\/{rel}","templated":true}]}}