{"id":213,"date":"2020-03-25T17:06:35","date_gmt":"2020-03-25T16:06:35","guid":{"rendered":"https:\/\/ent2d.ac-bordeaux.fr\/disciplines\/vie-scolaire\/?page_id=213"},"modified":"2020-05-13T18:02:54","modified_gmt":"2020-05-13T16:02:54","slug":"ressources-continuite-pedagogique","status":"publish","type":"page","link":"https:\/\/ent2d.ac-bordeaux.fr\/disciplines\/vie-scolaire\/ressources-continuite-pedagogique\/","title":{"rendered":"Ressources Continuit\u00e9 P\u00e9dagogique"},"content":{"rendered":"\n<h2 class=\"wp-block-heading\" style=\"text-align:center\">Guides et ressources diverses<\/h2>\n\n\n\n<p><a href=\"https:\/\/documentcloud.adobe.com\/link\/track?uri=urn%3Aaaid%3Ascds%3AUS%3A3f182057-98be-47f5-9442-3fb906cbd3a3\">Le guide d&rsquo;accompagnement de l&rsquo;acad\u00e9mie de Bordeaux<\/a><\/p>\n\n\n\n<p><a href=\"https:\/\/apprenance-grenoble.fr\/wp-content\/uploads\/2020\/03\/Continuit%C3%A9-p%C3%A9dagogique-pour-tous.pdf\"> Un lien vers des ressources propos\u00e9es par l&rsquo;acad\u00e9mie de Grenoble<\/a><\/p>\n\n\n\n<p><a href=\"https:\/\/documentcloud.adobe.com\/link\/track?uri=urn:aaid:scds:US:6d6c714c-c776-4dfa-a52d-eb2ba1246540\">Synth\u00e8se des bonnes pratiques \u00e9voqu\u00e9es pendant les r\u00e9unions de coordonnateurs ZAP<\/a><\/p>\n\n\n\n<p><a href=\"https:\/\/documentcloud.adobe.com\/link\/track?uri=urn%3Aaaid%3Ascds%3AUS%3A6d52ed60-7b61-412d-a96c-cc0d43627815\">Agir pour accompagner le retour en classe des \u00e9l\u00e8ves <\/a><\/p>\n\n\n\n<h2 class=\"wp-block-heading\" style=\"text-align:center\">Des ressources utiles pour animer les s\u00e9ances avec les \u00e9l\u00e8ves :<\/h2>\n\n\n\n<p> &#8211; <a href=\"https:\/\/ent2d.ac-bordeaux.fr\/disciplines\/documentation\/\">https:\/\/ent2d.ac-bordeaux.fr\/disciplines\/documentation\/<\/a> <\/p>\n\n\n\n<p><a href=\"https:\/\/eduscol.education.fr\/cid149909\/continuite-pedagogique.html\">-https:\/\/eduscol.education.fr\/cid149909\/continuite-pedagogique.html<\/a> <\/p>\n\n\n\n<p><a href=\"http:\/\/www.cafepedagogique.net\/lexpresso\/Pages\/2020\/03\/20032020Article637203163353587145.aspx\">http:\/\/www.cafepedagogique.net\/lexpresso\/Pages\/2020\/03\/20032020Article637203163353587145.aspx<\/a><\/p>\n\n\n\n<figure class=\"wp-block-image\"><img loading=\"lazy\" decoding=\"async\" width=\"1024\" height=\"473\" src=\"https:\/\/ent2d.ac-bordeaux.fr\/disciplines\/vie-scolaire\/wp-content\/uploads\/sites\/28\/2020\/05\/Capture.jpg\" alt=\"\" class=\"wp-image-618\" srcset=\"https:\/\/ent2d.ac-bordeaux.fr\/disciplines\/vie-scolaire\/wp-content\/uploads\/sites\/28\/2020\/05\/Capture.jpg 1024w, https:\/\/ent2d.ac-bordeaux.fr\/disciplines\/vie-scolaire\/wp-content\/uploads\/sites\/28\/2020\/05\/Capture-300x139.jpg 300w, https:\/\/ent2d.ac-bordeaux.fr\/disciplines\/vie-scolaire\/wp-content\/uploads\/sites\/28\/2020\/05\/Capture-768x355.jpg 768w\" sizes=\"auto, (max-width: 1024px) 100vw, 1024px\" \/><figcaption><a href=\"https:\/\/www.youtube.com\/watch?v=UNHMb0aLKJI&amp;feature=youtu.be&amp;app=desktop\">https:\/\/www.youtube.com\/watch?v=UNHMb0aLKJI&amp;feature=youtu.be&amp;app=desktop<\/a><\/figcaption><\/figure>\n\n\n\n<div class=\"wp-block-image\"><figure class=\"aligncenter is-resized\"><img loading=\"lazy\" decoding=\"async\" src=\"https:\/\/ent2d.ac-bordeaux.fr\/disciplines\/vie-scolaire\/wp-content\/uploads\/sites\/28\/2020\/05\/Capture-1.jpg\" alt=\"\" class=\"wp-image-647\" width=\"399\" height=\"574\" srcset=\"https:\/\/ent2d.ac-bordeaux.fr\/disciplines\/vie-scolaire\/wp-content\/uploads\/sites\/28\/2020\/05\/Capture-1.jpg 625w, https:\/\/ent2d.ac-bordeaux.fr\/disciplines\/vie-scolaire\/wp-content\/uploads\/sites\/28\/2020\/05\/Capture-1-209x300.jpg 209w\" sizes=\"auto, (max-width: 399px) 100vw, 399px\" \/><figcaption>Exemple d&rsquo;infographie pour les \u00e9l\u00e8ves cycle 3<\/figcaption><\/figure><\/div>\n\n\n\n<figure class=\"wp-block-image is-resized\"><img loading=\"lazy\" decoding=\"async\" src=\"https:\/\/ent2d.ac-bordeaux.fr\/disciplines\/vie-scolaire\/wp-content\/uploads\/sites\/28\/2020\/05\/port-du-masque.jpg\" alt=\"\" class=\"wp-image-649\" width=\"416\" height=\"293\" srcset=\"https:\/\/ent2d.ac-bordeaux.fr\/disciplines\/vie-scolaire\/wp-content\/uploads\/sites\/28\/2020\/05\/port-du-masque.jpg 1024w, https:\/\/ent2d.ac-bordeaux.fr\/disciplines\/vie-scolaire\/wp-content\/uploads\/sites\/28\/2020\/05\/port-du-masque-300x212.jpg 300w, https:\/\/ent2d.ac-bordeaux.fr\/disciplines\/vie-scolaire\/wp-content\/uploads\/sites\/28\/2020\/05\/port-du-masque-768x542.jpg 768w\" sizes=\"auto, (max-width: 416px) 100vw, 416px\" \/><figcaption>Infographie pour coll\u00e9giens et lyc\u00e9ens<\/figcaption><\/figure>\n\n\n\n<div class=\"wp-block-image\"><figure class=\"aligncenter is-resized\"><img loading=\"lazy\" decoding=\"async\" src=\"https:\/\/ent2d.ac-bordeaux.fr\/disciplines\/vie-scolaire\/wp-content\/uploads\/sites\/28\/2020\/05\/virus.jpg\" alt=\"\" class=\"wp-image-651\" width=\"199\" height=\"215\" \/><figcaption><strong><a href=\"https:\/\/documentcloud.adobe.com\/link\/track?uri=urn%3Aaaid%3Ascds%3AUS%3Ab4f053f9-011f-4ccd-8616-a67f26236885\">Comment g\u00e9rer les intrusions en classe virtuelle du CNED<\/a><\/strong><\/figcaption><\/figure><\/div>\n\n\n\n<p><a href=\"http:\/\/www.cafepedagogique.net\/LEXPRESSO\/Pages\/2020\/05\/06052020Article637243503179937121.aspx\">Des r\u00e9cr\u00e9ations distanci\u00e9es : Fiche r\u00e9cr\u00e9<\/a> <\/p>\n\n\n\n<p><a href=\"http:\/\/www.cafepedagogique.net\/lexpresso\/Pages\/2020\/05\/11052020Article637247793171648225.aspx\">Des visuels pour les r\u00e8gles sanitaires<\/a> <\/p>\n\n\n\n<div class=\"wp-block-image\"><figure class=\"aligncenter is-resized\"><img loading=\"lazy\" decoding=\"async\" src=\"https:\/\/ent2d.ac-bordeaux.fr\/disciplines\/vie-scolaire\/wp-content\/uploads\/sites\/28\/2020\/05\/Atchoum.jpg\" alt=\"\" class=\"wp-image-664\" width=\"191\" height=\"273\" srcset=\"https:\/\/ent2d.ac-bordeaux.fr\/disciplines\/vie-scolaire\/wp-content\/uploads\/sites\/28\/2020\/05\/Atchoum.jpg 717w, https:\/\/ent2d.ac-bordeaux.fr\/disciplines\/vie-scolaire\/wp-content\/uploads\/sites\/28\/2020\/05\/Atchoum-210x300.jpg 210w, https:\/\/ent2d.ac-bordeaux.fr\/disciplines\/vie-scolaire\/wp-content\/uploads\/sites\/28\/2020\/05\/Atchoum-768x1097.jpg 768w\" sizes=\"auto, (max-width: 191px) 100vw, 191px\" \/><\/figure><\/div>\n\n\n\n<p>Au coll\u00e8ge Canterane, Me Schieber a con\u00e7u des affiches pour les \u00e9l\u00e8ves afin de faire respecter les gestes barri\u00e8res. <\/p>\n\n\n\n<div class=\"wp-block-image\"><figure class=\"aligncenter is-resized\"><img loading=\"lazy\" decoding=\"async\" src=\"https:\/\/ent2d.ac-bordeaux.fr\/disciplines\/vie-scolaire\/wp-content\/uploads\/sites\/28\/2020\/05\/Bus.png\" alt=\"\" class=\"wp-image-679\" width=\"337\" height=\"601\" srcset=\"https:\/\/ent2d.ac-bordeaux.fr\/disciplines\/vie-scolaire\/wp-content\/uploads\/sites\/28\/2020\/05\/Bus.png 539w, https:\/\/ent2d.ac-bordeaux.fr\/disciplines\/vie-scolaire\/wp-content\/uploads\/sites\/28\/2020\/05\/Bus-168x300.png 168w\" sizes=\"auto, (max-width: 337px) 100vw, 337px\" \/><\/figure><\/div>\n\n\n\n<h2 class=\"wp-block-heading\" style=\"text-align:center\">Continuit\u00e9 p\u00e9dagogique et \u00e9cole inclusive<\/h2>\n\n\n\n<p>\u2022Padlet pour Dys : <a href=\"https:\/\/padlet.com\/penelope_lanterne\/z9nol5svhd99\">https:\/\/padlet.com\/penelope_lanterne\/z9nol5svhd99<\/a><\/p>\n\n\n\n<p>Ressources pour les UPE2A : <a href=\"http:\/\/www.dane.ac-versailles.fr\/etre-accompagne-se-former\/continuite-pedagogique-en-upe2a\">http:\/\/www.dane.ac-versailles.fr\/etre-accompagne-se-former\/continuite-pedagogique-en-upe2a<\/a><\/p>\n\n\n\n<p>Un padlet mis \u00e0 jour quotidiennement pour aider les familles et les professionnels : <a href=\"https:\/\/padlet.com\/Contipedag_inclusive\/myzxynl8pzov\">https:\/\/padlet.com\/Contipedag_inclusive\/myzxynl8pzov<\/a><\/p>\n\n\n\n<h2 class=\"wp-block-heading\" style=\"text-align:center\">Id\u00e9es pour se divertir <\/h2>\n\n\n\n<p>Un dossier sur pearltree : <a href=\"https:\/\/www.pearltrees.com\/cultureetconfinement\">Culture et confinement<\/a> <\/p>\n\n\n\n<p>\u2022Un site riche de ressources : <a href=\"https:\/\/ecolededemain.wordpress.com\/2020\/03\/08\/ressources-et-idees-pour-assurer-la-continuite-pedagogique\/\">https:\/\/ecolededemain.wordpress.com\/2020\/03\/08\/ressources-et-idees-pour-assurer-la-continuite-pedagogique\/<\/a> <\/p>\n\n\n\n<div class=\"wp-block-image\"><figure class=\"aligncenter\"><img loading=\"lazy\" decoding=\"async\" width=\"459\" height=\"60\" src=\"https:\/\/ent2d.ac-bordeaux.fr\/disciplines\/vie-scolaire\/wp-content\/uploads\/sites\/28\/2020\/05\/image-1.png\" alt=\"\" class=\"wp-image-620\" srcset=\"https:\/\/ent2d.ac-bordeaux.fr\/disciplines\/vie-scolaire\/wp-content\/uploads\/sites\/28\/2020\/05\/image-1.png 459w, https:\/\/ent2d.ac-bordeaux.fr\/disciplines\/vie-scolaire\/wp-content\/uploads\/sites\/28\/2020\/05\/image-1-300x39.png 300w\" sizes=\"auto, (max-width: 459px) 100vw, 459px\" \/><figcaption><a href=\"https:\/\/padlet.com\/degeytercuisine\/eudgtzn36xeo\">Cr\u00e9er du lien avec les familles, les \u00e9l\u00e8ves et les enseignants en cr\u00e9ant un padlet de recettes \u00e0 partager<\/a><\/figcaption><\/figure><\/div>\n\n\n\n<div class=\"wp-block-image\"><figure class=\"aligncenter is-resized\"><img loading=\"lazy\" decoding=\"async\" src=\"https:\/\/ent2d.ac-bordeaux.fr\/disciplines\/vie-scolaire\/wp-content\/uploads\/sites\/28\/2020\/05\/image-3.png\" alt=\"\" class=\"wp-image-625\" width=\"398\" height=\"211\" srcset=\"https:\/\/ent2d.ac-bordeaux.fr\/disciplines\/vie-scolaire\/wp-content\/uploads\/sites\/28\/2020\/05\/image-3.png 1024w, https:\/\/ent2d.ac-bordeaux.fr\/disciplines\/vie-scolaire\/wp-content\/uploads\/sites\/28\/2020\/05\/image-3-300x160.png 300w, https:\/\/ent2d.ac-bordeaux.fr\/disciplines\/vie-scolaire\/wp-content\/uploads\/sites\/28\/2020\/05\/image-3-768x408.png 768w, https:\/\/ent2d.ac-bordeaux.fr\/disciplines\/vie-scolaire\/wp-content\/uploads\/sites\/28\/2020\/05\/image-3-750x400.png 750w\" sizes=\"auto, (max-width: 398px) 100vw, 398px\" \/><figcaption><br><a href=\"https:\/\/www.youtube.com\/watch?v=9X-DR1cbCrE&amp;feature=youtu.be\">https:\/\/www.youtube.com\/watch?v=9X-DR1cbCrE&amp;feature=youtu.be<\/a><\/figcaption><\/figure><\/div>\n\n\n\n<p><a href=\"https:\/\/www.cahiers-pedagogiques.com\/Le-jeu-au-temps-du-corona\">Des jeux \u00e9ducatifs pour maintenir la distanciation physique<\/a><\/p>\n\n\n\n<div class=\"wp-block-image\"><figure class=\"alignright is-resized\"><img loading=\"lazy\" decoding=\"async\" src=\"https:\/\/ent2d.ac-bordeaux.fr\/disciplines\/vie-scolaire\/wp-content\/uploads\/sites\/28\/2020\/05\/image-4.png\" alt=\"\" class=\"wp-image-632\" width=\"141\" height=\"129\" \/><\/figure><\/div>\n\n\n\n<p>\nUne initiative de la professeur documentaliste et de l&rsquo;infirmi\u00e8re  du  \ncoll\u00e8ge Nelson Mandela de Floirac \u00ab\u00a0Gardons le moral et le sourire\u00a0\u00bb  <a href=\"http:\/\/www.cafepedagogique.net\/lexpresso\/Pages\/2020\/04\/16042020Article637226201730959344.aspx\">http:\/\/www.cafepedagogique.net\/lexpresso\/Pages\/2020\/04\/<\/a><\/p>\n\n\n\n<div class=\"wp-block-image\"><figure class=\"aligncenter is-resized\"><img loading=\"lazy\" decoding=\"async\" src=\"https:\/\/ent2d.ac-bordeaux.fr\/disciplines\/vie-scolaire\/wp-content\/uploads\/sites\/28\/2020\/05\/d\u00e9fi.png\" alt=\"\" class=\"wp-image-634\" width=\"293\" height=\"166\" srcset=\"https:\/\/ent2d.ac-bordeaux.fr\/disciplines\/vie-scolaire\/wp-content\/uploads\/sites\/28\/2020\/05\/d\u00e9fi.png 512w, https:\/\/ent2d.ac-bordeaux.fr\/disciplines\/vie-scolaire\/wp-content\/uploads\/sites\/28\/2020\/05\/d\u00e9fi-300x170.png 300w\" sizes=\"auto, (max-width: 293px) 100vw, 293px\" \/><figcaption><a href=\"https:\/\/documentcloud.adobe.com\/link\/track?uri=urn%3Aaaid%3Ascds%3AUS%3A7af280f3-4a4c-4a44-b063-0a074f550db8\">Id\u00e9es de d\u00e9fis pour les coll\u00e9giens du coll\u00e8ge de Castelnau <\/a><\/figcaption><\/figure><\/div>\n\n\n\n<h2 class=\"wp-block-heading\" style=\"text-align:center\">La coop\u00e9ration \u00e0 distance<\/h2>\n\n\n\n<div class=\"wp-block-media-text alignwide\"><figure class=\"wp-block-media-text__media\"><video controls src=\"https:\/\/ent2d.ac-bordeaux.fr\/disciplines\/vie-scolaire\/wp-content\/uploads\/sites\/28\/2020\/04\/Entraide-et-tutorat-entre-pairs-1.mp4\"><\/video><\/figure><div class=\"wp-block-media-text__content\">\n<p>Exemple d&rsquo;une mise en \u0153uvre d&rsquo;un tutorat entre pairs \u00e0 distance pour \u00e9l\u00e8ves allophones (Coll\u00e8ge Laroche-Beaulieu) C.Laboudigue <\/p>\n<\/div><\/div>\n\n\n\n<figure class=\"wp-block-image\"><img loading=\"lazy\" decoding=\"async\" width=\"614\" height=\"400\" src=\"https:\/\/ent2d.ac-bordeaux.fr\/disciplines\/vie-scolaire\/wp-content\/uploads\/sites\/28\/2020\/05\/image-2.png\" alt=\"\" class=\"wp-image-622\" srcset=\"https:\/\/ent2d.ac-bordeaux.fr\/disciplines\/vie-scolaire\/wp-content\/uploads\/sites\/28\/2020\/05\/image-2.png 614w, https:\/\/ent2d.ac-bordeaux.fr\/disciplines\/vie-scolaire\/wp-content\/uploads\/sites\/28\/2020\/05\/image-2-300x195.png 300w\" sizes=\"auto, (max-width: 614px) 100vw, 614px\" \/><figcaption><a href=\"https:\/\/www.educavox.fr\/innovation\/dispositifs\/la-formation-a-distance-ca-marche\">https:\/\/www.educavox.fr\/innovation\/dispositifs\/la-formation-a-distance-ca-marche<\/a><\/figcaption><\/figure>\n\n\n\n<h2 class=\"wp-block-heading\" style=\"text-align:center\">Gardons le lien<\/h2>\n\n\n\n<p>Diaporama envoy\u00e9 aux \u00e9l\u00e8ves pour maintenir le lien : <a href=\"https:\/\/documentcloud.adobe.com\/link\/track?uri=urn%3Aaaid%3Ascds%3AUS%3A42573aef-58e3-44b6-ae08-2d3b2ed5bdf3\">Le cahier du confin\u00e9 Id\u00e9e de Marie-alix Couchy (Acad\u00e9mie de Bordeaux)<\/a><\/p>\n\n\n\n<p><a href=\"https:\/\/documentcloud.adobe.com\/link\/track?uri=urn%3Aaaid%3Ascds%3AUS%3Ac9a17054-bf45-413a-bb42-8fd27dfb41d7\">Document d&rsquo;une CPE pour mobiliser les \u00e9l\u00e8ves<\/a><\/p>\n\n\n\n<div class=\"wp-block-media-text alignwide\"><figure class=\"wp-block-media-text__media\"><img loading=\"lazy\" decoding=\"async\" width=\"818\" height=\"410\" src=\"https:\/\/ent2d.ac-bordeaux.fr\/disciplines\/vie-scolaire\/wp-content\/uploads\/sites\/28\/2020\/04\/image-2.png\" alt=\"\" class=\"wp-image-495\" srcset=\"https:\/\/ent2d.ac-bordeaux.fr\/disciplines\/vie-scolaire\/wp-content\/uploads\/sites\/28\/2020\/04\/image-2.png 818w, https:\/\/ent2d.ac-bordeaux.fr\/disciplines\/vie-scolaire\/wp-content\/uploads\/sites\/28\/2020\/04\/image-2-300x150.png 300w, https:\/\/ent2d.ac-bordeaux.fr\/disciplines\/vie-scolaire\/wp-content\/uploads\/sites\/28\/2020\/04\/image-2-768x385.png 768w\" sizes=\"auto, (max-width: 818px) 100vw, 818px\" \/><\/figure><div class=\"wp-block-media-text__content\">\n<p class=\"has-small-font-size\"><a href=\"https:\/\/documentcloud.adobe.com\/link\/track?uri=urn%3Aaaid%3Ascds%3AUS%3Aa0b4b068-1dff-4cec-b77f-ff47b14619b8\">https:\/\/documentcloud.adobe.com\/link\/track?uri=urn%3Aaaid%3Ascds%3AUS%3Aa0b4b068-1dff-4cec-b77f-ff47b14619b8<\/a><\/p>\n<\/div><\/div>\n\n\n\n<p><a href=\"https:\/\/padlet.com\/Contipedag_inclusive\/myzxynl8pzov\">Un padlet pour aider les \u00e9l\u00e8ves avec diff\u00e9rentes ressources<\/a> <\/p>\n\n\n\n<h2 class=\"wp-block-heading\" style=\"text-align:center\">La co-\u00e9ducation : accompagner les familles<\/h2>\n\n\n\n<figure class=\"wp-block-image\"><img loading=\"lazy\" decoding=\"async\" width=\"571\" height=\"139\" src=\"https:\/\/ent2d.ac-bordeaux.fr\/disciplines\/vie-scolaire\/wp-content\/uploads\/sites\/28\/2020\/05\/image-5.png\" alt=\"\" class=\"wp-image-638\" srcset=\"https:\/\/ent2d.ac-bordeaux.fr\/disciplines\/vie-scolaire\/wp-content\/uploads\/sites\/28\/2020\/05\/image-5.png 571w, https:\/\/ent2d.ac-bordeaux.fr\/disciplines\/vie-scolaire\/wp-content\/uploads\/sites\/28\/2020\/05\/image-5-300x73.png 300w\" sizes=\"auto, (max-width: 571px) 100vw, 571px\" \/><figcaption><a href=\"https:\/\/www.teteamodeler.com\/\">https:\/\/www.teteamodeler.com\/<\/a><\/figcaption><\/figure>\n\n\n\n<p>Un padlet propos\u00e9 par l&rsquo;infirmi\u00e8re du coll\u00e8ge de Cassignol envoy\u00e9 \u00e0 toutes les \u00e9quipes enseignantes pour faire face aux diff\u00e9rentes situations des familles :  <a href=\"https:\/\/padlet.com\/lauremaxel\/o3r87p6cncm2\">https:\/\/padlet.com\/lauremaxel\/o3r87p6cncm2 <\/a><\/p>\n\n\n\n<figure class=\"wp-block-image\"><img loading=\"lazy\" decoding=\"async\" width=\"646\" height=\"56\" src=\"https:\/\/ent2d.ac-bordeaux.fr\/disciplines\/vie-scolaire\/wp-content\/uploads\/sites\/28\/2020\/05\/image-6.png\" alt=\"\" class=\"wp-image-640\" srcset=\"https:\/\/ent2d.ac-bordeaux.fr\/disciplines\/vie-scolaire\/wp-content\/uploads\/sites\/28\/2020\/05\/image-6.png 646w, https:\/\/ent2d.ac-bordeaux.fr\/disciplines\/vie-scolaire\/wp-content\/uploads\/sites\/28\/2020\/05\/image-6-300x26.png 300w\" sizes=\"auto, (max-width: 646px) 100vw, 646px\" \/><figcaption><a href=\"https:\/\/padlet.com\/college_paul_eluard\/parentsdeluard\">https:\/\/padlet.com\/college_paul_eluard\/parentsdeluard<\/a><\/figcaption><\/figure>\n\n\n\n<div class=\"wp-block-media-text alignwide\"><figure class=\"wp-block-media-text__media\"><img loading=\"lazy\" decoding=\"async\" width=\"143\" height=\"58\" src=\"https:\/\/ent2d.ac-bordeaux.fr\/disciplines\/vie-scolaire\/wp-content\/uploads\/sites\/28\/2020\/05\/image-8.png\" alt=\"\" class=\"wp-image-659\" \/><\/figure><div class=\"wp-block-media-text__content\">\n<p style=\"font-size:18px\">\nDes webinaires sont disponibles sur le site de l&rsquo;association D\u00e9clic \n(Communication non violente) qui s&rsquo;adresse aux professionnels pour g\u00e9rer\n le contact \u00e0 distance. <a href=\"https:\/\/www.declic-cnveducation.org\/index.php\/nos-actions\/webinaires\/\">https:\/\/www.declic-cnveducation.org\/index.php\/nos-actions\/webinaires\/<\/a><\/p>\n<\/div><\/div>\n\n\n\n<p><\/p>\n","protected":false},"excerpt":{"rendered":"<p>Guides et ressources diverses Le guide d&rsquo;accompagnement de l&rsquo;acad\u00e9mie de Bordeaux Un lien vers des ressources propos\u00e9es par l&rsquo;acad\u00e9mie de Grenoble Synth\u00e8se des bonnes pratiques \u00e9voqu\u00e9es pendant les r\u00e9unions de coordonnateurs ZAP Agir pour accompagner le retour en classe des \u00e9l\u00e8ves Des ressources utiles pour animer les s\u00e9ances avec les \u00e9l\u00e8ves : &#8211; https:\/\/ent2d.ac-bordeaux.fr\/disciplines\/documentation\/ -https:\/\/eduscol.education.fr\/cid149909\/continuite-pedagogique.html &hellip; <\/p>\n<p><a class=\"more-link btn\" href=\"https:\/\/ent2d.ac-bordeaux.fr\/disciplines\/vie-scolaire\/ressources-continuite-pedagogique\/\">Lire la suite<\/a><\/p>\n","protected":false},"author":583,"featured_media":0,"parent":0,"menu_order":0,"comment_status":"closed","ping_status":"closed","template":"","meta":{"footnotes":""},"class_list":["post-213","page","type-page","status-publish","hentry","nodate","item-wrap"],"_links":{"self":[{"href":"https:\/\/ent2d.ac-bordeaux.fr\/disciplines\/vie-scolaire\/wp-json\/wp\/v2\/pages\/213","targetHints":{"allow":["GET"]}}],"collection":[{"href":"https:\/\/ent2d.ac-bordeaux.fr\/disciplines\/vie-scolaire\/wp-json\/wp\/v2\/pages"}],"about":[{"href":"https:\/\/ent2d.ac-bordeaux.fr\/disciplines\/vie-scolaire\/wp-json\/wp\/v2\/types\/page"}],"author":[{"embeddable":true,"href":"https:\/\/ent2d.ac-bordeaux.fr\/disciplines\/vie-scolaire\/wp-json\/wp\/v2\/users\/583"}],"replies":[{"embeddable":true,"href":"https:\/\/ent2d.ac-bordeaux.fr\/disciplines\/vie-scolaire\/wp-json\/wp\/v2\/comments?post=213"}],"version-history":[{"count":49,"href":"https:\/\/ent2d.ac-bordeaux.fr\/disciplines\/vie-scolaire\/wp-json\/wp\/v2\/pages\/213\/revisions"}],"predecessor-version":[{"id":681,"href":"https:\/\/ent2d.ac-bordeaux.fr\/disciplines\/vie-scolaire\/wp-json\/wp\/v2\/pages\/213\/revisions\/681"}],"wp:attachment":[{"href":"https:\/\/ent2d.ac-bordeaux.fr\/disciplines\/vie-scolaire\/wp-json\/wp\/v2\/media?parent=213"}],"curies":[{"name":"wp","href":"https:\/\/api.w.org\/{rel}","templated":true}]}}