{"id":156,"date":"2020-03-18T14:52:37","date_gmt":"2020-03-18T13:52:37","guid":{"rendered":"https:\/\/ent2d.ac-bordeaux.fr\/disciplines\/vie-scolaire\/?page_id=156"},"modified":"2020-03-26T16:16:04","modified_gmt":"2020-03-26T15:16:04","slug":"animation-du-service-vie-scolaire","status":"publish","type":"page","link":"https:\/\/ent2d.ac-bordeaux.fr\/disciplines\/vie-scolaire\/animation-du-service-vie-scolaire\/","title":{"rendered":"Animation du service vie scolaire"},"content":{"rendered":"\n<p>\nLes CPE exercent leurs missions avec l&rsquo;appui de l&rsquo;\u00e9quipe vie scolaire. \nIls sont charg\u00e9s de l&rsquo;\u00e9laboration des emplois du temps de l&rsquo;\u00e9quipe, de \nl&rsquo;application des r\u00e8gles de travail et&nbsp;du respect des personnes. Ils \nsont amen\u00e9s \u00e0 prodiguer des conseils en mati\u00e8re de formation et peuvent \nparticiper \u00e0 l&rsquo;\u00e9valuation des membres de l&rsquo;\u00e9quipe.\n\n<\/p>\n\n\n\n<h4 class=\"wp-block-heading\"><a href=\"https:\/\/documentcloud.adobe.com\/link\/track?uri=urn%3Aaaid%3Ascds%3AUS%3Aa4482281-7f85-4862-84e7-5bead3d9bef0\">&#8211; Guide pratique des ASSED<\/a><\/h4>\n\n\n\n<h2 class=\"wp-block-heading\">Recrutement des Assistants d\u2019\u00c9ducation<\/h2>\n\n\n\n<p>\n\tDes outils d&rsquo;aide \u00e0 la gestion de l&rsquo;\u00e9quipe vie scolaire propos\u00e9s par Jean Fran\u00e7ois ROUDEL (CPE, ZAP Dordogne Est)<\/p>\n\n\n\n<ul class=\"wp-block-list\"><li><a href=\"https:\/\/documentcloud.adobe.com\/link\/track?uri=urn%3Aaaid%3Ascds%3AUS%3A88fd8167-3ae9-4b4a-9674-82cb44d84414\"> Premier contact<\/a><\/li><li> <a href=\"https:\/\/documentcloud.adobe.com\/link\/track?uri=urn%3Aaaid%3Ascds%3AUS%3Ad1c6b604-6966-499d-a04a-5d9e0125b1b1\">Questionnaire D\u00e9cembre<\/a><\/li><li> <a href=\"https:\/\/documentcloud.adobe.com\/link\/track?uri=urn%3Aaaid%3Ascds%3AUS%3A08724e6d-a5d2-4c3c-b5da-171235cb4656\">Questionnaire Juin<\/a><\/li><\/ul>\n\n\n\n<p>\n\tUne pr\u00e9sentation sur le recrutement des AED fait par une coll\u00e8gue de la ZAP du 64:<\/p>\n\n\n\n<ul class=\"wp-block-list\"><li> <a href=\"https:\/\/documentcloud.adobe.com\/link\/track?uri=urn%3Aaaid%3Ascds%3AUS%3A1185cf87-466f-41f4-a75a-20f99b5a6ee7\">Recrutement des AED<\/a><\/li><\/ul>\n\n\n\n<p>\n\tExemple de fiche de poste :<\/p>\n\n\n\n<ul class=\"wp-block-list\"><li> <a href=\"https:\/\/documentcloud.adobe.com\/link\/track?uri=urn%3Aaaid%3Ascds%3AUS%3A377c1c39-7f80-45b6-9927-f767c37ce65a\">fiche de poste de la ZAP des Gaves<\/a><\/li><\/ul>\n\n\n\n<figure class=\"wp-block-image\"><img loading=\"lazy\" decoding=\"async\" width=\"350\" height=\"499\" src=\"https:\/\/ent2d.ac-bordeaux.fr\/disciplines\/vie-scolaire\/wp-content\/uploads\/sites\/28\/2020\/03\/AED.jpg\" alt=\"\" class=\"wp-image-264\" srcset=\"https:\/\/ent2d.ac-bordeaux.fr\/disciplines\/vie-scolaire\/wp-content\/uploads\/sites\/28\/2020\/03\/AED.jpg 350w, https:\/\/ent2d.ac-bordeaux.fr\/disciplines\/vie-scolaire\/wp-content\/uploads\/sites\/28\/2020\/03\/AED-210x300.jpg 210w\" sizes=\"auto, (max-width: 350px) 100vw, 350px\" \/><figcaption><a href=\"https:\/\/documentcloud.adobe.com\/link\/track?uri=urn%3Aaaid%3Ascds%3AUS%3Aa3b5d3bf-7d18-4a17-b58b-6b5ff3e1817c\">Ressources pour un accompagnement des AED<\/a><\/figcaption><\/figure>\n","protected":false},"excerpt":{"rendered":"<p>Les CPE exercent leurs missions avec l&rsquo;appui de l&rsquo;\u00e9quipe vie scolaire. Ils sont charg\u00e9s de l&rsquo;\u00e9laboration des emplois du temps de l&rsquo;\u00e9quipe, de l&rsquo;application des r\u00e8gles de travail et&nbsp;du respect des personnes. Ils sont amen\u00e9s \u00e0 prodiguer des conseils en mati\u00e8re de formation et peuvent participer \u00e0 l&rsquo;\u00e9valuation des membres de l&rsquo;\u00e9quipe. &#8211; Guide pratique &hellip; <\/p>\n<p><a class=\"more-link btn\" href=\"https:\/\/ent2d.ac-bordeaux.fr\/disciplines\/vie-scolaire\/animation-du-service-vie-scolaire\/\">Lire la suite<\/a><\/p>\n","protected":false},"author":583,"featured_media":0,"parent":0,"menu_order":0,"comment_status":"closed","ping_status":"closed","template":"","meta":{"footnotes":""},"class_list":["post-156","page","type-page","status-publish","hentry","nodate","item-wrap"],"_links":{"self":[{"href":"https:\/\/ent2d.ac-bordeaux.fr\/disciplines\/vie-scolaire\/wp-json\/wp\/v2\/pages\/156","targetHints":{"allow":["GET"]}}],"collection":[{"href":"https:\/\/ent2d.ac-bordeaux.fr\/disciplines\/vie-scolaire\/wp-json\/wp\/v2\/pages"}],"about":[{"href":"https:\/\/ent2d.ac-bordeaux.fr\/disciplines\/vie-scolaire\/wp-json\/wp\/v2\/types\/page"}],"author":[{"embeddable":true,"href":"https:\/\/ent2d.ac-bordeaux.fr\/disciplines\/vie-scolaire\/wp-json\/wp\/v2\/users\/583"}],"replies":[{"embeddable":true,"href":"https:\/\/ent2d.ac-bordeaux.fr\/disciplines\/vie-scolaire\/wp-json\/wp\/v2\/comments?post=156"}],"version-history":[{"count":8,"href":"https:\/\/ent2d.ac-bordeaux.fr\/disciplines\/vie-scolaire\/wp-json\/wp\/v2\/pages\/156\/revisions"}],"predecessor-version":[{"id":265,"href":"https:\/\/ent2d.ac-bordeaux.fr\/disciplines\/vie-scolaire\/wp-json\/wp\/v2\/pages\/156\/revisions\/265"}],"wp:attachment":[{"href":"https:\/\/ent2d.ac-bordeaux.fr\/disciplines\/vie-scolaire\/wp-json\/wp\/v2\/media?parent=156"}],"curies":[{"name":"wp","href":"https:\/\/api.w.org\/{rel}","templated":true}]}}