{"id":132,"date":"2020-03-18T14:45:25","date_gmt":"2020-03-18T13:45:25","guid":{"rendered":"https:\/\/ent2d.ac-bordeaux.fr\/disciplines\/vie-scolaire\/?page_id=132"},"modified":"2020-03-25T17:37:32","modified_gmt":"2020-03-25T16:37:32","slug":"egalite-filles-garcons","status":"publish","type":"page","link":"https:\/\/ent2d.ac-bordeaux.fr\/disciplines\/vie-scolaire\/egalite-filles-garcons\/","title":{"rendered":"\u00c9galit\u00e9 Filles-Gar\u00e7ons"},"content":{"rendered":"\n<blockquote class=\"wp-block-quote is-style-default is-layout-flow wp-block-quote-is-layout-flow\"><p> L\u2019\u00e9galit\u00e9 des filles et des gar\u00e7ons est un principe fondamental inscrit  dans le code de l&rsquo;\u00e9ducation. Elle encourage un climat scolaire serein,  assure un cadre protecteur &#8211; sans comportements ni violences sexistes &#8211;  et elle favorise la mixit\u00e9 et l&rsquo;\u00e9galit\u00e9 en mati\u00e8re d&rsquo;orientation.            <\/p><cite>Minist\u00e8re de l\u2019\u00c9ducation Nationale<\/cite><\/blockquote>\n\n\n\n<p>Un site minist\u00e9riel d\u00e9di\u00e9 \u00e0 cette th\u00e9matique : <a href=\"https:\/\/www.education.gouv.fr\/egalite-des-filles-et-des-garcons-9047\">https:\/\/www.education.gouv.fr\/egalite-des-filles-et-des-garcons-9047<\/a><\/p>\n\n\n\n<figure class=\"wp-block-image\"><img loading=\"lazy\" decoding=\"async\" width=\"916\" height=\"458\" src=\"https:\/\/ent2d.ac-bordeaux.fr\/disciplines\/vie-scolaire\/wp-content\/uploads\/sites\/28\/2020\/03\/egalite-filles-gar\u00e7ons.gif\" alt=\"\" class=\"wp-image-233\" \/><\/figure>\n","protected":false},"excerpt":{"rendered":"<p>L\u2019\u00e9galit\u00e9 des filles et des gar\u00e7ons est un principe fondamental inscrit dans le code de l&rsquo;\u00e9ducation. Elle encourage un climat scolaire serein, assure un cadre protecteur &#8211; sans comportements ni violences sexistes &#8211; et elle favorise la mixit\u00e9 et l&rsquo;\u00e9galit\u00e9 en mati\u00e8re d&rsquo;orientation. Minist\u00e8re de l\u2019\u00c9ducation Nationale Un site minist\u00e9riel d\u00e9di\u00e9 \u00e0 cette th\u00e9matique : &hellip; <\/p>\n<p><a class=\"more-link btn\" href=\"https:\/\/ent2d.ac-bordeaux.fr\/disciplines\/vie-scolaire\/egalite-filles-garcons\/\">Lire la suite<\/a><\/p>\n","protected":false},"author":583,"featured_media":0,"parent":0,"menu_order":0,"comment_status":"closed","ping_status":"closed","template":"","meta":{"footnotes":""},"class_list":["post-132","page","type-page","status-publish","hentry","nodate","item-wrap"],"_links":{"self":[{"href":"https:\/\/ent2d.ac-bordeaux.fr\/disciplines\/vie-scolaire\/wp-json\/wp\/v2\/pages\/132","targetHints":{"allow":["GET"]}}],"collection":[{"href":"https:\/\/ent2d.ac-bordeaux.fr\/disciplines\/vie-scolaire\/wp-json\/wp\/v2\/pages"}],"about":[{"href":"https:\/\/ent2d.ac-bordeaux.fr\/disciplines\/vie-scolaire\/wp-json\/wp\/v2\/types\/page"}],"author":[{"embeddable":true,"href":"https:\/\/ent2d.ac-bordeaux.fr\/disciplines\/vie-scolaire\/wp-json\/wp\/v2\/users\/583"}],"replies":[{"embeddable":true,"href":"https:\/\/ent2d.ac-bordeaux.fr\/disciplines\/vie-scolaire\/wp-json\/wp\/v2\/comments?post=132"}],"version-history":[{"count":4,"href":"https:\/\/ent2d.ac-bordeaux.fr\/disciplines\/vie-scolaire\/wp-json\/wp\/v2\/pages\/132\/revisions"}],"predecessor-version":[{"id":234,"href":"https:\/\/ent2d.ac-bordeaux.fr\/disciplines\/vie-scolaire\/wp-json\/wp\/v2\/pages\/132\/revisions\/234"}],"wp:attachment":[{"href":"https:\/\/ent2d.ac-bordeaux.fr\/disciplines\/vie-scolaire\/wp-json\/wp\/v2\/media?parent=132"}],"curies":[{"name":"wp","href":"https:\/\/api.w.org\/{rel}","templated":true}]}}