{"id":746,"date":"2016-02-19T21:50:45","date_gmt":"2016-02-19T20:50:45","guid":{"rendered":"http:\/\/ent2d.ac-bordeaux.fr\/disciplines\/svt\/?page_id=746"},"modified":"2016-11-30T19:57:57","modified_gmt":"2016-11-30T18:57:57","slug":"746-2","status":"publish","type":"page","link":"https:\/\/ent2d.ac-bordeaux.fr\/disciplines\/svt\/746-2\/","title":{"rendered":"Protocole de r\u00e9alisation de la pr\u00e9paration microscopique"},"content":{"rendered":"<ul>\n<li><b>Observation d&rsquo;\u00eatres vivants en suspension dans un liquide<\/b>\n<ul>\n<li>D\u00e9poser une goutte d&rsquo;eau\u00a0 et de bleu de m\u00e9thyl\u00e8ne sur une lame sur une lame ;<\/li>\n<li>D\u00e9poser une goutte de surnageant yaourt, d&rsquo;eau d&rsquo;un vase, d&rsquo;eau d&rsquo;une mare, &#8230;. ;<\/li>\n<li>Recouvrir cette pr\u00e9paration d\u2019une lamelle en faisant bien attention de ne pas emprisonner de bulles d\u2019air ;<\/li>\n<li>Observer au faible grossissement ;<\/li>\n<li>Changer de grossissement jusqu&rsquo;\u00e0 ce que l&rsquo;\u00eatre vivant soit ais\u00e9ment observable.<\/li>\n<\/ul>\n<\/li>\n<\/ul>\n<ul>\n<li><b>Observation d&rsquo;\u00eatres vivants situ\u00e9s sur un support solide<\/b>\n<ul>\n<li>D\u00e9poser une goutte d&rsquo;eau\u00a0 et de bleu de m\u00e9thyl\u00e8ne sur une lame sur une lame ;<\/li>\n<li>Pr\u00e9lever, par grattage avec la pince, un peu de mossissure, des levures, du Pleurocoque ;<\/li>\n<li>Le d\u00e9poser dans la goutte d\u2019eau ;<\/li>\n<li>Recouvrir cette pr\u00e9paration d\u2019une lamelle en faisant bien attention de ne pas emprisonner de bulles d\u2019air ;<\/li>\n<li>Observer au faible grossissement ;<\/li>\n<li>Changer de grossissement jusqu&rsquo;\u00e0 ce que l&rsquo;\u00eatre vivant soit ais\u00e9ment observable.<\/li>\n<\/ul>\n<\/li>\n<\/ul>\n","protected":false},"excerpt":{"rendered":"<p>Observation d&rsquo;\u00eatres vivants en suspension dans un liquide D\u00e9poser une goutte d&rsquo;eau\u00a0 et de bleu de m\u00e9thyl\u00e8ne sur une lame sur une lame ; D\u00e9poser une goutte de surnageant yaourt, d&rsquo;eau d&rsquo;un vase, d&rsquo;eau d&rsquo;une mare, &#8230;. ; Recouvrir cette pr\u00e9paration d\u2019une lamelle en faisant bien attention de ne pas emprisonner de bulles d\u2019air ; &hellip; <\/p>\n<p><a class=\"more-link btn\" href=\"https:\/\/ent2d.ac-bordeaux.fr\/disciplines\/svt\/746-2\/\">Lire la suite<\/a><\/p>\n","protected":false},"author":8,"featured_media":0,"parent":0,"menu_order":0,"comment_status":"closed","ping_status":"closed","template":"template-twocolumnsright.php","meta":{"footnotes":""},"class_list":["post-746","page","type-page","status-publish","hentry","nodate","item-wrap"],"_links":{"self":[{"href":"https:\/\/ent2d.ac-bordeaux.fr\/disciplines\/svt\/wp-json\/wp\/v2\/pages\/746","targetHints":{"allow":["GET"]}}],"collection":[{"href":"https:\/\/ent2d.ac-bordeaux.fr\/disciplines\/svt\/wp-json\/wp\/v2\/pages"}],"about":[{"href":"https:\/\/ent2d.ac-bordeaux.fr\/disciplines\/svt\/wp-json\/wp\/v2\/types\/page"}],"author":[{"embeddable":true,"href":"https:\/\/ent2d.ac-bordeaux.fr\/disciplines\/svt\/wp-json\/wp\/v2\/users\/8"}],"replies":[{"embeddable":true,"href":"https:\/\/ent2d.ac-bordeaux.fr\/disciplines\/svt\/wp-json\/wp\/v2\/comments?post=746"}],"version-history":[{"count":2,"href":"https:\/\/ent2d.ac-bordeaux.fr\/disciplines\/svt\/wp-json\/wp\/v2\/pages\/746\/revisions"}],"predecessor-version":[{"id":748,"href":"https:\/\/ent2d.ac-bordeaux.fr\/disciplines\/svt\/wp-json\/wp\/v2\/pages\/746\/revisions\/748"}],"wp:attachment":[{"href":"https:\/\/ent2d.ac-bordeaux.fr\/disciplines\/svt\/wp-json\/wp\/v2\/media?parent=746"}],"curies":[{"name":"wp","href":"https:\/\/api.w.org\/{rel}","templated":true}]}}