{"id":669,"date":"2016-02-17T21:54:51","date_gmt":"2016-02-17T20:54:51","guid":{"rendered":"http:\/\/ent2d.ac-bordeaux.fr\/disciplines\/svt\/?page_id=669"},"modified":"2016-11-30T19:58:15","modified_gmt":"2016-11-30T18:58:15","slug":"structure-dun-anticorps-1","status":"publish","type":"page","link":"https:\/\/ent2d.ac-bordeaux.fr\/disciplines\/svt\/structure-dun-anticorps-1\/","title":{"rendered":"Structure d&rsquo;un anticorps (1)"},"content":{"rendered":"<table class=\"contenu\" style=\"height: 298px\" border=\"\" width=\"731\">\n<tbody>\n<tr>\n<td>Objectif<\/td>\n<td>D\u00e9crire la structure d&rsquo;un anticorps<\/td>\n<\/tr>\n<tr>\n<td width=\"30%\">Mode de raisonnement<\/td>\n<td><a href=\"http:\/\/ent2d.ac-bordeaux.fr\/disciplines\/svt\/enseigner\/ressources-par-niveau\/reforme-college\/demarches-en-svt-gttp\/modes-de-raisonnement\/#ancre2\">Inductif<\/a><\/td>\n<\/tr>\n<tr>\n<td>Mode de regroupement des \u00e9l\u00e8ves<\/td>\n<td><a href=\"http:\/\/ent2d.ac-bordeaux.fr\/disciplines\/svt\/enseigner\/ressources-par-niveau\/reforme-college\/demarches-en-svt-gttp\/groupement-des-eleves\/#ancre1\">Bin\u00f4me <\/a>chaque groupe \u00e9tudie toutes les <a href=\"http:\/\/ent2d.ac-bordeaux.fr\/disciplines\/svt\/enseigner\/ressources-par-niveau\/reforme-college\/demarches-en-svt-gttp\/sequences-anagene\/\">s\u00e9quences<\/a> et\u00a0<a href=\"http:\/\/ent2d.ac-bordeaux.fr\/disciplines\/svt\/enseigner\/ressources-par-niveau\/reforme-college\/demarches-en-svt-gttp\/sequences-rastop\/\">structures<\/a> des anticorps dirig\u00e9s contre diff\u00e9rents antig\u00e8nes du VIH.<\/td>\n<\/tr>\n<tr>\n<td><b>Activit\u00e9\u00a0<\/b><\/td>\n<td>Mettre en oeuvre le protocole ci-dessous.<\/p>\n<ul>\n<li><b>\u00e0 l&rsquo;aide du logiciel <a href=\"http:\/\/ent2d.ac-bordeaux.fr\/disciplines\/svt\/enseigner\/ressources-par-niveau\/reforme-college\/demarches-en-svt-gttp\/logiciel-rastop\/\">RASTOP<\/a><\/b>, d\u00e9crire une mol\u00e9cule d&rsquo;anticorps<\/li>\n<li><b>\u00e0 l&rsquo;aide du logiciel <a href=\"http:\/\/ent2d.ac-bordeaux.fr\/disciplines\/svt\/enseigner\/ressources-par-niveau\/reforme-college\/demarches-en-svt-gttp\/logiciel-anagene\/\">ANAGENE<\/a> : <\/b>comparer les cha\u00eenes constitutives d&rsquo; un anticorps.<\/li>\n<li><b>\u00e0 l&rsquo;aide du logiciel <a href=\"http:\/\/ent2d.ac-bordeaux.fr\/disciplines\/svt\/enseigner\/ressources-par-niveau\/reforme-college\/demarches-en-svt-gttp\/logiciel-rastop\/\">RASTOP<\/a><\/b>, rep\u00e9rer la position des parties constantes et\u00a0 variables d&rsquo;un anticorps.<\/li>\n<li><b>\u00e0 l&rsquo;aide du logiciel <a href=\"http:\/\/ent2d.ac-bordeaux.fr\/disciplines\/svt\/enseigner\/ressources-par-niveau\/reforme-college\/demarches-en-svt-gttp\/logiciel-rastop\/\">RASTOP<\/a><\/b> rep\u00e9rer la position de l&rsquo;antig\u00e8ne sur l&rsquo;anticorps.<\/li>\n<\/ul>\n<\/td>\n<\/tr>\n<tr>\n<td>Production attendue<\/td>\n<td><a href=\"http:\/\/ent2d.ac-bordeaux.fr\/disciplines\/svt\/enseigner\/ressources-par-niveau\/reforme-college\/demarches-en-svt-gttp\/criteres-de-reussite-du-schema\/\">Sch\u00e9ma<\/a> annot\u00e9 repr\u00e9sentant un anticorps et l&rsquo;antig\u00e8ne compl\u00e9mentaire<\/td>\n<\/tr>\n<\/tbody>\n<\/table>\n<p>&nbsp;<\/p>\n<table class=\"contenu\" style=\"height: 38px\" border=\"\" width=\"730\">\n<tbody>\n<tr>\n<td><a href=\"http:\/\/ent2d.ac-bordeaux.fr\/disciplines\/svt\/enseigner\/ressources-par-niveau\/reforme-college\/demarches-en-svt-gttp\/structure-dun-anticorps-2\/\">Anticorps (2)<\/a><\/td>\n<td><a href=\"http:\/\/ent2d.ac-bordeaux.fr\/disciplines\/svt\/enseigner\/ressources-par-niveau\/reforme-college\/demarches-en-svt-gttp\/structure-dun-anticorps-3\/\">Anticorps (3)<\/a><\/td>\n<\/tr>\n<\/tbody>\n<\/table>\n","protected":false},"excerpt":{"rendered":"<p>Objectif D\u00e9crire la structure d&rsquo;un anticorps Mode de raisonnement Inductif Mode de regroupement des \u00e9l\u00e8ves Bin\u00f4me chaque groupe \u00e9tudie toutes les s\u00e9quences et\u00a0structures des anticorps dirig\u00e9s contre diff\u00e9rents antig\u00e8nes du VIH. Activit\u00e9\u00a0 Mettre en oeuvre le protocole ci-dessous. \u00e0 l&rsquo;aide du logiciel RASTOP, d\u00e9crire une mol\u00e9cule d&rsquo;anticorps \u00e0 l&rsquo;aide du logiciel ANAGENE : comparer les &hellip; <\/p>\n<p><a class=\"more-link btn\" href=\"https:\/\/ent2d.ac-bordeaux.fr\/disciplines\/svt\/structure-dun-anticorps-1\/\">Lire la suite<\/a><\/p>\n","protected":false},"author":8,"featured_media":0,"parent":0,"menu_order":0,"comment_status":"closed","ping_status":"closed","template":"template-twocolumnsright.php","meta":{"footnotes":""},"class_list":["post-669","page","type-page","status-publish","hentry","nodate","item-wrap"],"_links":{"self":[{"href":"https:\/\/ent2d.ac-bordeaux.fr\/disciplines\/svt\/wp-json\/wp\/v2\/pages\/669","targetHints":{"allow":["GET"]}}],"collection":[{"href":"https:\/\/ent2d.ac-bordeaux.fr\/disciplines\/svt\/wp-json\/wp\/v2\/pages"}],"about":[{"href":"https:\/\/ent2d.ac-bordeaux.fr\/disciplines\/svt\/wp-json\/wp\/v2\/types\/page"}],"author":[{"embeddable":true,"href":"https:\/\/ent2d.ac-bordeaux.fr\/disciplines\/svt\/wp-json\/wp\/v2\/users\/8"}],"replies":[{"embeddable":true,"href":"https:\/\/ent2d.ac-bordeaux.fr\/disciplines\/svt\/wp-json\/wp\/v2\/comments?post=669"}],"version-history":[{"count":8,"href":"https:\/\/ent2d.ac-bordeaux.fr\/disciplines\/svt\/wp-json\/wp\/v2\/pages\/669\/revisions"}],"predecessor-version":[{"id":857,"href":"https:\/\/ent2d.ac-bordeaux.fr\/disciplines\/svt\/wp-json\/wp\/v2\/pages\/669\/revisions\/857"}],"wp:attachment":[{"href":"https:\/\/ent2d.ac-bordeaux.fr\/disciplines\/svt\/wp-json\/wp\/v2\/media?parent=669"}],"curies":[{"name":"wp","href":"https:\/\/api.w.org\/{rel}","templated":true}]}}