{"id":660,"date":"2016-02-17T21:43:49","date_gmt":"2016-02-17T20:43:49","guid":{"rendered":"http:\/\/ent2d.ac-bordeaux.fr\/disciplines\/svt\/?page_id=660"},"modified":"2016-11-30T19:57:29","modified_gmt":"2016-11-30T18:57:29","slug":"ouchterlony-3","status":"publish","type":"page","link":"https:\/\/ent2d.ac-bordeaux.fr\/disciplines\/svt\/ouchterlony-3\/","title":{"rendered":"Ouchterlony (3)"},"content":{"rendered":"<table class=\"contenu\" style=\"height: 273px\" border=\"\" width=\"733\">\n<tbody>\n<tr>\n<td>Objectif<\/td>\n<td>Tester la sp\u00e9cificit\u00e9 d&rsquo;un anticorps X (anticorps produit par le lapin \u00e0 la suite de l&rsquo;introduction d&rsquo;une albumine de boeuf)<\/td>\n<\/tr>\n<tr>\n<td width=\"30%\">Mode de raisonnement<\/td>\n<td><a href=\"http:\/\/ent2d.ac-bordeaux.fr\/disciplines\/svt\/enseigner\/ressources-par-niveau\/reforme-college\/demarches-en-svt-gttp\/modes-de-raisonnement\/#ancre3\">D\u00e9ductif<\/a><\/td>\n<\/tr>\n<tr>\n<td>Activit\u00e9 1<\/td>\n<td>Connaissant le principe du test d&rsquo;Ouchterlony et le mat\u00e9riel disponible, <a href=\"http:\/\/ent2d.ac-bordeaux.fr\/disciplines\/svt\/enseigner\/ressources-par-niveau\/reforme-college\/demarches-en-svt-gttp\/protocole-experimental\/\">concevoir<\/a> des manipulations permettant de tester chacune des trois hypoth\u00e8ses<\/p>\n<ul>\n<li>l&rsquo;anticorps X est sp\u00e9cifique des mol\u00e9cules de boeuf<\/li>\n<li>l&rsquo;anticorps X est sp\u00e9cifique de l&rsquo;albumine<\/li>\n<li>l&rsquo;anticorps X est sp\u00e9cifique de l&rsquo;albumine de boeuf<\/li>\n<\/ul>\n<\/td>\n<\/tr>\n<tr>\n<td>Mode de regroupement des \u00e9l\u00e8ves<\/td>\n<td><a href=\"http:\/\/ent2d.ac-bordeaux.fr\/disciplines\/svt\/enseigner\/ressources-par-niveau\/reforme-college\/demarches-en-svt-gttp\/groupement-des-eleves\/#ancre1\">Bin\u00f4me<\/a><\/td>\n<\/tr>\n<tr>\n<td>Productions attendues<\/td>\n<td>Texte et\/ou\u00a0 sch\u00e9ma d\u00e9crivant la manipulation et les r\u00e9sultats pr\u00e9vus<\/td>\n<\/tr>\n<\/tbody>\n<\/table>\n<p>&nbsp;<\/p>\n<table class=\"contenu\" style=\"height: 42px\" border=\"\" width=\"736\">\n<tbody>\n<tr>\n<td><a href=\"http:\/\/ent2d.ac-bordeaux.fr\/disciplines\/svt\/ouchterlony-1\/\">Ouchterlony (1)<\/a><\/td>\n<td><a href=\"http:\/\/ent2d.ac-bordeaux.fr\/disciplines\/svt\/enseigner\/ressources-par-niveau\/reforme-college\/demarches-en-svt-gttp\/ouchterlony-2\/\">Ouchterlony (2)<\/a><\/td>\n<td><a href=\"http:\/\/ent2d.ac-bordeaux.fr\/disciplines\/svt\/enseigner\/ressources-par-niveau\/reforme-college\/demarches-en-svt-gttp\/ouchterlony-4\/\">Ouchterlony (4)<\/a><\/td>\n<\/tr>\n<\/tbody>\n<\/table>\n","protected":false},"excerpt":{"rendered":"<p>Objectif Tester la sp\u00e9cificit\u00e9 d&rsquo;un anticorps X (anticorps produit par le lapin \u00e0 la suite de l&rsquo;introduction d&rsquo;une albumine de boeuf) Mode de raisonnement D\u00e9ductif Activit\u00e9 1 Connaissant le principe du test d&rsquo;Ouchterlony et le mat\u00e9riel disponible, concevoir des manipulations permettant de tester chacune des trois hypoth\u00e8ses l&rsquo;anticorps X est sp\u00e9cifique des mol\u00e9cules de boeuf &hellip; <\/p>\n<p><a class=\"more-link btn\" href=\"https:\/\/ent2d.ac-bordeaux.fr\/disciplines\/svt\/ouchterlony-3\/\">Lire la suite<\/a><\/p>\n","protected":false},"author":8,"featured_media":0,"parent":0,"menu_order":0,"comment_status":"closed","ping_status":"closed","template":"template-twocolumnsright.php","meta":{"footnotes":""},"class_list":["post-660","page","type-page","status-publish","hentry","nodate","item-wrap"],"_links":{"self":[{"href":"https:\/\/ent2d.ac-bordeaux.fr\/disciplines\/svt\/wp-json\/wp\/v2\/pages\/660","targetHints":{"allow":["GET"]}}],"collection":[{"href":"https:\/\/ent2d.ac-bordeaux.fr\/disciplines\/svt\/wp-json\/wp\/v2\/pages"}],"about":[{"href":"https:\/\/ent2d.ac-bordeaux.fr\/disciplines\/svt\/wp-json\/wp\/v2\/types\/page"}],"author":[{"embeddable":true,"href":"https:\/\/ent2d.ac-bordeaux.fr\/disciplines\/svt\/wp-json\/wp\/v2\/users\/8"}],"replies":[{"embeddable":true,"href":"https:\/\/ent2d.ac-bordeaux.fr\/disciplines\/svt\/wp-json\/wp\/v2\/comments?post=660"}],"version-history":[{"count":5,"href":"https:\/\/ent2d.ac-bordeaux.fr\/disciplines\/svt\/wp-json\/wp\/v2\/pages\/660\/revisions"}],"predecessor-version":[{"id":833,"href":"https:\/\/ent2d.ac-bordeaux.fr\/disciplines\/svt\/wp-json\/wp\/v2\/pages\/660\/revisions\/833"}],"wp:attachment":[{"href":"https:\/\/ent2d.ac-bordeaux.fr\/disciplines\/svt\/wp-json\/wp\/v2\/media?parent=660"}],"curies":[{"name":"wp","href":"https:\/\/api.w.org\/{rel}","templated":true}]}}