{"id":658,"date":"2016-02-17T21:43:09","date_gmt":"2016-02-17T20:43:09","guid":{"rendered":"http:\/\/ent2d.ac-bordeaux.fr\/disciplines\/svt\/?page_id=658"},"modified":"2016-11-30T19:57:29","modified_gmt":"2016-11-30T18:57:29","slug":"ouchterlony-2","status":"publish","type":"page","link":"https:\/\/ent2d.ac-bordeaux.fr\/disciplines\/svt\/ouchterlony-2\/","title":{"rendered":"Ouchterlony (2)"},"content":{"rendered":"<table class=\"contenu\" border=\"\" width=\"80%\">\n<tbody>\n<tr>\n<td>Objectif<\/td>\n<td>Interpr\u00e9ter les r\u00e9sultats du test Ouchterlony<\/td>\n<\/tr>\n<tr>\n<td width=\"30%\">Mode de raisonnement<\/td>\n<td><a href=\"http:\/\/ent2d.ac-bordeaux.fr\/disciplines\/svt\/enseigner\/ressources-par-niveau\/reforme-college\/demarches-en-svt-gttp\/modes-de-raisonnement\/#ancre3\">D\u00e9ductif<\/a><\/td>\n<\/tr>\n<tr>\n<td>Activit\u00e9 1<\/td>\n<td>Connaissant le m\u00e9canisme de la formation du <a href=\"http:\/\/ent2d.ac-bordeaux.fr\/disciplines\/svt\/enseigner\/ressources-par-niveau\/reforme-college\/demarches-en-svt-gttp\/principe-de-la-specificite-antigene-anticorps\/\">complexe immun<\/a>, r\u00e9aliser un sch\u00e9ma expliquant la pr\u00e9cipitation<\/td>\n<\/tr>\n<tr>\n<td>Mode de regroupement des \u00e9l\u00e8ves<\/td>\n<td>Seul ou en <a href=\"http:\/\/ent2d.ac-bordeaux.fr\/disciplines\/svt\/enseigner\/ressources-par-niveau\/reforme-college\/demarches-en-svt-gttp\/groupement-des-eleves\/#ancre1\">bin\u00f4me<\/a><\/td>\n<\/tr>\n<tr>\n<td>Production attendue<\/td>\n<td><a href=\"http:\/\/ent2d.ac-bordeaux.fr\/disciplines\/svt\/enseigner\/ressources-par-niveau\/reforme-college\/demarches-en-svt-gttp\/criteres-de-reussite-du-schema\/\">Sch\u00e9ma<\/a> explicatif<\/td>\n<\/tr>\n<\/tbody>\n<\/table>\n<p>&nbsp;<\/p>\n<table class=\"contenu\" style=\"height: 42px\" border=\"\" width=\"736\">\n<tbody>\n<tr>\n<td><a href=\"http:\/\/ent2d.ac-bordeaux.fr\/disciplines\/svt\/ouchterlony-1\/\">Ouchterlony (1)<\/a><\/td>\n<td><a href=\"http:\/\/ent2d.ac-bordeaux.fr\/disciplines\/svt\/ouchterlony-3\/\">Ouchterlony (3)\u00a0<\/a><\/td>\n<td><a href=\"http:\/\/ent2d.ac-bordeaux.fr\/disciplines\/svt\/enseigner\/ressources-par-niveau\/reforme-college\/demarches-en-svt-gttp\/ouchterlony-4\/\">Ouchterlony (4)<\/a><\/td>\n<\/tr>\n<\/tbody>\n<\/table>\n","protected":false},"excerpt":{"rendered":"<p>Objectif Interpr\u00e9ter les r\u00e9sultats du test Ouchterlony Mode de raisonnement D\u00e9ductif Activit\u00e9 1 Connaissant le m\u00e9canisme de la formation du complexe immun, r\u00e9aliser un sch\u00e9ma expliquant la pr\u00e9cipitation Mode de regroupement des \u00e9l\u00e8ves Seul ou en bin\u00f4me Production attendue Sch\u00e9ma explicatif &nbsp; Ouchterlony (1) Ouchterlony (3)\u00a0 Ouchterlony (4)<\/p>\n","protected":false},"author":8,"featured_media":0,"parent":0,"menu_order":0,"comment_status":"closed","ping_status":"closed","template":"template-twocolumnsright.php","meta":{"footnotes":""},"class_list":["post-658","page","type-page","status-publish","hentry","nodate","item-wrap"],"_links":{"self":[{"href":"https:\/\/ent2d.ac-bordeaux.fr\/disciplines\/svt\/wp-json\/wp\/v2\/pages\/658","targetHints":{"allow":["GET"]}}],"collection":[{"href":"https:\/\/ent2d.ac-bordeaux.fr\/disciplines\/svt\/wp-json\/wp\/v2\/pages"}],"about":[{"href":"https:\/\/ent2d.ac-bordeaux.fr\/disciplines\/svt\/wp-json\/wp\/v2\/types\/page"}],"author":[{"embeddable":true,"href":"https:\/\/ent2d.ac-bordeaux.fr\/disciplines\/svt\/wp-json\/wp\/v2\/users\/8"}],"replies":[{"embeddable":true,"href":"https:\/\/ent2d.ac-bordeaux.fr\/disciplines\/svt\/wp-json\/wp\/v2\/comments?post=658"}],"version-history":[{"count":4,"href":"https:\/\/ent2d.ac-bordeaux.fr\/disciplines\/svt\/wp-json\/wp\/v2\/pages\/658\/revisions"}],"predecessor-version":[{"id":830,"href":"https:\/\/ent2d.ac-bordeaux.fr\/disciplines\/svt\/wp-json\/wp\/v2\/pages\/658\/revisions\/830"}],"wp:attachment":[{"href":"https:\/\/ent2d.ac-bordeaux.fr\/disciplines\/svt\/wp-json\/wp\/v2\/media?parent=658"}],"curies":[{"name":"wp","href":"https:\/\/api.w.org\/{rel}","templated":true}]}}