{"id":559,"date":"2016-02-17T20:19:43","date_gmt":"2016-02-17T19:19:43","guid":{"rendered":"http:\/\/ent2d.ac-bordeaux.fr\/disciplines\/svt\/?page_id=559"},"modified":"2016-11-30T19:54:12","modified_gmt":"2016-11-30T18:54:12","slug":"criteres-de-reussite-du-dessin-dobservation","status":"publish","type":"page","link":"https:\/\/ent2d.ac-bordeaux.fr\/disciplines\/svt\/criteres-de-reussite-du-dessin-dobservation\/","title":{"rendered":"Crit\u00e8res de r\u00e9ussite du dessin d&rsquo;observation"},"content":{"rendered":"<table class=\"contenu\" style=\"height: 611px\" border=\"\" width=\"732\">\n<tbody>\n<tr>\n<td><b>Crit\u00e8res se rapportant \u00e0 la pr\u00e9sentation<\/b><\/td>\n<\/tr>\n<tr>\n<td>\n<ul>\n<li>mise en page\n<ul>\n<li>dessin centr\u00e9<\/li>\n<li>grand (de l&rsquo;ordre d&rsquo;une demi page)<\/li>\n<li>propre<\/li>\n<\/ul>\n<\/li>\n<li>trac\u00e9\n<ul>\n<li>au crayon<\/li>\n<li>trait net, pr\u00e9cis<\/li>\n<\/ul>\n<\/li>\n<li>disposition des l\u00e9gendes et du titre\n<ul>\n<li>l\u00e9gendes et titre lisibles, au crayon<\/li>\n<li>l\u00e9gendes superpos\u00e9es, loin du dessin<\/li>\n<li>traits de rappel rectilignes, non crois\u00e9s,<\/li>\n<\/ul>\n<\/li>\n<\/ul>\n<\/td>\n<\/tr>\n<tr>\n<td><b>Crit\u00e8res se rapportant \u00e0 la pertinence de l&rsquo;observation<\/b><\/td>\n<\/tr>\n<tr>\n<td>\n<ul>\n<li>observation\n<ul>\n<li>forme d&rsquo;ensemble exacte<\/li>\n<li>proportions respect\u00e9es<\/li>\n<li>d\u00e9tails en relation avec la question pos\u00e9e<\/li>\n<\/ul>\n<\/li>\n<li>annotations\n<ul>\n<li>titre adapt\u00e9 \u00e0 la question pos\u00e9e<\/li>\n<li>mode d&rsquo;observation et (\u00e9ventuellement) grossissement indiqu\u00e9s<\/li>\n<li>pr\u00e9sence d&rsquo;une \u00e9chelle m\u00e9trique<\/li>\n<li>l\u00e9gendes exactes<\/li>\n<\/ul>\n<\/li>\n<\/ul>\n<\/td>\n<\/tr>\n<\/tbody>\n<\/table>\n","protected":false},"excerpt":{"rendered":"<p>Crit\u00e8res se rapportant \u00e0 la pr\u00e9sentation mise en page dessin centr\u00e9 grand (de l&rsquo;ordre d&rsquo;une demi page) propre trac\u00e9 au crayon trait net, pr\u00e9cis disposition des l\u00e9gendes et du titre l\u00e9gendes et titre lisibles, au crayon l\u00e9gendes superpos\u00e9es, loin du dessin traits de rappel rectilignes, non crois\u00e9s, Crit\u00e8res se rapportant \u00e0 la pertinence de l&rsquo;observation &hellip; <\/p>\n<p><a class=\"more-link btn\" href=\"https:\/\/ent2d.ac-bordeaux.fr\/disciplines\/svt\/criteres-de-reussite-du-dessin-dobservation\/\">Lire la suite<\/a><\/p>\n","protected":false},"author":8,"featured_media":0,"parent":0,"menu_order":0,"comment_status":"closed","ping_status":"closed","template":"template-twocolumnsright.php","meta":{"footnotes":""},"class_list":["post-559","page","type-page","status-publish","hentry","nodate","item-wrap"],"_links":{"self":[{"href":"https:\/\/ent2d.ac-bordeaux.fr\/disciplines\/svt\/wp-json\/wp\/v2\/pages\/559","targetHints":{"allow":["GET"]}}],"collection":[{"href":"https:\/\/ent2d.ac-bordeaux.fr\/disciplines\/svt\/wp-json\/wp\/v2\/pages"}],"about":[{"href":"https:\/\/ent2d.ac-bordeaux.fr\/disciplines\/svt\/wp-json\/wp\/v2\/types\/page"}],"author":[{"embeddable":true,"href":"https:\/\/ent2d.ac-bordeaux.fr\/disciplines\/svt\/wp-json\/wp\/v2\/users\/8"}],"replies":[{"embeddable":true,"href":"https:\/\/ent2d.ac-bordeaux.fr\/disciplines\/svt\/wp-json\/wp\/v2\/comments?post=559"}],"version-history":[{"count":2,"href":"https:\/\/ent2d.ac-bordeaux.fr\/disciplines\/svt\/wp-json\/wp\/v2\/pages\/559\/revisions"}],"predecessor-version":[{"id":764,"href":"https:\/\/ent2d.ac-bordeaux.fr\/disciplines\/svt\/wp-json\/wp\/v2\/pages\/559\/revisions\/764"}],"wp:attachment":[{"href":"https:\/\/ent2d.ac-bordeaux.fr\/disciplines\/svt\/wp-json\/wp\/v2\/media?parent=559"}],"curies":[{"name":"wp","href":"https:\/\/api.w.org\/{rel}","templated":true}]}}