{"id":5436,"date":"2025-10-27T15:53:59","date_gmt":"2025-10-27T14:53:59","guid":{"rendered":"https:\/\/ent2d.ac-bordeaux.fr\/disciplines\/svt\/?page_id=5436"},"modified":"2026-02-10T18:52:25","modified_gmt":"2026-02-10T17:52:25","slug":"intelligences-artificielles-et-enseignement-des-svt","status":"publish","type":"page","link":"https:\/\/ent2d.ac-bordeaux.fr\/disciplines\/svt\/intelligences-artificielles-et-enseignement-des-svt\/","title":{"rendered":"Intelligences artificielles et enseignement des SVT"},"content":{"rendered":"\n<p><\/p>\n\n\n\n<h3 class=\"wp-block-heading\">Webinaire#1 &#8211; IA g\u00e9n\u00e9ratives en \u00e9ducation : pr\u00e9cautions d&rsquo;usage<\/h3>\n\n\n\n<figure class=\"wp-block-video\"><video controls src=\"https:\/\/podeduc.apps.education.fr\/media\/videos\/0b6bc12b48c2a65b847f02781696452f6cf8d3c2a3515f2cec189f614b9e1db8\/109021\/720p.mp4\"><\/video><\/figure>\n\n\n\n<p>Syst\u00e8mes d&rsquo;IA recommand\u00e9s en attendant l&rsquo;IA souveraine :<\/p>\n\n\n\n<ul class=\"wp-block-list\">\n<li><a href=\"https:\/\/comparia.beta.gouv.fr\/\" target=\"_blank\" rel=\"noreferrer noopener\">https:\/\/comparia.beta.gouv.fr\/<\/a><\/li>\n\n\n\n<li><a href=\"https:\/\/duckduckgo.com\/?q=DuckDuckGo+AI+Chat&amp;ia=chat&amp;duckai=1\" target=\"_blank\" rel=\"noreferrer noopener\">https:\/\/duckduckgo.com\/?q=DuckDuckGo+AI+Chat&amp;ia=chat&amp;duckai=1<\/a><\/li>\n\n\n\n<li><a href=\"https:\/\/fr.vittascience.com\/ia\/\" target=\"_blank\" rel=\"noreferrer noopener\">https:\/\/fr.vittascience.com\/ia\/<\/a><br>\u00a0<\/li>\n<\/ul>\n\n\n\n<p>Diaporama :\u00a0<a href=\"https:\/\/nuage06.apps.education.fr\/index.php\/s\/wQ98WmTF8JyA4GY\" target=\"_blank\" rel=\"noreferrer noopener\">https:\/\/nuage06.apps.education.fr\/index.php\/s\/wQ98WmTF8JyA4GY<\/a><\/p>\n\n\n\n<h3 class=\"wp-block-heading\">Webinaire#2 &#8211; S\u2019assister de l\u2019IA pour concevoir, ajuster et enrichir un sc\u00e9nario p\u00e9dagogique<\/h3>\n\n\n\n<figure class=\"wp-block-video\"><video controls src=\"https:\/\/podeduc.apps.education.fr\/media\/videos\/0b6bc12b48c2a65b847f02781696452f6cf8d3c2a3515f2cec189f614b9e1db8\/130565\/720p.mp4\"><\/video><\/figure>\n\n\n\n<p>Si la vid\u00e9o n&rsquo;appara\u00eet pas, elle est disponible sur la cha\u00eene Podeduc \u00ab\u00a0SVT Bordeaux\u00a0\u00bb <a href=\"https:\/\/podeduc.apps.education.fr\/video\/130565-lusage-des-ia-generatives-en-svt-webinaire2-sassister-de-lia-pour-concevoir-ajuster-et-enrichir-un-scenario-pedagogiquemp4\/\" target=\"_blank\" rel=\"noreferrer noopener\">https:\/\/podeduc.apps.education.fr\/video\/130565-lusage-des-ia-generatives-en-svt-webinaire2-sassister-de-lia-pour-concevoir-ajuster-et-enrichir-un-scenario-pedagogiquemp4\/<\/a><\/p>\n\n\n\n<p>Diaporama : <a href=\"https:\/\/nuage06.apps.education.fr\/index.php\/s\/g5oYLsgtaM6wN39\" target=\"_blank\" rel=\"noreferrer noopener\">https:\/\/nuage06.apps.education.fr\/index.php\/s\/g5oYLsgtaM6wN39<\/a><\/p>\n\n\n\n<p>Banque de prompts pr\u00e9sent\u00e9s : <a href=\"https:\/\/digipad.app\/p\/1566170\/0436bc98434e68\" target=\"_blank\" rel=\"noreferrer noopener\">https:\/\/digipad.app\/p\/1566170\/0436bc98434e68<\/a><\/p>\n\n\n\n<h2 class=\"wp-block-heading\"><br>Foire aux Questions<\/h2>\n\n\n\n<p>Retrouvez ici les questions adress\u00e9es par les enseignants de SVT au IAN et leur r\u00e9ponse (certaines questions ne sont pas publi\u00e9es car elles donneront lieu \u00e0 des r\u00e9ponses d\u00e9velopp\u00e9es au cours des diff\u00e9rents webinaires).<\/p>\n\n\n\n<details>\n  <summary>Comment puis-je poser mes questions sur l&rsquo;usage des IA g\u00e9n\u00e9ratives ?<\/summary>\n  <p>En saisissant vos questions via le questionnaire suivant accessible via <a href=\"https:\/\/questionnaire.apps.education.fr\/visualizer\/5Auhwuv587PAf7qEY\" target=\"_blank\" rel=\"noopener\">ce lien<\/a><\/p>\n<\/details>\n\n<details>\n  <summary>Existe-t-il un groupe de travail acad\u00e9mique consacr\u00e9 \u00e0 l\u2019intelligence artificielle en SVT ?<\/summary>\n  <p>Oui, il existe un groupe de travail acad\u00e9mique compos\u00e9 d&rsquo;enseignants de SVT exer\u00e7ant en coll\u00e8ge et en lyc\u00e9e. Il a pour mission d&rsquo;explorer les possibilit\u00e9s p\u00e9dagogiques offertes par l&rsquo;usage des IA g\u00e9n\u00e9ratives et de partager le fruit de sa r\u00e9flexion et de ses exp\u00e9rimentations (par une s\u00e9rie de webinaires et la mise \u00e0 disposition de ressources)<\/p>\n<\/details>\n","protected":false},"excerpt":{"rendered":"<p>Webinaire#1 &#8211; IA g\u00e9n\u00e9ratives en \u00e9ducation : pr\u00e9cautions d&rsquo;usage Syst\u00e8mes d&rsquo;IA recommand\u00e9s en attendant l&rsquo;IA souveraine : Diaporama :\u00a0https:\/\/nuage06.apps.education.fr\/index.php\/s\/wQ98WmTF8JyA4GY Webinaire#2 &#8211; S\u2019assister de l\u2019IA pour concevoir, ajuster et enrichir un sc\u00e9nario p\u00e9dagogique Si la vid\u00e9o n&rsquo;appara\u00eet pas, elle est disponible sur la cha\u00eene Podeduc \u00ab\u00a0SVT Bordeaux\u00a0\u00bb https:\/\/podeduc.apps.education.fr\/video\/130565-lusage-des-ia-generatives-en-svt-webinaire2-sassister-de-lia-pour-concevoir-ajuster-et-enrichir-un-scenario-pedagogiquemp4\/ Diaporama : https:\/\/nuage06.apps.education.fr\/index.php\/s\/g5oYLsgtaM6wN39 Banque de prompts pr\u00e9sent\u00e9s : &hellip; <\/p>\n<p><a class=\"more-link btn\" href=\"https:\/\/ent2d.ac-bordeaux.fr\/disciplines\/svt\/intelligences-artificielles-et-enseignement-des-svt\/\">Lire la suite<\/a><\/p>\n","protected":false},"author":1614,"featured_media":0,"parent":0,"menu_order":0,"comment_status":"closed","ping_status":"closed","template":"","meta":{"footnotes":""},"class_list":["post-5436","page","type-page","status-publish","hentry","nodate","item-wrap"],"_links":{"self":[{"href":"https:\/\/ent2d.ac-bordeaux.fr\/disciplines\/svt\/wp-json\/wp\/v2\/pages\/5436","targetHints":{"allow":["GET"]}}],"collection":[{"href":"https:\/\/ent2d.ac-bordeaux.fr\/disciplines\/svt\/wp-json\/wp\/v2\/pages"}],"about":[{"href":"https:\/\/ent2d.ac-bordeaux.fr\/disciplines\/svt\/wp-json\/wp\/v2\/types\/page"}],"author":[{"embeddable":true,"href":"https:\/\/ent2d.ac-bordeaux.fr\/disciplines\/svt\/wp-json\/wp\/v2\/users\/1614"}],"replies":[{"embeddable":true,"href":"https:\/\/ent2d.ac-bordeaux.fr\/disciplines\/svt\/wp-json\/wp\/v2\/comments?post=5436"}],"version-history":[{"count":12,"href":"https:\/\/ent2d.ac-bordeaux.fr\/disciplines\/svt\/wp-json\/wp\/v2\/pages\/5436\/revisions"}],"predecessor-version":[{"id":5467,"href":"https:\/\/ent2d.ac-bordeaux.fr\/disciplines\/svt\/wp-json\/wp\/v2\/pages\/5436\/revisions\/5467"}],"wp:attachment":[{"href":"https:\/\/ent2d.ac-bordeaux.fr\/disciplines\/svt\/wp-json\/wp\/v2\/media?parent=5436"}],"curies":[{"name":"wp","href":"https:\/\/api.w.org\/{rel}","templated":true}]}}