{"id":5400,"date":"2025-07-04T13:35:34","date_gmt":"2025-07-04T12:35:34","guid":{"rendered":"https:\/\/ent2d.ac-bordeaux.fr\/disciplines\/svt\/?page_id=5400"},"modified":"2025-07-04T13:37:39","modified_gmt":"2025-07-04T12:37:39","slug":"eduquer-a-lesprit-critique","status":"publish","type":"page","link":"https:\/\/ent2d.ac-bordeaux.fr\/disciplines\/svt\/eduquer-a-lesprit-critique\/","title":{"rendered":"\u00c9duquer \u00e0 l&rsquo;esprit critique"},"content":{"rendered":"\n<p>En 2025, les journ\u00e9es d&rsquo;animation ZAP ont \u00e9t\u00e9 consacr\u00e9es \u00e0 une r\u00e9flexion sur la mani\u00e8re d&rsquo;\u00e9duquer les \u00e9l\u00e8ves \u00e0 l&rsquo;esprit critique. C&rsquo;est dans ce cadre que C\u00e9dric Brun, ma\u00eetre de conf\u00e9rences en philosophie des sciences, vice-pr\u00e9sident d\u00e9l\u00e9gu\u00e9 Sciences et soci\u00e9t\u00e9, partenariats et innovation (Universit\u00e9 de Bordeaux, Universit\u00e9 Bordeaux Montaigne), a donn\u00e9 une conf\u00e9rence intitul\u00e9e \u00ab\u00a0\u00c9duquer \u00e0 l&rsquo;esprit critique, du concept \u00e0 la pratique\u00a0\u00bb. La vid\u00e9o de cette conf\u00e9rence est chapitr\u00e9e.<br><\/p>\n\n\n\n<h3 class=\"wp-block-heading\">Version \u00ab\u00a0compl\u00e8te\u00a0\u00bb<\/h3>\n\n\n<iframe loading=\"lazy\" src=\"https:\/\/podeduc.apps.education.fr\/video\/83823-eduquer-a-lesprit-critique-du-concept-a-la-pratique\/?is_iframe=true\" title=\"\" width=\"80%\" height=\"450\" scrolling=\"yes\" frameborder=\"0\" marginheight=\"0\" allowFullScreen=\"true\"><a href=\"https:\/\/podeduc.apps.education.fr\/video\/83823-eduquer-a-lesprit-critique-du-concept-a-la-pratique\/?is_iframe=true\" target=\"_blank\">https:\/\/podeduc.apps.education.fr\/video\/83823-eduquer-a-lesprit-critique-du-concept-a-la-pratique\/?is_iframe=true<\/a><\/iframe>\n\n\n\n<h3 class=\"wp-block-heading\">Versions \u00ab\u00a0Extraits choisis\u00a0\u00bb<\/h3>\n\n\n<iframe loading=\"lazy\" src=\"https:\/\/podeduc.apps.education.fr\/video\/85503-eduquer-a-lesprit-critique-du-concept-a-la-pratique-extraits-choisis\/?is_iframe=true\" title=\"\" width=\"80%\" height=\"450\" scrolling=\"yes\" frameborder=\"0\" marginheight=\"0\" allowFullScreen=\"true\"><a href=\"https:\/\/podeduc.apps.education.fr\/video\/85503-eduquer-a-lesprit-critique-du-concept-a-la-pratique-extraits-choisis\/?is_iframe=true\" target=\"_blank\">https:\/\/podeduc.apps.education.fr\/video\/85503-eduquer-a-lesprit-critique-du-concept-a-la-pratique-extraits-choisis\/?is_iframe=true<\/a><\/iframe>\n\n\n\n<h3 class=\"wp-block-heading\">Ressources<\/h3>\n\n\n\n<p><a href=\"https:\/\/eduscol.education.fr\/1538\/former-l-esprit-critique-des-eleves\" target=\"_blank\" rel=\"noreferrer noopener\">Page Eduscol \u00ab\u00a0Former l&rsquo;esprit critique des \u00e9l\u00e8ves\u00a0\u00bb<\/a> (riche en contenus)<\/p>\n\n\n\n<p><a href=\"https:\/\/pedagogie.ac-rennes.fr\/sites\/pedagogie.ac-rennes.fr\/IMG\/pdf\/construire_l_esprit_critique_en_svt.pdf\" target=\"_blank\" rel=\"noreferrer noopener\">Construire l&rsquo;esprit critique des \u00e9l\u00e8ves en SVT<\/a> (production de la r\u00e9gion acad\u00e9mique de Bretagne)<br><\/p>\n\n\n\n<h3 class=\"wp-block-heading\">Productions<\/h3>\n\n\n\n<p>Les r\u00e9flexions men\u00e9es ont conduit \u00e0 la production de <a href=\"https:\/\/tribu.phm.education.gouv.fr\/portal_v2\/tribu-app\/document?id=V23zmw\" data-type=\"link\" data-id=\"https:\/\/tribu.phm.education.gouv.fr\/portal_v2\/tribu-app\/document?id=V23zmw\" target=\"_blank\" rel=\"noreferrer noopener\">diverses ressources que l&rsquo;on peut retrouver ICI<\/a>.<\/p>\n","protected":false},"excerpt":{"rendered":"<p>En 2025, les journ\u00e9es d&rsquo;animation ZAP ont \u00e9t\u00e9 consacr\u00e9es \u00e0 une r\u00e9flexion sur la mani\u00e8re d&rsquo;\u00e9duquer les \u00e9l\u00e8ves \u00e0 l&rsquo;esprit critique. C&rsquo;est dans ce cadre que C\u00e9dric Brun, ma\u00eetre de conf\u00e9rences en philosophie des sciences, vice-pr\u00e9sident d\u00e9l\u00e9gu\u00e9 Sciences et soci\u00e9t\u00e9, partenariats et innovation (Universit\u00e9 de Bordeaux, Universit\u00e9 Bordeaux Montaigne), a donn\u00e9 une conf\u00e9rence intitul\u00e9e \u00ab\u00a0\u00c9duquer &hellip; <\/p>\n<p><a class=\"more-link btn\" href=\"https:\/\/ent2d.ac-bordeaux.fr\/disciplines\/svt\/eduquer-a-lesprit-critique\/\">Lire la suite<\/a><\/p>\n","protected":false},"author":1614,"featured_media":0,"parent":0,"menu_order":0,"comment_status":"closed","ping_status":"closed","template":"","meta":{"footnotes":""},"class_list":["post-5400","page","type-page","status-publish","hentry","nodate","item-wrap"],"_links":{"self":[{"href":"https:\/\/ent2d.ac-bordeaux.fr\/disciplines\/svt\/wp-json\/wp\/v2\/pages\/5400","targetHints":{"allow":["GET"]}}],"collection":[{"href":"https:\/\/ent2d.ac-bordeaux.fr\/disciplines\/svt\/wp-json\/wp\/v2\/pages"}],"about":[{"href":"https:\/\/ent2d.ac-bordeaux.fr\/disciplines\/svt\/wp-json\/wp\/v2\/types\/page"}],"author":[{"embeddable":true,"href":"https:\/\/ent2d.ac-bordeaux.fr\/disciplines\/svt\/wp-json\/wp\/v2\/users\/1614"}],"replies":[{"embeddable":true,"href":"https:\/\/ent2d.ac-bordeaux.fr\/disciplines\/svt\/wp-json\/wp\/v2\/comments?post=5400"}],"version-history":[{"count":4,"href":"https:\/\/ent2d.ac-bordeaux.fr\/disciplines\/svt\/wp-json\/wp\/v2\/pages\/5400\/revisions"}],"predecessor-version":[{"id":5405,"href":"https:\/\/ent2d.ac-bordeaux.fr\/disciplines\/svt\/wp-json\/wp\/v2\/pages\/5400\/revisions\/5405"}],"wp:attachment":[{"href":"https:\/\/ent2d.ac-bordeaux.fr\/disciplines\/svt\/wp-json\/wp\/v2\/media?parent=5400"}],"curies":[{"name":"wp","href":"https:\/\/api.w.org\/{rel}","templated":true}]}}