{"id":531,"date":"2016-02-17T19:00:38","date_gmt":"2016-02-17T18:00:38","guid":{"rendered":"http:\/\/ent2d.ac-bordeaux.fr\/disciplines\/svt\/?page_id=531"},"modified":"2016-11-30T19:57:57","modified_gmt":"2016-11-30T18:57:57","slug":"quest-ce-quun-microbe-1","status":"publish","type":"page","link":"https:\/\/ent2d.ac-bordeaux.fr\/disciplines\/svt\/quest-ce-quun-microbe-1\/","title":{"rendered":"Qu&rsquo;est ce qu&rsquo;un microbe (1) ?"},"content":{"rendered":"<table class=\"contenu\" style=\"height: 500px\" border=\"\" width=\"726\">\n<tbody>\n<tr>\n<td>Objectif<\/td>\n<td>Donner les caract\u00e9ristiques des microbes pour en proposer une d\u00e9finition<\/td>\n<\/tr>\n<tr>\n<td>Mode de raisonnement<\/td>\n<td><a href=\"http:\/\/ent2d.ac-bordeaux.fr\/disciplines\/svt\/enseigner\/ressources-par-niveau\/reforme-college\/demarches-en-svt-gttp\/modes-de-raisonnement\/#ancre2\">Inductif<\/a> : trouver dans les documents les caract\u00e9ristiques des microbes<\/td>\n<\/tr>\n<tr>\n<td>Activit\u00e9s<\/td>\n<td>\n<ul>\n<li><u>1\u00b0 temps<\/u> :\n<ul>\n<li>faire le <a href=\"http:\/\/ent2d.ac-bordeaux.fr\/disciplines\/svt\/enseigner\/ressources-par-niveau\/reforme-college\/demarches-en-svt-gttp\/746-2\/\">montage<\/a><\/li>\n<li>rechercher dans la pr\u00e9paration et les documents propos\u00e9s les caract\u00e9ristique des microbes<\/li>\n<\/ul>\n<\/li>\n<li><u>2\u00b0 temps<\/u> :\n<ul>\n<li>mise en commun des caract\u00e9ristiques communes aux diff\u00e9rents microbes<\/li>\n<li>\u00e9laboration d&rsquo;une d\u00e9finition bas\u00e9e sur les caract\u00e9ristiques relev\u00e9es<\/li>\n<\/ul>\n<\/li>\n<\/ul>\n<\/td>\n<\/tr>\n<tr>\n<td>Mode de regroupement des \u00e9l\u00e8ves<\/td>\n<td>Groupes <a href=\"http:\/\/ent2d.ac-bordeaux.fr\/disciplines\/svt\/groupement-des-eleves\/#ancre2\">coop\u00e9ratifs<\/a><\/p>\n<ul>\n<li><u>1\u00b0 temps<\/u>\n<ul>\n<li>bin\u00f4mes A avec bact\u00e9ries non pathog\u00e8nes (<u><a href=\"http:\/\/ent2d.ac-bordeaux.fr\/disciplines\/svt\/enseigner\/ressources-par-niveau\/reforme-college\/demarches-en-svt-gttp\/materiel\/\">mat\u00e9riel<\/a><\/u>) et pathog\u00e8nes (photographies)<\/li>\n<li>bin\u00f4mes B avec levures, moisissures utiles (<a href=\"http:\/\/ent2d.ac-bordeaux.fr\/disciplines\/svt\/enseigner\/ressources-par-niveau\/reforme-college\/demarches-en-svt-gttp\/materiel\/\">mat\u00e9riel<\/a>) et pathog\u00e8nes (photographies)<\/li>\n<li>bin\u00f4mes C avec diff\u00e9rents protozoaires (<a href=\"http:\/\/ent2d.ac-bordeaux.fr\/disciplines\/svt\/enseigner\/ressources-par-niveau\/reforme-college\/demarches-en-svt-gttp\/materiel\/\">mat\u00e9riel)<\/a> et virus\u00a0 (photographies)<\/li>\n<\/ul>\n<\/li>\n<\/ul>\n<ul>\n<li><u>2\u00b0 temps<\/u> : Par groupe (bin\u00f4mes A + B + C) ou en classe enti\u00e8re<\/li>\n<\/ul>\n<\/td>\n<\/tr>\n<tr>\n<td>Production attendue<\/td>\n<td>Texte descriptif<\/td>\n<\/tr>\n<\/tbody>\n<\/table>\n<p>&nbsp;<\/p>\n<table class=\"contenu\" style=\"height: 33px\" border=\"\" width=\"725\">\n<tbody>\n<tr>\n<td><a href=\"http:\/\/ent2d.ac-bordeaux.fr\/disciplines\/svt\/enseigner\/ressources-par-niveau\/reforme-college\/demarches-en-svt-gttp\/quest-ce-quun-microbe-2\/\">Microbe (2)<\/a><\/td>\n<td><a href=\"http:\/\/ent2d.ac-bordeaux.fr\/disciplines\/svt\/enseigner\/ressources-par-niveau\/reforme-college\/demarches-en-svt-gttp\/quest-ce-quun-microbe-3\/\">Microbe (3)<\/a><\/td>\n<\/tr>\n<\/tbody>\n<\/table>\n","protected":false},"excerpt":{"rendered":"<p>Objectif Donner les caract\u00e9ristiques des microbes pour en proposer une d\u00e9finition Mode de raisonnement Inductif : trouver dans les documents les caract\u00e9ristiques des microbes Activit\u00e9s 1\u00b0 temps : faire le montage rechercher dans la pr\u00e9paration et les documents propos\u00e9s les caract\u00e9ristique des microbes 2\u00b0 temps : mise en commun des caract\u00e9ristiques communes aux diff\u00e9rents microbes &hellip; <\/p>\n<p><a class=\"more-link btn\" href=\"https:\/\/ent2d.ac-bordeaux.fr\/disciplines\/svt\/quest-ce-quun-microbe-1\/\">Lire la suite<\/a><\/p>\n","protected":false},"author":8,"featured_media":0,"parent":0,"menu_order":0,"comment_status":"closed","ping_status":"closed","template":"template-twocolumnsright.php","meta":{"footnotes":""},"class_list":["post-531","page","type-page","status-publish","hentry","nodate","item-wrap"],"_links":{"self":[{"href":"https:\/\/ent2d.ac-bordeaux.fr\/disciplines\/svt\/wp-json\/wp\/v2\/pages\/531","targetHints":{"allow":["GET"]}}],"collection":[{"href":"https:\/\/ent2d.ac-bordeaux.fr\/disciplines\/svt\/wp-json\/wp\/v2\/pages"}],"about":[{"href":"https:\/\/ent2d.ac-bordeaux.fr\/disciplines\/svt\/wp-json\/wp\/v2\/types\/page"}],"author":[{"embeddable":true,"href":"https:\/\/ent2d.ac-bordeaux.fr\/disciplines\/svt\/wp-json\/wp\/v2\/users\/8"}],"replies":[{"embeddable":true,"href":"https:\/\/ent2d.ac-bordeaux.fr\/disciplines\/svt\/wp-json\/wp\/v2\/comments?post=531"}],"version-history":[{"count":4,"href":"https:\/\/ent2d.ac-bordeaux.fr\/disciplines\/svt\/wp-json\/wp\/v2\/pages\/531\/revisions"}],"predecessor-version":[{"id":845,"href":"https:\/\/ent2d.ac-bordeaux.fr\/disciplines\/svt\/wp-json\/wp\/v2\/pages\/531\/revisions\/845"}],"wp:attachment":[{"href":"https:\/\/ent2d.ac-bordeaux.fr\/disciplines\/svt\/wp-json\/wp\/v2\/media?parent=531"}],"curies":[{"name":"wp","href":"https:\/\/api.w.org\/{rel}","templated":true}]}}