{"id":4383,"date":"2023-02-20T16:45:29","date_gmt":"2023-02-20T15:45:29","guid":{"rendered":"https:\/\/ent2d.ac-bordeaux.fr\/disciplines\/svt\/?page_id=4383"},"modified":"2023-02-20T16:54:07","modified_gmt":"2023-02-20T15:54:07","slug":"ressources-daccompagnement-continuite-college-lycee","status":"publish","type":"page","link":"https:\/\/ent2d.ac-bordeaux.fr\/disciplines\/svt\/textes-reglementaires\/college\/ressources-daccompagnement-continuite-college-lycee\/","title":{"rendered":"Ressources d&rsquo;accompagnement continuit\u00e9 coll\u00e8ge-lyc\u00e9e."},"content":{"rendered":"\n<h2 class=\"wp-block-heading\">Th\u00e8me 1 &#8211; La Terre, la vie et l&rsquo;organisation du vivant<\/h2>\n\n\n\n<figure class=\"wp-block-table is-style-regular\"><table><thead><tr><th>Niveau seconde<\/th><th>Niveau premi\u00e8re<\/th><th>Niveau terminale<\/th><\/tr><\/thead><tbody><tr><td><strong>Vision globale des sous-th\u00e8mes<\/strong><\/td><\/tr><tr><td><a rel=\"noreferrer noopener\" href=\"https:\/\/eduscol.education.fr\/document\/23290\/download\" target=\"_blank\">L&rsquo;organisation fonctionnelle du vivant<\/a><\/td><td><a rel=\"noreferrer noopener\" href=\"https:\/\/eduscol.education.fr\/document\/23296\/download\" target=\"_blank\">La dynamique interne de la Terre<\/a><\/td><td><a rel=\"noreferrer noopener\" href=\"https:\/\/eduscol.education.fr\/document\/23302\/download\" target=\"_blank\">G\u00e9n\u00e9tique et \u00e9volution<\/a><\/td><\/tr><tr><td><a rel=\"noreferrer noopener\" href=\"https:\/\/eduscol.education.fr\/document\/23293\/download\" target=\"_blank\">Biodiversit\u00e9,<\/a> <a rel=\"noreferrer noopener\" href=\"https:\/\/eduscol.education.fr\/document\/23293\/download\" target=\"_blank\">r\u00e9sultat et \u00e9tape de l&rsquo;\u00e9volution<\/a><\/td><td><a rel=\"noreferrer noopener\" href=\"https:\/\/eduscol.education.fr\/document\/23299\/download\" target=\"_blank\">L&rsquo;information g\u00e9n\u00e9tique, sa transmission, son expression, sa variation<\/a><\/td><td><a rel=\"noreferrer noopener\" href=\"https:\/\/eduscol.education.fr\/document\/23305\/download\" target=\"_blank\">\u00c0 la recherche du pass\u00e9 g\u00e9ologique de notre plan\u00e8te<\/a><\/td><\/tr><\/tbody><\/table><\/figure>\n\n\n\n<h2 class=\"wp-block-heading\">Th\u00e8me 2 &#8211; Enjeux contemporains de la plan\u00e8te<\/h2>\n\n\n\n<figure class=\"wp-block-table\"><table><thead><tr><th>Niveau seconde<\/th><th>Niveau premi\u00e8re<\/th><th>Niveau terminale<\/th><\/tr><\/thead><tbody><tr><td><strong>Vision globale des sous-th\u00e8mes<\/strong><\/td><\/tr><tr><td><a rel=\"noreferrer noopener\" href=\"https:\/\/eduscol.education.fr\/document\/23332\/download\" target=\"_blank\">Nourrir l&rsquo;humanit\u00e9&nbsp;: vers une agriculture durable pour l&rsquo;humanit\u00e9&nbsp;?<\/a><\/td><td><a href=\"https:\/\/eduscol.education.fr\/document\/23338\/download\" target=\"_blank\" rel=\"noreferrer noopener\">Les \u00e9cosyst\u00e8mes et services environnementaux<\/a><\/td><td><a rel=\"noreferrer noopener\" href=\"https:\/\/eduscol.education.fr\/document\/23341\/download\" target=\"_blank\">Les climats de la Terre&nbsp;: comprendre le pass\u00e9 pour agir aujourd&rsquo;hui et demain<\/a><\/td><\/tr><tr><td><a rel=\"noreferrer noopener\" href=\"https:\/\/eduscol.education.fr\/document\/23335\/download\" target=\"_blank\">G\u00e9osciences et compr\u00e9hension des paysages<\/a><\/td><td><\/td><td><a rel=\"noreferrer noopener\" href=\"https:\/\/eduscol.education.fr\/document\/23344\/download\" target=\"_blank\">De la plante sauvage \u00e0 la plante domestiqu\u00e9e<\/a><\/td><\/tr><\/tbody><\/table><\/figure>\n\n\n\n<h2 class=\"wp-block-heading\">Th\u00e8me 3 &#8211; Le corps humain et la sant\u00e9<\/h2>\n\n\n\n<figure class=\"wp-block-table\"><table><thead><tr><th>Niveau seconde<\/th><th>Niveau premi\u00e8re<\/th><th>Niveau terminale<\/th><\/tr><\/thead><tbody><tr><td><strong>Vision globale des sous-th\u00e8mes<\/strong><\/td><\/tr><tr><td><a rel=\"noreferrer noopener\" href=\"https:\/\/eduscol.education.fr\/document\/23374\/download\" target=\"_blank\">Procr\u00e9ation et sexualit\u00e9 humaine<\/a><\/td><td><a href=\"https:\/\/eduscol.education.fr\/document\/23380\/download\" target=\"_blank\" rel=\"noreferrer noopener\">Le fonctionnement du syst\u00e8me immunitaire humain<\/a><\/td><td><a href=\"https:\/\/eduscol.education.fr\/document\/23383\/download\" target=\"_blank\" rel=\"noreferrer noopener\">Comportements, mouvement et syst\u00e8me nerveux &#8211; Produire le mouvement&nbsp;: contraction musculaire et apport d&rsquo;\u00e9nergie &#8211; Comportements et stress&nbsp;: vers une vision int\u00e9gr\u00e9e de l&rsquo;organisme<\/a><\/td><\/tr><tr><td><a rel=\"noreferrer noopener\" href=\"https:\/\/eduscol.education.fr\/document\/23377\/download\" target=\"_blank\">Microorganismes et sant\u00e9<\/a><\/td><td><\/td><td><\/td><\/tr><\/tbody><\/table><\/figure>\n\n\n\n<p>Plus d&rsquo;informations sur le site <a href=\"https:\/\/eduscol.education.fr\/1664\/programmes-et-ressources-en-sciences-de-la-vie-et-de-la-terre-voie-gt\" target=\"_blank\" rel=\"noreferrer noopener\">\u00c9duscol<\/a><\/p>\n","protected":false},"excerpt":{"rendered":"<p>Th\u00e8me 1 &#8211; La Terre, la vie et l&rsquo;organisation du vivant Niveau seconde Niveau premi\u00e8re Niveau terminale Vision globale des sous-th\u00e8mes L&rsquo;organisation fonctionnelle du vivant La dynamique interne de la Terre G\u00e9n\u00e9tique et \u00e9volution Biodiversit\u00e9, r\u00e9sultat et \u00e9tape de l&rsquo;\u00e9volution L&rsquo;information g\u00e9n\u00e9tique, sa transmission, son expression, sa variation \u00c0 la recherche du pass\u00e9 g\u00e9ologique de &hellip; <\/p>\n<p><a class=\"more-link btn\" href=\"https:\/\/ent2d.ac-bordeaux.fr\/disciplines\/svt\/textes-reglementaires\/college\/ressources-daccompagnement-continuite-college-lycee\/\">Lire la suite<\/a><\/p>\n","protected":false},"author":1615,"featured_media":0,"parent":4066,"menu_order":3,"comment_status":"closed","ping_status":"closed","template":"","meta":{"footnotes":""},"class_list":["post-4383","page","type-page","status-publish","hentry","nodate","item-wrap"],"_links":{"self":[{"href":"https:\/\/ent2d.ac-bordeaux.fr\/disciplines\/svt\/wp-json\/wp\/v2\/pages\/4383","targetHints":{"allow":["GET"]}}],"collection":[{"href":"https:\/\/ent2d.ac-bordeaux.fr\/disciplines\/svt\/wp-json\/wp\/v2\/pages"}],"about":[{"href":"https:\/\/ent2d.ac-bordeaux.fr\/disciplines\/svt\/wp-json\/wp\/v2\/types\/page"}],"author":[{"embeddable":true,"href":"https:\/\/ent2d.ac-bordeaux.fr\/disciplines\/svt\/wp-json\/wp\/v2\/users\/1615"}],"replies":[{"embeddable":true,"href":"https:\/\/ent2d.ac-bordeaux.fr\/disciplines\/svt\/wp-json\/wp\/v2\/comments?post=4383"}],"version-history":[{"count":5,"href":"https:\/\/ent2d.ac-bordeaux.fr\/disciplines\/svt\/wp-json\/wp\/v2\/pages\/4383\/revisions"}],"predecessor-version":[{"id":4390,"href":"https:\/\/ent2d.ac-bordeaux.fr\/disciplines\/svt\/wp-json\/wp\/v2\/pages\/4383\/revisions\/4390"}],"up":[{"embeddable":true,"href":"https:\/\/ent2d.ac-bordeaux.fr\/disciplines\/svt\/wp-json\/wp\/v2\/pages\/4066"}],"wp:attachment":[{"href":"https:\/\/ent2d.ac-bordeaux.fr\/disciplines\/svt\/wp-json\/wp\/v2\/media?parent=4383"}],"curies":[{"name":"wp","href":"https:\/\/api.w.org\/{rel}","templated":true}]}}