{"id":4175,"date":"2022-12-22T14:38:08","date_gmt":"2022-12-22T13:38:08","guid":{"rendered":"https:\/\/ent2d.ac-bordeaux.fr\/disciplines\/svt\/?page_id=4175"},"modified":"2023-02-20T17:06:58","modified_gmt":"2023-02-20T16:06:58","slug":"rdv-carriere","status":"publish","type":"page","link":"https:\/\/ent2d.ac-bordeaux.fr\/disciplines\/svt\/rdv-carriere\/","title":{"rendered":"RDV carri\u00e8re"},"content":{"rendered":"\n<p><strong>Le rendez-vous de carri\u00e8re est un temps d\u00e9di\u00e9 pour porter un regard sur une p\u00e9riode de vie professionnelle (en moyenne tous les 7 ans)<\/strong>, \u00e0 des moments o\u00f9 il semble pertinent de faire le point sur le chemin parcouru professionnellement. Il s&rsquo;agit d&rsquo;un temps d&rsquo;\u00e9change sur les comp\u00e9tences acquises et sur les perspectives d&rsquo;\u00e9volution professionnelle.<\/p>\n\n\n\n<p><strong>\u00c0 l&rsquo;issue des deux premiers rendez-vous de carri\u00e8re (des 6e et 8e \u00e9chelons<\/strong>), les agents peuvent b\u00e9n\u00e9ficier d&rsquo;un gain d&rsquo;un an sur la dur\u00e9e de l&rsquo;\u00e9chelon.<\/p>\n\n\n\n<p><strong>Le troisi\u00e8me rendez-vous de carri\u00e8re<\/strong>&nbsp;sert \u00e9galement \u00e0 d\u00e9terminer le moment plus ou moins pr\u00e9coce de passage \u00e0 la hors-classe.<\/p>\n\n\n\n<h1 class=\"wp-block-heading\"><a href=\"https:\/\/www.education.gouv.fr\/rendez-vous-de-carriere-mode-d-emploi-41627\">Mode d\u2019emploi<\/a><\/h1>\n\n\n\n<h1 class=\"wp-block-heading\"><a href=\"https:\/\/ent2d.ac-bordeaux.fr\/disciplines\/svt\/textes-reglementaires\/textes-missions-enseignants\/\" target=\"_blank\" rel=\"noreferrer noopener\">Missions des enseignants<\/a><\/h1>\n\n\n\n<h1 class=\"wp-block-heading\"><a href=\"https:\/\/cache.media.education.gouv.fr\/file\/13\/04\/3\/encart6379_fiche14_404043.pdf\" target=\"_blank\" rel=\"noreferrer noopener\">R\u00e9f\u00e9rentiel des comp\u00e9tences<\/a><\/h1>\n\n\n\n<p><\/p>\n","protected":false},"excerpt":{"rendered":"<p>Le rendez-vous de carri\u00e8re est un temps d\u00e9di\u00e9 pour porter un regard sur une p\u00e9riode de vie professionnelle (en moyenne tous les 7 ans), \u00e0 des moments o\u00f9 il semble pertinent de faire le point sur le chemin parcouru professionnellement. Il s&rsquo;agit d&rsquo;un temps d&rsquo;\u00e9change sur les comp\u00e9tences acquises et sur les perspectives d&rsquo;\u00e9volution professionnelle. &hellip; <\/p>\n<p><a class=\"more-link btn\" href=\"https:\/\/ent2d.ac-bordeaux.fr\/disciplines\/svt\/rdv-carriere\/\">Lire la suite<\/a><\/p>\n","protected":false},"author":1615,"featured_media":0,"parent":0,"menu_order":0,"comment_status":"closed","ping_status":"closed","template":"","meta":{"footnotes":""},"class_list":["post-4175","page","type-page","status-publish","hentry","nodate","item-wrap"],"_links":{"self":[{"href":"https:\/\/ent2d.ac-bordeaux.fr\/disciplines\/svt\/wp-json\/wp\/v2\/pages\/4175","targetHints":{"allow":["GET"]}}],"collection":[{"href":"https:\/\/ent2d.ac-bordeaux.fr\/disciplines\/svt\/wp-json\/wp\/v2\/pages"}],"about":[{"href":"https:\/\/ent2d.ac-bordeaux.fr\/disciplines\/svt\/wp-json\/wp\/v2\/types\/page"}],"author":[{"embeddable":true,"href":"https:\/\/ent2d.ac-bordeaux.fr\/disciplines\/svt\/wp-json\/wp\/v2\/users\/1615"}],"replies":[{"embeddable":true,"href":"https:\/\/ent2d.ac-bordeaux.fr\/disciplines\/svt\/wp-json\/wp\/v2\/comments?post=4175"}],"version-history":[{"count":7,"href":"https:\/\/ent2d.ac-bordeaux.fr\/disciplines\/svt\/wp-json\/wp\/v2\/pages\/4175\/revisions"}],"predecessor-version":[{"id":4399,"href":"https:\/\/ent2d.ac-bordeaux.fr\/disciplines\/svt\/wp-json\/wp\/v2\/pages\/4175\/revisions\/4399"}],"wp:attachment":[{"href":"https:\/\/ent2d.ac-bordeaux.fr\/disciplines\/svt\/wp-json\/wp\/v2\/media?parent=4175"}],"curies":[{"name":"wp","href":"https:\/\/api.w.org\/{rel}","templated":true}]}}

RDV carrière

<p><strong>Le rendez-vous de carrière est un temps dédié pour porter un regard sur une période de vie professionnelle (en moyenne tous les 7 ans)</strong>, à des moments où il semble pertinent de faire le point sur le chemin parcouru professionnellement. Il s&rsquo;agit d&rsquo;un temps d&rsquo;échange sur les compétences acquises et sur les perspectives d&rsquo;évolution professionnelle.</p>



<p><strong>À l&rsquo;issue des deux premiers rendez-vous de carrière (des 6e et 8e échelons</strong>), les agents peuvent bénéficier d&rsquo;un gain d&rsquo;un an sur la durée de l&rsquo;échelon.</p>



<p><strong>Le troisième rendez-vous de carrière</strong>&nbsp;sert également à déterminer le moment plus ou moins précoce de passage à la hors-classe.</p>



<h1 class="wp-block-heading"><a href="https://www.education.gouv.fr/rendez-vous-de-carriere-mode-d-emploi-41627">Mode d’emploi</a></h1>



<h1 class="wp-block-heading"><a href="https://ent2d.ac-bordeaux.fr/disciplines/svt/textes-reglementaires/textes-missions-enseignants/" target="_blank" rel="noreferrer noopener">Missions des enseignants</a></h1>



<h1 class="wp-block-heading"><a href="https://cache.media.education.gouv.fr/file/13/04/3/encart6379_fiche14_404043.pdf" target="_blank" rel="noreferrer noopener">Référentiel des compétences</a></h1>



<p></p>

<p>Le rendez-vous de carrière est un temps dédié pour porter un regard sur une période de vie professionnelle (en moyenne tous les 7 ans), à des moments où il semble pertinent de faire le point sur le chemin parcouru professionnellement. Il s&rsquo;agit d&rsquo;un temps d&rsquo;échange sur les compétences acquises et sur les perspectives d&rsquo;évolution professionnelle. &hellip; </p>
<p><a class="more-link btn" href="https://ent2d.ac-bordeaux.fr/disciplines/svt/rdv-carriere/">Lire la suite</a></p>
