{"id":3953,"date":"2022-10-20T17:42:04","date_gmt":"2022-10-20T16:42:04","guid":{"rendered":"https:\/\/ent2d.ac-bordeaux.fr\/disciplines\/svt\/?page_id=3953"},"modified":"2023-03-16T10:22:06","modified_gmt":"2023-03-16T09:22:06","slug":"apps-education","status":"publish","type":"page","link":"https:\/\/ent2d.ac-bordeaux.fr\/disciplines\/svt\/ressources\/numeriques\/apps-education\/","title":{"rendered":"apps.education"},"content":{"rendered":"\n<div class=\"wp-block-media-text alignwide is-stacked-on-mobile\" style=\"grid-template-columns:15% auto\"><figure class=\"wp-block-media-text__media\"><img loading=\"lazy\" decoding=\"async\" width=\"155\" height=\"149\" src=\"https:\/\/ent2d.ac-bordeaux.fr\/disciplines\/svt\/wp-content\/uploads\/sites\/4\/2023\/01\/image-1.png\" alt=\"\" class=\"wp-image-4355 size-full\" \/><\/figure><div class=\"wp-block-media-text__content\">\n<p class=\"has-normal-font-size\"><a rel=\"noreferrer noopener\" href=\"https:\/\/portail.apps.education.fr\/\" target=\"_blank\">Apps.education.fr<\/a> est la plateforme&nbsp;de Services Num\u00e9riques Partag\u00e9s pour l\u2019ensemble des agents de l\u2019\u00c9ducation nationale.<\/p>\n\n\n\n<p class=\"has-normal-font-size\">D\u00e9velopp\u00e9e au sein de la direction du num\u00e9rique pour l\u2019\u00e9ducation, Apps a \u00e9t\u00e9 con\u00e7ue pour permettre un acc\u00e8s national \u00e0 toutes les ressources, tout au long de votre carri\u00e8re<strong>, m\u00eame en cas de changement d\u2019acad\u00e9mie , d\u2019\u00e9tablissement voir de niveau lyc\u00e9e\/coll\u00e8ge.<\/strong><\/p>\n\n\n\n<p class=\"has-normal-font-size\">Accessibles apr\u00e8s authentification par son adresse professionnelle, ces services r\u00e9pondent aux conditions pr\u00e9conis\u00e9es dans le cadre&nbsp;<a href=\"https:\/\/tutos.pix.fr\/edu\/le-rgpd-en-milieu-scolaire\" target=\"_blank\" rel=\"noreferrer noopener\">du r\u00e8glement g\u00e9n\u00e9ral de la protection des donn\u00e9es (RGPD).<\/a><\/p>\n<\/div><\/div>\n\n\n\n<div class=\"wp-block-image\"><figure class=\"aligncenter size-full\"><a href=\"https:\/\/portail.apps.education.fr\/signin\" target=\"_blank\" rel=\"noopener\"><img loading=\"lazy\" decoding=\"async\" width=\"622\" height=\"432\" src=\"https:\/\/ent2d.ac-bordeaux.fr\/disciplines\/svt\/wp-content\/uploads\/sites\/4\/2022\/10\/apps_gif5-e815f.gif\" alt=\"\" class=\"wp-image-3962\" \/><\/a><\/figure><\/div>\n\n\n\n<p class=\"has-text-align-center has-normal-font-size\">Vous pouvez y acc\u00e9der en vous connectant sur <a rel=\"noreferrer noopener\" href=\"https:\/\/portail.apps.education.fr\/signin\" target=\"_blank\">apps.education.fr<\/a><\/p>\n\n\n\n<div class=\"wp-block-image\"><figure class=\"aligncenter size-full is-resized\"><a href=\"https:\/\/portail.apps.education.fr\/signin\" target=\"_blank\" rel=\"noopener\"><img loading=\"lazy\" decoding=\"async\" src=\"https:\/\/ent2d.ac-bordeaux.fr\/disciplines\/svt\/wp-content\/uploads\/sites\/4\/2022\/10\/Apps-education-2.png\" alt=\"\" class=\"wp-image-3956\" width=\"291\" height=\"34\" \/><\/a><\/figure><\/div>\n\n\n\n<h2 class=\"wp-block-heading\">Des tutoriels et des formations pas \u00e0 pas sur le <a href=\"https:\/\/ww2.ac-poitiers.fr\/dane\/spip.php?rubrique116\" target=\"_blank\" rel=\"noreferrer noopener\">site acad\u00e9mique de Poitiers<\/a><\/h2>\n\n\n\n<div class=\"wp-block-image is-style-default\"><figure class=\"aligncenter size-full is-resized\"><a href=\"https:\/\/ww2.ac-poitiers.fr\/dane\/spip.php?rubrique116\" target=\"_blank\" rel=\"noopener\"><img loading=\"lazy\" decoding=\"async\" src=\"https:\/\/ent2d.ac-bordeaux.fr\/disciplines\/svt\/wp-content\/uploads\/sites\/4\/2023\/03\/Bouton-1.png\" alt=\"\" class=\"wp-image-4721\" width=\"232\" height=\"43\" srcset=\"https:\/\/ent2d.ac-bordeaux.fr\/disciplines\/svt\/wp-content\/uploads\/sites\/4\/2023\/03\/Bouton-1.png 643w, https:\/\/ent2d.ac-bordeaux.fr\/disciplines\/svt\/wp-content\/uploads\/sites\/4\/2023\/03\/Bouton-1-300x56.png 300w\" sizes=\"auto, (max-width: 232px) 100vw, 232px\" \/><\/a><\/figure><\/div>\n\n\n\n<p><\/p>\n","protected":false},"excerpt":{"rendered":"<p>Apps.education.fr est la plateforme&nbsp;de Services Num\u00e9riques Partag\u00e9s pour l\u2019ensemble des agents de l\u2019\u00c9ducation nationale. D\u00e9velopp\u00e9e au sein de la direction du num\u00e9rique pour l\u2019\u00e9ducation, Apps a \u00e9t\u00e9 con\u00e7ue pour permettre un acc\u00e8s national \u00e0 toutes les ressources, tout au long de votre carri\u00e8re, m\u00eame en cas de changement d\u2019acad\u00e9mie , d\u2019\u00e9tablissement voir de niveau lyc\u00e9e\/coll\u00e8ge. &hellip; <\/p>\n<p><a class=\"more-link btn\" href=\"https:\/\/ent2d.ac-bordeaux.fr\/disciplines\/svt\/ressources\/numeriques\/apps-education\/\">Lire la suite<\/a><\/p>\n","protected":false},"author":1615,"featured_media":3956,"parent":4186,"menu_order":5,"comment_status":"closed","ping_status":"closed","template":"","meta":{"footnotes":""},"class_list":["post-3953","page","type-page","status-publish","has-post-thumbnail","hentry","nodate","item-wrap"],"_links":{"self":[{"href":"https:\/\/ent2d.ac-bordeaux.fr\/disciplines\/svt\/wp-json\/wp\/v2\/pages\/3953","targetHints":{"allow":["GET"]}}],"collection":[{"href":"https:\/\/ent2d.ac-bordeaux.fr\/disciplines\/svt\/wp-json\/wp\/v2\/pages"}],"about":[{"href":"https:\/\/ent2d.ac-bordeaux.fr\/disciplines\/svt\/wp-json\/wp\/v2\/types\/page"}],"author":[{"embeddable":true,"href":"https:\/\/ent2d.ac-bordeaux.fr\/disciplines\/svt\/wp-json\/wp\/v2\/users\/1615"}],"replies":[{"embeddable":true,"href":"https:\/\/ent2d.ac-bordeaux.fr\/disciplines\/svt\/wp-json\/wp\/v2\/comments?post=3953"}],"version-history":[{"count":14,"href":"https:\/\/ent2d.ac-bordeaux.fr\/disciplines\/svt\/wp-json\/wp\/v2\/pages\/3953\/revisions"}],"predecessor-version":[{"id":4724,"href":"https:\/\/ent2d.ac-bordeaux.fr\/disciplines\/svt\/wp-json\/wp\/v2\/pages\/3953\/revisions\/4724"}],"up":[{"embeddable":true,"href":"https:\/\/ent2d.ac-bordeaux.fr\/disciplines\/svt\/wp-json\/wp\/v2\/pages\/4186"}],"wp:featuredmedia":[{"embeddable":true,"href":"https:\/\/ent2d.ac-bordeaux.fr\/disciplines\/svt\/wp-json\/wp\/v2\/media\/3956"}],"wp:attachment":[{"href":"https:\/\/ent2d.ac-bordeaux.fr\/disciplines\/svt\/wp-json\/wp\/v2\/media?parent=3953"}],"curies":[{"name":"wp","href":"https:\/\/api.w.org\/{rel}","templated":true}]}}