{"id":2861,"date":"2020-04-27T13:23:32","date_gmt":"2020-04-27T12:23:32","guid":{"rendered":"https:\/\/ent2d.ac-bordeaux.fr\/disciplines\/svt\/?page_id=2861"},"modified":"2024-05-02T16:04:13","modified_gmt":"2024-05-02T15:04:13","slug":"questionner-la-notion-despece-en-sappuyant-sur-les-apports-modernes-du-sequencage-de-ladn","status":"publish","type":"page","link":"https:\/\/ent2d.ac-bordeaux.fr\/disciplines\/svt\/ressources\/scientifiques\/conferences-scientifiques\/questionner-la-notion-despece-en-sappuyant-sur-les-apports-modernes-du-sequencage-de-ladn\/","title":{"rendered":"Questionner la notion d\u2019esp\u00e8ce en s\u2019appuyant sur  les apports modernes du s\u00e9quen\u00e7age de l\u2019ADN"},"content":{"rendered":"\n<h2 class=\"wp-block-heading\" id=\"mce_2\">Jean Haxaire (professeur de SVT, entomologiste, chercheur associ\u00e9 au MNHN de Paris)<\/h2>\n\n\n<iframe loading=\"lazy\" src=\"https:\/\/podeduc.apps.education.fr\/video\/45290-questionner-la-notion-despece-en-sappuyant-sur-les-apports-modernes-du-sequencage-de-ladn\/?is_iframe=true\" title=\"\" width=\"80%\" height=\"450\" scrolling=\"yes\" frameborder=\"0\" marginheight=\"0\" allowFullScreen=\"true\"><a href=\"https:\/\/podeduc.apps.education.fr\/video\/45290-questionner-la-notion-despece-en-sappuyant-sur-les-apports-modernes-du-sequencage-de-ladn\/?is_iframe=true\" target=\"_blank\">https:\/\/podeduc.apps.education.fr\/video\/45290-questionner-la-notion-despece-en-sappuyant-sur-les-apports-modernes-du-sequencage-de-ladn\/?is_iframe=true<\/a><\/iframe>\n\n\n\n<p>Cette vid\u00e9o est chapitr\u00e9e (selon le plan ci-dessous). Il est ainsi possible d\u2019acc\u00e9der directement au chapitre d\u00e9sir\u00e9 en cliquant sur l\u2019ic\u00f4ne d\u00e9di\u00e9e dans le ruban situ\u00e9 au bas de la vid\u00e9o (une fois la lecture lanc\u00e9e.<\/p>\n\n\n\n<h4 class=\"wp-block-heading\">Partie 1 &#8211; Pr\u00e9sentation du barcoding<\/h4>\n\n\n\n<h4 class=\"wp-block-heading\">Partie 2 &#8211; R\u00e9sultats de la campagne L\u00e9pidopt\u00e8res<\/h4>\n\n\n\n<h4 class=\"wp-block-heading\">Partie 3 &#8211; Pr\u00e9sentation du portail Bold<\/h4>\n\n\n\n<h4 class=\"wp-block-heading\">Partie 4 &#8211; Exemple d&rsquo;utilisation p\u00e9dagogique<\/h4>\n\n\n\n<h4 class=\"wp-block-heading\">Partie 5 &#8211; Exemple du Sphinx des pins<\/h4>\n\n\n\n<h4 class=\"wp-block-heading\">Partie 6 &#8211; Int\u00e9r\u00eats, d\u00e9rives et limites<\/h4>\n\n\n\n<h4 class=\"wp-block-heading\">Partie 7 &#8211; Acteurs du barcoding<\/h4>\n\n\n\n<h4 class=\"wp-block-heading\">Partie 8 &#8211; Conclusion<\/h4>\n\n\n\n<p><\/p>\n\n\n\n<p>Site de l&rsquo;intervenant Jean Haxaire <a href=\"https:\/\/sphingidae-haxaire.com\/\" target=\"_blank\" rel=\"noreferrer noopener\">https:\/\/sphingidae-haxaire.com\/<\/a> <\/p>\n\n\n\n<div class=\"wp-block-button\"><a class=\"wp-block-button__link wp-element-button\" href=\"https:\/\/ent2d.ac-bordeaux.fr\/disciplines\/svt\/haxaire_conference-barcode-bordeaux-2020\/\">Diaporama<\/a><\/div>\n\n\n\n<div class=\"wp-block-button\"><a class=\"wp-block-button__link wp-element-button\" href=\"https:\/\/ent2d.ac-bordeaux.fr\/disciplines\/svt\/enseigner\/ressources-academiques\/ressources-scientifiques-et-pedagogiques\/conferences-scientifiques\/questionner-la-notion-despece-en-sappuyant-sur-les-apports-modernes-du-sequencage-de-ladn\/articles-a-telecharger\/\">Articles \u00e0 t\u00e9l\u00e9charger<br><\/a><\/div>\n\n\n\n<p><\/p>\n","protected":false},"excerpt":{"rendered":"<p>Jean Haxaire (professeur de SVT, entomologiste, chercheur associ\u00e9 au MNHN de Paris) Cette vid\u00e9o est chapitr\u00e9e (selon le plan ci-dessous). Il est ainsi possible d\u2019acc\u00e9der directement au chapitre d\u00e9sir\u00e9 en cliquant sur l\u2019ic\u00f4ne d\u00e9di\u00e9e dans le ruban situ\u00e9 au bas de la vid\u00e9o (une fois la lecture lanc\u00e9e. Partie 1 &#8211; Pr\u00e9sentation du barcoding Partie &hellip; <\/p>\n<p><a class=\"more-link btn\" href=\"https:\/\/ent2d.ac-bordeaux.fr\/disciplines\/svt\/ressources\/scientifiques\/conferences-scientifiques\/questionner-la-notion-despece-en-sappuyant-sur-les-apports-modernes-du-sequencage-de-ladn\/\">Lire la suite<\/a><\/p>\n","protected":false},"author":8,"featured_media":0,"parent":2756,"menu_order":4,"comment_status":"closed","ping_status":"closed","template":"template-onecolumn.php","meta":{"footnotes":""},"class_list":["post-2861","page","type-page","status-publish","hentry","nodate","item-wrap"],"_links":{"self":[{"href":"https:\/\/ent2d.ac-bordeaux.fr\/disciplines\/svt\/wp-json\/wp\/v2\/pages\/2861","targetHints":{"allow":["GET"]}}],"collection":[{"href":"https:\/\/ent2d.ac-bordeaux.fr\/disciplines\/svt\/wp-json\/wp\/v2\/pages"}],"about":[{"href":"https:\/\/ent2d.ac-bordeaux.fr\/disciplines\/svt\/wp-json\/wp\/v2\/types\/page"}],"author":[{"embeddable":true,"href":"https:\/\/ent2d.ac-bordeaux.fr\/disciplines\/svt\/wp-json\/wp\/v2\/users\/8"}],"replies":[{"embeddable":true,"href":"https:\/\/ent2d.ac-bordeaux.fr\/disciplines\/svt\/wp-json\/wp\/v2\/comments?post=2861"}],"version-history":[{"count":17,"href":"https:\/\/ent2d.ac-bordeaux.fr\/disciplines\/svt\/wp-json\/wp\/v2\/pages\/2861\/revisions"}],"predecessor-version":[{"id":5315,"href":"https:\/\/ent2d.ac-bordeaux.fr\/disciplines\/svt\/wp-json\/wp\/v2\/pages\/2861\/revisions\/5315"}],"up":[{"embeddable":true,"href":"https:\/\/ent2d.ac-bordeaux.fr\/disciplines\/svt\/wp-json\/wp\/v2\/pages\/2756"}],"wp:attachment":[{"href":"https:\/\/ent2d.ac-bordeaux.fr\/disciplines\/svt\/wp-json\/wp\/v2\/media?parent=2861"}],"curies":[{"name":"wp","href":"https:\/\/api.w.org\/{rel}","templated":true}]}}