{"id":2758,"date":"2020-03-03T16:49:25","date_gmt":"2020-03-03T15:49:25","guid":{"rendered":"https:\/\/ent2d.ac-bordeaux.fr\/disciplines\/svt\/?page_id=2758"},"modified":"2024-05-02T15:54:26","modified_gmt":"2024-05-02T14:54:26","slug":"lhistoire-humaine-lue-dans-son-genome","status":"publish","type":"page","link":"https:\/\/ent2d.ac-bordeaux.fr\/disciplines\/svt\/ressources\/scientifiques\/conferences-scientifiques\/lhistoire-humaine-lue-dans-son-genome\/","title":{"rendered":"L&rsquo;histoire humaine lue dans son g\u00e9nome"},"content":{"rendered":"\n<h3 class=\"wp-block-heading\" id=\"mce_22\">M. Jubault-Bregler (professeur de SVT en CPGE BCPST au lyc\u00e9e Montaigne de Bordeaux)<\/h3>\n\n\n\n<p><\/p>\n\n\n<iframe loading=\"lazy\" src=\"https:\/\/podeduc.apps.education.fr\/video\/45274-lhistoire-humaine-lue-dans-son-genome\/?is_iframe=true\" title=\"\" width=\"80%\" height=\"450\" scrolling=\"yes\" frameborder=\"0\" marginheight=\"0\" allowFullScreen=\"true\"><a href=\"https:\/\/podeduc.apps.education.fr\/video\/45274-lhistoire-humaine-lue-dans-son-genome\/?is_iframe=true\" target=\"_blank\">https:\/\/podeduc.apps.education.fr\/video\/45274-lhistoire-humaine-lue-dans-son-genome\/?is_iframe=true<\/a><\/iframe>\n\n\n\n<p>Cette vid\u00e9o est chapitr\u00e9e (selon le plan ci-dessous). Il est ainsi possible d&rsquo;acc\u00e9der directement au chapitre d\u00e9sir\u00e9 en cliquant sur l&rsquo;ic\u00f4ne d\u00e9di\u00e9e dans le ruban situ\u00e9 au bas de la vid\u00e9o (une fois la lecture lanc\u00e9e.<\/p>\n\n\n\n<ul class=\"wp-block-list\">\n<li>Introduction<\/li>\n<\/ul>\n\n\n\n<ul class=\"wp-block-list\">\n<li>La connaissance du g\u00e9nome humain<\/li>\n<\/ul>\n\n\n\n<ul class=\"wp-block-list\">\n<li>Quelques principes de la g\u00e9n\u00e9tique moderne<\/li>\n<\/ul>\n\n\n\n<ul class=\"wp-block-list\">\n<li>Une histoire de l&rsquo;humanit\u00e9<\/li>\n<\/ul>\n\n\n\n<ul class=\"wp-block-list\">\n<li>Evolution humaine d&rsquo;hier et d&rsquo;aujourd&rsquo;hui<\/li>\n<\/ul>\n\n\n\n<ul class=\"wp-block-list\">\n<li>Conclusion<\/li>\n<\/ul>\n\n\n\n<div class=\"wp-block-file\"><a id=\"wp-block-file--media-d771068f-6fff-4c9d-a3d9-b400154079ea\" href=\"https:\/\/ent2d.ac-bordeaux.fr\/disciplines\/svt\/wp-content\/uploads\/sites\/4\/2020\/03\/L\u2019histoire-humaine-lue-dans-son-ge\u0301nome-captation-slide.pptx\">Diaporama<\/a><a href=\"https:\/\/ent2d.ac-bordeaux.fr\/disciplines\/svt\/wp-content\/uploads\/sites\/4\/2020\/03\/L\u2019histoire-humaine-lue-dans-son-ge\u0301nome-captation-slide.pptx\" class=\"wp-block-file__button wp-element-button\" download aria-describedby=\"wp-block-file--media-d771068f-6fff-4c9d-a3d9-b400154079ea\">T\u00e9l\u00e9charger<\/a><\/div>\n","protected":false},"excerpt":{"rendered":"<p>M. Jubault-Bregler (professeur de SVT en CPGE BCPST au lyc\u00e9e Montaigne de Bordeaux) Cette vid\u00e9o est chapitr\u00e9e (selon le plan ci-dessous). Il est ainsi possible d&rsquo;acc\u00e9der directement au chapitre d\u00e9sir\u00e9 en cliquant sur l&rsquo;ic\u00f4ne d\u00e9di\u00e9e dans le ruban situ\u00e9 au bas de la vid\u00e9o (une fois la lecture lanc\u00e9e.<\/p>\n","protected":false},"author":8,"featured_media":0,"parent":2756,"menu_order":1,"comment_status":"closed","ping_status":"closed","template":"template-onecolumn.php","meta":{"footnotes":""},"class_list":["post-2758","page","type-page","status-publish","hentry","nodate","item-wrap"],"_links":{"self":[{"href":"https:\/\/ent2d.ac-bordeaux.fr\/disciplines\/svt\/wp-json\/wp\/v2\/pages\/2758","targetHints":{"allow":["GET"]}}],"collection":[{"href":"https:\/\/ent2d.ac-bordeaux.fr\/disciplines\/svt\/wp-json\/wp\/v2\/pages"}],"about":[{"href":"https:\/\/ent2d.ac-bordeaux.fr\/disciplines\/svt\/wp-json\/wp\/v2\/types\/page"}],"author":[{"embeddable":true,"href":"https:\/\/ent2d.ac-bordeaux.fr\/disciplines\/svt\/wp-json\/wp\/v2\/users\/8"}],"replies":[{"embeddable":true,"href":"https:\/\/ent2d.ac-bordeaux.fr\/disciplines\/svt\/wp-json\/wp\/v2\/comments?post=2758"}],"version-history":[{"count":15,"href":"https:\/\/ent2d.ac-bordeaux.fr\/disciplines\/svt\/wp-json\/wp\/v2\/pages\/2758\/revisions"}],"predecessor-version":[{"id":5309,"href":"https:\/\/ent2d.ac-bordeaux.fr\/disciplines\/svt\/wp-json\/wp\/v2\/pages\/2758\/revisions\/5309"}],"up":[{"embeddable":true,"href":"https:\/\/ent2d.ac-bordeaux.fr\/disciplines\/svt\/wp-json\/wp\/v2\/pages\/2756"}],"wp:attachment":[{"href":"https:\/\/ent2d.ac-bordeaux.fr\/disciplines\/svt\/wp-json\/wp\/v2\/media?parent=2758"}],"curies":[{"name":"wp","href":"https:\/\/api.w.org\/{rel}","templated":true}]}}