{"id":26,"date":"2016-01-17T16:01:45","date_gmt":"2016-01-17T15:01:45","guid":{"rendered":"http:\/\/ent2d.ac-bordeaux.fr\/disciplines\/svt\/?page_id=26"},"modified":"2023-07-05T09:15:09","modified_gmt":"2023-07-05T08:15:09","slug":"traam-2015","status":"publish","type":"page","link":"https:\/\/ent2d.ac-bordeaux.fr\/disciplines\/svt\/ressources\/numeriques\/traam-2015\/","title":{"rendered":"TraAM"},"content":{"rendered":"<div class=\"wp-block-image\">\n<figure class=\"aligncenter size-full\"><a href=\"https:\/\/eduscol.education.fr\/692\/les-travaux-academiques-mutualises-traam\" target=\"_blank\" rel=\"noopener\"><img loading=\"lazy\" decoding=\"async\" width=\"316\" height=\"149\" src=\"https:\/\/ent2d.ac-bordeaux.fr\/disciplines\/svt\/wp-content\/uploads\/sites\/4\/2022\/11\/vignette_eduscol_952x45390_numerique_traam.jpg\" alt=\"\" class=\"wp-image-4019\" srcset=\"https:\/\/ent2d.ac-bordeaux.fr\/disciplines\/svt\/wp-content\/uploads\/sites\/4\/2022\/11\/vignette_eduscol_952x45390_numerique_traam.jpg 316w, https:\/\/ent2d.ac-bordeaux.fr\/disciplines\/svt\/wp-content\/uploads\/sites\/4\/2022\/11\/vignette_eduscol_952x45390_numerique_traam-300x141.jpg 300w\" sizes=\"auto, (max-width: 316px) 100vw, 316px\" \/><\/a><\/figure>\n<\/div>\n\n<h4>Durant l&rsquo;ann\u00e9e scolaire, des groupes acad\u00e9miques d&rsquo;enseignants avec leur inspecteur, travaillent sur une th\u00e9matique identifi\u00e9e par la Direction du num\u00e9rique pour l&rsquo;\u00e9ducation et l&rsquo;Inspection g\u00e9n\u00e9rale. Ce dispositif, appel\u00e9 <a href=\"https:\/\/eduscol.education.fr\/692\/les-travaux-academiques-mutualises-traam\" target=\"_blank\" rel=\"noopener\">TraAM<\/a> (Travaux acad\u00e9miques mutualis\u00e9s) est pilot\u00e9 par le d\u00e9partement du d\u00e9veloppement des usages et la valorisation des pratiques (DNE A2). Les productions auxquelles il donne lieu sont publi\u00e9es sur les sites acad\u00e9miques et rassembl\u00e9es sur les sites disciplinaires et dans les <a href=\"http:\/\/eduscol.education.fr\/cid57544\/edu-bases-des-usages-repertories-pour-les-enseignants.html\" target=\"_blank\" rel=\"noopener\">\u00c9du&rsquo;Bases<\/a>.<\/h4>\n\n\n<p><\/p>\n","protected":false},"excerpt":{"rendered":"<p>Durant l&rsquo;ann\u00e9e scolaire, des groupes acad\u00e9miques d&rsquo;enseignants avec leur inspecteur, travaillent sur une th\u00e9matique identifi\u00e9e par la Direction du num\u00e9rique pour l&rsquo;\u00e9ducation et l&rsquo;Inspection g\u00e9n\u00e9rale. Ce dispositif, appel\u00e9 TraAM (Travaux acad\u00e9miques mutualis\u00e9s) est pilot\u00e9 par le d\u00e9partement du d\u00e9veloppement des usages et la valorisation des pratiques (DNE A2). Les productions auxquelles il donne lieu sont &hellip; <\/p>\n<p><a class=\"more-link btn\" href=\"https:\/\/ent2d.ac-bordeaux.fr\/disciplines\/svt\/ressources\/numeriques\/traam-2015\/\">Lire la suite<\/a><\/p>\n","protected":false},"author":1615,"featured_media":4019,"parent":4186,"menu_order":5,"comment_status":"closed","ping_status":"closed","template":"template-onecolumn.php","meta":{"footnotes":""},"class_list":["post-26","page","type-page","status-publish","has-post-thumbnail","hentry","nodate","item-wrap"],"_links":{"self":[{"href":"https:\/\/ent2d.ac-bordeaux.fr\/disciplines\/svt\/wp-json\/wp\/v2\/pages\/26","targetHints":{"allow":["GET"]}}],"collection":[{"href":"https:\/\/ent2d.ac-bordeaux.fr\/disciplines\/svt\/wp-json\/wp\/v2\/pages"}],"about":[{"href":"https:\/\/ent2d.ac-bordeaux.fr\/disciplines\/svt\/wp-json\/wp\/v2\/types\/page"}],"author":[{"embeddable":true,"href":"https:\/\/ent2d.ac-bordeaux.fr\/disciplines\/svt\/wp-json\/wp\/v2\/users\/1615"}],"replies":[{"embeddable":true,"href":"https:\/\/ent2d.ac-bordeaux.fr\/disciplines\/svt\/wp-json\/wp\/v2\/comments?post=26"}],"version-history":[{"count":13,"href":"https:\/\/ent2d.ac-bordeaux.fr\/disciplines\/svt\/wp-json\/wp\/v2\/pages\/26\/revisions"}],"predecessor-version":[{"id":5228,"href":"https:\/\/ent2d.ac-bordeaux.fr\/disciplines\/svt\/wp-json\/wp\/v2\/pages\/26\/revisions\/5228"}],"up":[{"embeddable":true,"href":"https:\/\/ent2d.ac-bordeaux.fr\/disciplines\/svt\/wp-json\/wp\/v2\/pages\/4186"}],"wp:featuredmedia":[{"embeddable":true,"href":"https:\/\/ent2d.ac-bordeaux.fr\/disciplines\/svt\/wp-json\/wp\/v2\/media\/4019"}],"wp:attachment":[{"href":"https:\/\/ent2d.ac-bordeaux.fr\/disciplines\/svt\/wp-json\/wp\/v2\/media?parent=26"}],"curies":[{"name":"wp","href":"https:\/\/api.w.org\/{rel}","templated":true}]}}