{"id":2566,"date":"2019-07-03T17:56:41","date_gmt":"2019-07-03T16:56:41","guid":{"rendered":"https:\/\/ent2d.ac-bordeaux.fr\/disciplines\/svt\/?page_id=2566"},"modified":"2019-07-03T17:58:29","modified_gmt":"2019-07-03T16:58:29","slug":"e-laffichage-a-lecran","status":"publish","type":"page","link":"https:\/\/ent2d.ac-bordeaux.fr\/disciplines\/svt\/python\/ii-les-principales-structures-algorithmiques-en-python\/e-laffichage-a-lecran\/","title":{"rendered":"E L&rsquo;affichage \u00e0 l&rsquo;\u00e9cran"},"content":{"rendered":"\n<p>\n\n\n\n\n\n\n\n\n\n\n\n\n\n\n\n\nLa fonction <em>print()<\/em>\npermet l&rsquo;affichage du contenu entre parenth\u00e8ses dans la console. Le contenu\npeut-\u00eatre la valeur d&rsquo;une variable d\u00e9finie pr\u00e9c\u00e9demment, un texte (not\u00e9 entre\nguillemets simples ou doubles) ou une association d&rsquo;une ou plusieurs valeurs et\nd&rsquo;un ou plusieurs textes.\n\n\n\n<\/p>\n\n\n\n<p>\n\n\n\n\n\n\n\n\n\n\n\n\n\n\n\n\nExemple :\n\n\n\n<\/p>\n\n\n\n<table class=\"wp-block-table is-style-stripes\"><tbody><tr><td>Editeur<\/td><\/tr><tr><td>nombre_chromosome_cellule_haploide = 23<br> print(&lsquo;Il y a &lsquo;,nombre_chromosome_cellule_haploide,&rsquo; chromosomes dans une cellule haplo\u00efde humaine.&rsquo;)<\/td><\/tr><tr><td>Console (apr\u00e8s ex\u00e9cution)<\/td><\/tr><tr><td>&gt;&gt;&gt;<br>Il y a  23  chromosomes dans une cellule haplo\u00efde humaine. <br>&gt;&gt;&gt;<\/td><\/tr><\/tbody><\/table>\n","protected":false},"excerpt":{"rendered":"<p>La fonction print() permet l&rsquo;affichage du contenu entre parenth\u00e8ses dans la console. Le contenu peut-\u00eatre la valeur d&rsquo;une variable d\u00e9finie pr\u00e9c\u00e9demment, un texte (not\u00e9 entre guillemets simples ou doubles) ou une association d&rsquo;une ou plusieurs valeurs et d&rsquo;un ou plusieurs textes. Exemple : Editeur nombre_chromosome_cellule_haploide = 23 print(&lsquo;Il y a &lsquo;,nombre_chromosome_cellule_haploide,&rsquo; chromosomes dans une cellule &hellip; <\/p>\n<p><a class=\"more-link btn\" href=\"https:\/\/ent2d.ac-bordeaux.fr\/disciplines\/svt\/python\/ii-les-principales-structures-algorithmiques-en-python\/e-laffichage-a-lecran\/\">Lire la suite<\/a><\/p>\n","protected":false},"author":8,"featured_media":0,"parent":2526,"menu_order":5,"comment_status":"closed","ping_status":"closed","template":"template-onecolumn.php","meta":{"footnotes":""},"class_list":["post-2566","page","type-page","status-publish","hentry","nodate","item-wrap"],"_links":{"self":[{"href":"https:\/\/ent2d.ac-bordeaux.fr\/disciplines\/svt\/wp-json\/wp\/v2\/pages\/2566","targetHints":{"allow":["GET"]}}],"collection":[{"href":"https:\/\/ent2d.ac-bordeaux.fr\/disciplines\/svt\/wp-json\/wp\/v2\/pages"}],"about":[{"href":"https:\/\/ent2d.ac-bordeaux.fr\/disciplines\/svt\/wp-json\/wp\/v2\/types\/page"}],"author":[{"embeddable":true,"href":"https:\/\/ent2d.ac-bordeaux.fr\/disciplines\/svt\/wp-json\/wp\/v2\/users\/8"}],"replies":[{"embeddable":true,"href":"https:\/\/ent2d.ac-bordeaux.fr\/disciplines\/svt\/wp-json\/wp\/v2\/comments?post=2566"}],"version-history":[{"count":2,"href":"https:\/\/ent2d.ac-bordeaux.fr\/disciplines\/svt\/wp-json\/wp\/v2\/pages\/2566\/revisions"}],"predecessor-version":[{"id":2569,"href":"https:\/\/ent2d.ac-bordeaux.fr\/disciplines\/svt\/wp-json\/wp\/v2\/pages\/2566\/revisions\/2569"}],"up":[{"embeddable":true,"href":"https:\/\/ent2d.ac-bordeaux.fr\/disciplines\/svt\/wp-json\/wp\/v2\/pages\/2526"}],"wp:attachment":[{"href":"https:\/\/ent2d.ac-bordeaux.fr\/disciplines\/svt\/wp-json\/wp\/v2\/media?parent=2566"}],"curies":[{"name":"wp","href":"https:\/\/api.w.org\/{rel}","templated":true}]}}