{"id":2559,"date":"2019-07-03T17:50:41","date_gmt":"2019-07-03T16:50:41","guid":{"rendered":"https:\/\/ent2d.ac-bordeaux.fr\/disciplines\/svt\/?page_id=2559"},"modified":"2019-07-03T17:55:44","modified_gmt":"2019-07-03T16:55:44","slug":"d-lentree-des-valeurs-par-lutilisateur","status":"publish","type":"page","link":"https:\/\/ent2d.ac-bordeaux.fr\/disciplines\/svt\/python\/ii-les-principales-structures-algorithmiques-en-python\/d-lentree-des-valeurs-par-lutilisateur\/","title":{"rendered":"D L&rsquo;entr\u00e9e des valeurs par l&rsquo;utilisateur"},"content":{"rendered":"\n<p>Il est possible d&rsquo;utiliser des instructions qui permettent d&rsquo;avoir une interaction entre l&rsquo;ordinateur et l&rsquo;utilisateur. Le programme affiche une phrase \u00e0 destination de l&rsquo;utilisateur pour qu&rsquo;il entre une donn\u00e9e dans une zone de saisie afin que le script continue son ex\u00e9cution.<\/p>\n\n\n<p>Exemple 1 :<\/p>\n<p>n = int(input(\u00ab\u00a0<span style=\"color: #99cc00\">Entrer le nombre de chromosomes dans une cellule humaine haplo\u00efde :<\/span>\u00ab\u00a0))<\/p>\n<p>La phrase <em>Entrer le nombre de chromosomes dans une cellule humaine haplo\u00efde :<\/em> appara\u00eet \u00e0 l&rsquo;\u00e9cran gr\u00e2ce \u00e0 la fonction <em>input()<\/em>. La fonction <em>int()<\/em> demande un nombre entier qui sera attribu\u00e9 \u00e0 <em>n<\/em>.<\/p>\n\n\n<table class=\"wp-block-table is-style-stripes\"><tbody><tr><td>Editeur<\/td><\/tr><tr><td>n = int(input(\u00ab\u00a0Entrer le nombre de chromosomes dans une cellule humaine haplo\u00efde :\u00a0\u00bb))<br>print(n)<\/td><\/tr><tr><td>Fen\u00eatre (apr\u00e8s ex\u00e9cution)<\/td><\/tr><\/tbody><\/table>\n\n\n\n<figure class=\"wp-block-image\"><img loading=\"lazy\" decoding=\"async\" width=\"1024\" height=\"161\" src=\"https:\/\/ent2d.ac-bordeaux.fr\/disciplines\/svt\/wp-content\/uploads\/sites\/4\/2019\/07\/Python-input-1024x161.png\" alt=\"\" class=\"wp-image-2562\" srcset=\"https:\/\/ent2d.ac-bordeaux.fr\/disciplines\/svt\/wp-content\/uploads\/sites\/4\/2019\/07\/Python-input-1024x161.png 1024w, https:\/\/ent2d.ac-bordeaux.fr\/disciplines\/svt\/wp-content\/uploads\/sites\/4\/2019\/07\/Python-input-300x47.png 300w, https:\/\/ent2d.ac-bordeaux.fr\/disciplines\/svt\/wp-content\/uploads\/sites\/4\/2019\/07\/Python-input-768x121.png 768w, https:\/\/ent2d.ac-bordeaux.fr\/disciplines\/svt\/wp-content\/uploads\/sites\/4\/2019\/07\/Python-input.png 1179w\" sizes=\"auto, (max-width: 1024px) 100vw, 1024px\" \/><\/figure>\n\n\n\n<table class=\"wp-block-table is-style-stripes\"><tbody><tr><td>Console (apr\u00e8s avoir rempli la donn\u00e9e demand\u00e9e)<\/td><\/tr><tr><td>&gt;&gt;&gt;<br>23<br>&gt;&gt;&gt;<\/td><\/tr><\/tbody><\/table>\n\n\n<p>Exemple 2 :<\/p>\n<p>n = float(input(\u00ab\u00a0<span style=\"color: #99cc00\">Entrer le coefficient directeur de la droite isochrone :<\/span>\u00ab\u00a0))<\/p>\n<p>La phrase <em>Entrer le coefficient directeur de la droite isochrone :<\/em> appara\u00eet \u00e0 l&rsquo;\u00e9cran gr\u00e2ce \u00e0 la fonction <em>input()<\/em>. La fonction <em>float()<\/em> demande un nombre r\u00e9el qui sera attribu\u00e9 \u00e0 <em>n<\/em>.<\/p>\n\n<p>Exemple 3 :<\/p>\n<p>n = eval(input(\u00ab\u00a0<span style=\"color: #99cc00\">Entrer la proportion d&rsquo;individus de ph\u00e9notype [eb] :<\/span>\u00ab\u00a0))<\/p>\n<p>La phrase <em>Entrer la proportion d&rsquo;individus de ph\u00e9notype [eb] :<\/em> appara\u00eet \u00e0 l&rsquo;\u00e9cran gr\u00e2ce \u00e0 la fonction <em>input()<\/em>. La fonction <em>eval()<\/em> demande une valeur sous la forme d&rsquo;une fraction par exemple (1\/4) qui sera attribu\u00e9 \u00e0 <em>n<\/em>.<\/p>","protected":false},"excerpt":{"rendered":"<p>Il est possible d&rsquo;utiliser des instructions qui permettent d&rsquo;avoir une interaction entre l&rsquo;ordinateur et l&rsquo;utilisateur. Le programme affiche une phrase \u00e0 destination de l&rsquo;utilisateur pour qu&rsquo;il entre une donn\u00e9e dans une zone de saisie afin que le script continue son ex\u00e9cution. Exemple 1 : n = int(input(\u00ab\u00a0Entrer le nombre de chromosomes dans une cellule humaine &hellip; <\/p>\n<p><a class=\"more-link btn\" href=\"https:\/\/ent2d.ac-bordeaux.fr\/disciplines\/svt\/python\/ii-les-principales-structures-algorithmiques-en-python\/d-lentree-des-valeurs-par-lutilisateur\/\">Lire la suite<\/a><\/p>\n","protected":false},"author":8,"featured_media":0,"parent":2526,"menu_order":4,"comment_status":"closed","ping_status":"closed","template":"template-onecolumn.php","meta":{"footnotes":""},"class_list":["post-2559","page","type-page","status-publish","hentry","nodate","item-wrap"],"_links":{"self":[{"href":"https:\/\/ent2d.ac-bordeaux.fr\/disciplines\/svt\/wp-json\/wp\/v2\/pages\/2559","targetHints":{"allow":["GET"]}}],"collection":[{"href":"https:\/\/ent2d.ac-bordeaux.fr\/disciplines\/svt\/wp-json\/wp\/v2\/pages"}],"about":[{"href":"https:\/\/ent2d.ac-bordeaux.fr\/disciplines\/svt\/wp-json\/wp\/v2\/types\/page"}],"author":[{"embeddable":true,"href":"https:\/\/ent2d.ac-bordeaux.fr\/disciplines\/svt\/wp-json\/wp\/v2\/users\/8"}],"replies":[{"embeddable":true,"href":"https:\/\/ent2d.ac-bordeaux.fr\/disciplines\/svt\/wp-json\/wp\/v2\/comments?post=2559"}],"version-history":[{"count":3,"href":"https:\/\/ent2d.ac-bordeaux.fr\/disciplines\/svt\/wp-json\/wp\/v2\/pages\/2559\/revisions"}],"predecessor-version":[{"id":2564,"href":"https:\/\/ent2d.ac-bordeaux.fr\/disciplines\/svt\/wp-json\/wp\/v2\/pages\/2559\/revisions\/2564"}],"up":[{"embeddable":true,"href":"https:\/\/ent2d.ac-bordeaux.fr\/disciplines\/svt\/wp-json\/wp\/v2\/pages\/2526"}],"wp:attachment":[{"href":"https:\/\/ent2d.ac-bordeaux.fr\/disciplines\/svt\/wp-json\/wp\/v2\/media?parent=2559"}],"curies":[{"name":"wp","href":"https:\/\/api.w.org\/{rel}","templated":true}]}}