{"id":2397,"date":"2019-03-03T21:59:55","date_gmt":"2019-03-03T20:59:55","guid":{"rendered":"https:\/\/ent2d.ac-bordeaux.fr\/disciplines\/svt\/?page_id=2397"},"modified":"2019-03-03T22:02:50","modified_gmt":"2019-03-03T21:02:50","slug":"learningapps","status":"publish","type":"page","link":"https:\/\/ent2d.ac-bordeaux.fr\/disciplines\/svt\/learningapps\/","title":{"rendered":"LEARNINGAPPS"},"content":{"rendered":"<h1><a href=\"https:\/\/learningapps.org\/\">https:\/\/learningapps.org\/<\/a><\/h1>\n<h1>Mat\u00e9riel n\u00e9cessaire \u2013 professeur :<\/h1>\n<p>Ordinateur (pr\u00e9paration)<\/p>\n<h1>Mat\u00e9riel n\u00e9cessaire \u2013 \u00e9l\u00e8ve :<\/h1>\n<p>Ordinateur<\/p>\n<p>Tablette ou Smartphone<\/p>\n<p>&nbsp;<\/p>\n<h1>Exemples d\u2019utilisation :<\/h1>\n<p>LearningApps est une application Web 2.0 visant \u00e0 soutenir les processus d&rsquo;enseignement et d&rsquo;apprentissage au moyen d\u2019exercice. L&rsquo;objectif est de rassembler des exercices de toutes notions et de les mettre \u00e0 la disposition de tous. C&rsquo;est pour cela que les modules (appel\u00e9s applis ou apps) ne s&rsquo;inscrivent pas dans un cadre particulier ou ne comportent pas de sc\u00e9nario d&rsquo;apprentissage concret et se limitent exclusivement \u00e0 la partie interactive. Les modules ne pr\u00e9sentent donc en eux-m\u00eames aucune unit\u00e9 d&rsquo;apprentissage pr\u00e9d\u00e9finie et doivent \u00eatre int\u00e9gr\u00e9s \u00e0 une activit\u00e9 ou s\u00e9quence d&rsquo;apprentissage.<\/p>\n<h1>Tutoriels :<\/h1>\n<div style=\"width: 640px;\" class=\"wp-video\"><video class=\"wp-video-shortcode\" id=\"video-2397-1\" width=\"640\" height=\"360\" preload=\"metadata\" controls=\"controls\"><source type=\"video\/youtube\" src=\"https:\/\/youtu.be\/KkX0iPlRLAg?_=1\" \/><a href=\"https:\/\/youtu.be\/KkX0iPlRLAg\">https:\/\/youtu.be\/KkX0iPlRLAg<\/a><\/video><\/div>\n","protected":false},"excerpt":{"rendered":"<p>https:\/\/learningapps.org\/ Mat\u00e9riel n\u00e9cessaire \u2013 professeur : Ordinateur (pr\u00e9paration) Mat\u00e9riel n\u00e9cessaire \u2013 \u00e9l\u00e8ve : Ordinateur Tablette ou Smartphone &nbsp; Exemples d\u2019utilisation : LearningApps est une application Web 2.0 visant \u00e0 soutenir les processus d&rsquo;enseignement et d&rsquo;apprentissage au moyen d\u2019exercice. L&rsquo;objectif est de rassembler des exercices de toutes notions et de les mettre \u00e0 la disposition de &hellip; <\/p>\n<p><a class=\"more-link btn\" href=\"https:\/\/ent2d.ac-bordeaux.fr\/disciplines\/svt\/learningapps\/\">Lire la suite<\/a><\/p>\n","protected":false},"author":8,"featured_media":0,"parent":0,"menu_order":0,"comment_status":"closed","ping_status":"closed","template":"","meta":{"footnotes":""},"class_list":["post-2397","page","type-page","status-publish","hentry","nodate","item-wrap"],"_links":{"self":[{"href":"https:\/\/ent2d.ac-bordeaux.fr\/disciplines\/svt\/wp-json\/wp\/v2\/pages\/2397","targetHints":{"allow":["GET"]}}],"collection":[{"href":"https:\/\/ent2d.ac-bordeaux.fr\/disciplines\/svt\/wp-json\/wp\/v2\/pages"}],"about":[{"href":"https:\/\/ent2d.ac-bordeaux.fr\/disciplines\/svt\/wp-json\/wp\/v2\/types\/page"}],"author":[{"embeddable":true,"href":"https:\/\/ent2d.ac-bordeaux.fr\/disciplines\/svt\/wp-json\/wp\/v2\/users\/8"}],"replies":[{"embeddable":true,"href":"https:\/\/ent2d.ac-bordeaux.fr\/disciplines\/svt\/wp-json\/wp\/v2\/comments?post=2397"}],"version-history":[{"count":3,"href":"https:\/\/ent2d.ac-bordeaux.fr\/disciplines\/svt\/wp-json\/wp\/v2\/pages\/2397\/revisions"}],"predecessor-version":[{"id":2400,"href":"https:\/\/ent2d.ac-bordeaux.fr\/disciplines\/svt\/wp-json\/wp\/v2\/pages\/2397\/revisions\/2400"}],"wp:attachment":[{"href":"https:\/\/ent2d.ac-bordeaux.fr\/disciplines\/svt\/wp-json\/wp\/v2\/media?parent=2397"}],"curies":[{"name":"wp","href":"https:\/\/api.w.org\/{rel}","templated":true}]}}