{"id":2155,"date":"2018-02-08T17:23:39","date_gmt":"2018-02-08T16:23:39","guid":{"rendered":"https:\/\/ent2d.ac-bordeaux.fr\/disciplines\/svt\/?page_id=2155"},"modified":"2018-02-08T18:07:16","modified_gmt":"2018-02-08T17:07:16","slug":"escape-game-2","status":"publish","type":"page","link":"https:\/\/ent2d.ac-bordeaux.fr\/disciplines\/svt\/ressources\/numeriques\/coin-tice\/outils\/escape-game-2\/","title":{"rendered":"Escape Game"},"content":{"rendered":"<p><a href=\"http:\/\/scape.enepe.fr\/station-gras.html\"><img loading=\"lazy\" decoding=\"async\" class=\"alignleft wp-image-2170 size-full\" src=\"https:\/\/ent2d.ac-bordeaux.fr\/disciplines\/svt\/wp-content\/uploads\/sites\/4\/2018\/02\/Station-Gras-e1518109625196.jpg\" alt=\"\" width=\"150\" height=\"80\" \/><\/a>Un Escape Game tr\u00e8s riche, un foisonnement d&rsquo;\u00e9nigmes faisant appel \u00e0 de multiples comp\u00e9tences, le tout second\u00e9 par une application web !<\/p>\n<p>&nbsp;<\/p>\n<p>&nbsp;<\/p>\n<p>&nbsp;<\/p>\n<p><a href=\"http:\/\/scape.enepe.fr\/will-you-become-a-pediatrician.html\"><img loading=\"lazy\" decoding=\"async\" class=\"alignleft wp-image-2162 size-full\" src=\"https:\/\/ent2d.ac-bordeaux.fr\/disciplines\/svt\/wp-content\/uploads\/sites\/4\/2018\/02\/Escape-Game-Pediatrician-e1518108193191.jpg\" alt=\"\" width=\"150\" height=\"144\" \/><\/a>Vous \u00eates une \u00e9quipe d\u2019internes en p\u00e9diatrie et votre responsable de fin d\u2019\u00e9tudes veut tester vos capacit\u00e9s en biologie, en chimie et en anglais. Le jeu est constitu\u00e9 de 11 \u00e9nigmes.<\/p>\n<p>&nbsp;<\/p>\n<p>&nbsp;<\/p>\n<p>&nbsp;<\/p>\n<p>&nbsp;<\/p>\n<p>&nbsp;<\/p>\n<p><a href=\"http:\/\/scape.enepe.fr\/retrocontrole.html\"><img loading=\"lazy\" decoding=\"async\" class=\"alignleft size-full wp-image-2166\" src=\"https:\/\/ent2d.ac-bordeaux.fr\/disciplines\/svt\/wp-content\/uploads\/sites\/4\/2018\/02\/FECONDITION.jpg\" alt=\"\" width=\"150\" height=\"150\" \/><\/a>FECONDITION est une entreprise vou\u00e9e \u00e0 la procr\u00e9ation m\u00e9dicalement assist\u00e9e, qui en r\u00e9alit\u00e9 vole les gam\u00e8tes humains pour les revendre au march\u00e9 noir. Vos \u00e9l\u00e8ves doivent mener l\u2019enqu\u00eate.<\/p>\n<p>&nbsp;<\/p>\n<p>&nbsp;<\/p>\n<p>&nbsp;<\/p>\n<p>&nbsp;<\/p>\n<p>&nbsp;<\/p>\n<p><a href=\"https:\/\/svt.ac-versailles.fr\/spip.php?article958\"><img loading=\"lazy\" decoding=\"async\" class=\"alignleft wp-image-2168 size-full\" src=\"https:\/\/ent2d.ac-bordeaux.fr\/disciplines\/svt\/wp-content\/uploads\/sites\/4\/2018\/02\/Science-time-squad-e1518109342976.jpg\" alt=\"\" width=\"300\" height=\"167\" \/><\/a>Un Escape game pour d\u00e9couvrir le code g\u00e9n\u00e9tique en 1S.<\/p>\n","protected":false},"excerpt":{"rendered":"<p>Un Escape Game tr\u00e8s riche, un foisonnement d&rsquo;\u00e9nigmes faisant appel \u00e0 de multiples comp\u00e9tences, le tout second\u00e9 par une application web ! &nbsp; &nbsp; &nbsp; Vous \u00eates une \u00e9quipe d\u2019internes en p\u00e9diatrie et votre responsable de fin d\u2019\u00e9tudes veut tester vos capacit\u00e9s en biologie, en chimie et en anglais. Le jeu est constitu\u00e9 de 11 &hellip; <\/p>\n<p><a class=\"more-link btn\" href=\"https:\/\/ent2d.ac-bordeaux.fr\/disciplines\/svt\/ressources\/numeriques\/coin-tice\/outils\/escape-game-2\/\">Lire la suite<\/a><\/p>\n","protected":false},"author":8,"featured_media":0,"parent":2153,"menu_order":0,"comment_status":"closed","ping_status":"closed","template":"template-onecolumn.php","meta":{"footnotes":""},"class_list":["post-2155","page","type-page","status-publish","hentry","nodate","item-wrap"],"_links":{"self":[{"href":"https:\/\/ent2d.ac-bordeaux.fr\/disciplines\/svt\/wp-json\/wp\/v2\/pages\/2155","targetHints":{"allow":["GET"]}}],"collection":[{"href":"https:\/\/ent2d.ac-bordeaux.fr\/disciplines\/svt\/wp-json\/wp\/v2\/pages"}],"about":[{"href":"https:\/\/ent2d.ac-bordeaux.fr\/disciplines\/svt\/wp-json\/wp\/v2\/types\/page"}],"author":[{"embeddable":true,"href":"https:\/\/ent2d.ac-bordeaux.fr\/disciplines\/svt\/wp-json\/wp\/v2\/users\/8"}],"replies":[{"embeddable":true,"href":"https:\/\/ent2d.ac-bordeaux.fr\/disciplines\/svt\/wp-json\/wp\/v2\/comments?post=2155"}],"version-history":[{"count":6,"href":"https:\/\/ent2d.ac-bordeaux.fr\/disciplines\/svt\/wp-json\/wp\/v2\/pages\/2155\/revisions"}],"predecessor-version":[{"id":2171,"href":"https:\/\/ent2d.ac-bordeaux.fr\/disciplines\/svt\/wp-json\/wp\/v2\/pages\/2155\/revisions\/2171"}],"up":[{"embeddable":true,"href":"https:\/\/ent2d.ac-bordeaux.fr\/disciplines\/svt\/wp-json\/wp\/v2\/pages\/2153"}],"wp:attachment":[{"href":"https:\/\/ent2d.ac-bordeaux.fr\/disciplines\/svt\/wp-json\/wp\/v2\/media?parent=2155"}],"curies":[{"name":"wp","href":"https:\/\/api.w.org\/{rel}","templated":true}]}}