{"id":2006,"date":"2016-12-12T19:37:44","date_gmt":"2016-12-12T18:37:44","guid":{"rendered":"https:\/\/ent2d.ac-bordeaux.fr\/disciplines\/svt\/?page_id=2006"},"modified":"2016-12-12T19:50:08","modified_gmt":"2016-12-12T18:50:08","slug":"journee-de-formation-j8","status":"publish","type":"page","link":"https:\/\/ent2d.ac-bordeaux.fr\/disciplines\/svt\/journee-de-formation-j8\/","title":{"rendered":"Journ\u00e9e de formation J8"},"content":{"rendered":"<p><a href=\"https:\/\/ent2d.ac-bordeaux.fr\/disciplines\/svt\/?page_id=2011&amp;preview=true\">Banque \u00e9valuations<\/a><\/p>\n<p><a href=\"https:\/\/ent2d.ac-bordeaux.fr\/disciplines\/svt\/?page_id=2020&amp;preview=true\">Banque rem\u00e9diation<\/a><\/p>\n<p><a href=\"https:\/\/ent2d.ac-bordeaux.fr\/disciplines\/svt\/wp-content\/uploads\/sites\/4\/2016\/12\/Carte-mentale-EVALUER.pdf\">Carte mentale EVALUER<\/a><\/p>\n<p><a href=\"https:\/\/ent2d.ac-bordeaux.fr\/disciplines\/svt\/wp-content\/uploads\/sites\/4\/2016\/12\/Correspondance-compe\u0301tences-socle-activite\u0301s.docx\">Correspondance comp\u00e9tences-socle-activit\u00e9s<\/a><\/p>\n<p><a href=\"https:\/\/ent2d.ac-bordeaux.fr\/disciplines\/svt\/wp-content\/uploads\/sites\/4\/2016\/12\/Diaporama-pre\u0301pa-J8.pptx\">Diaporama pr\u00e9pa J8<\/a><\/p>\n<p>Vid\u00e9o de pr\u00e9paration \u00e0 la journ\u00e9e de formation J8<\/p>\n<div><iframe loading=\"lazy\" frameborder=\"0\" width=\"550\" height=\"375.76923076923\" src=\"https:\/\/ent2d.ac-bordeaux.fr\/mediacad\/m\/8969\/d\/i\" webkitAllowFullScreen=\"true\" mozallowfullscreen=\"true\" allowFullScreen=\"true\" ><\/iframe><\/div>\n","protected":false},"excerpt":{"rendered":"<p>Banque \u00e9valuations Banque rem\u00e9diation Carte mentale EVALUER Correspondance comp\u00e9tences-socle-activit\u00e9s Diaporama pr\u00e9pa J8 Vid\u00e9o de pr\u00e9paration \u00e0 la journ\u00e9e de formation J8<\/p>\n","protected":false},"author":8,"featured_media":0,"parent":0,"menu_order":0,"comment_status":"closed","ping_status":"closed","template":"","meta":{"footnotes":""},"class_list":["post-2006","page","type-page","status-publish","hentry","nodate","item-wrap"],"_links":{"self":[{"href":"https:\/\/ent2d.ac-bordeaux.fr\/disciplines\/svt\/wp-json\/wp\/v2\/pages\/2006","targetHints":{"allow":["GET"]}}],"collection":[{"href":"https:\/\/ent2d.ac-bordeaux.fr\/disciplines\/svt\/wp-json\/wp\/v2\/pages"}],"about":[{"href":"https:\/\/ent2d.ac-bordeaux.fr\/disciplines\/svt\/wp-json\/wp\/v2\/types\/page"}],"author":[{"embeddable":true,"href":"https:\/\/ent2d.ac-bordeaux.fr\/disciplines\/svt\/wp-json\/wp\/v2\/users\/8"}],"replies":[{"embeddable":true,"href":"https:\/\/ent2d.ac-bordeaux.fr\/disciplines\/svt\/wp-json\/wp\/v2\/comments?post=2006"}],"version-history":[{"count":6,"href":"https:\/\/ent2d.ac-bordeaux.fr\/disciplines\/svt\/wp-json\/wp\/v2\/pages\/2006\/revisions"}],"predecessor-version":[{"id":2036,"href":"https:\/\/ent2d.ac-bordeaux.fr\/disciplines\/svt\/wp-json\/wp\/v2\/pages\/2006\/revisions\/2036"}],"wp:attachment":[{"href":"https:\/\/ent2d.ac-bordeaux.fr\/disciplines\/svt\/wp-json\/wp\/v2\/media?parent=2006"}],"curies":[{"name":"wp","href":"https:\/\/api.w.org\/{rel}","templated":true}]}}