{"id":198,"date":"2016-02-15T17:58:54","date_gmt":"2016-02-15T16:58:54","guid":{"rendered":"http:\/\/ent2d.ac-bordeaux.fr\/disciplines\/svt\/?page_id=198"},"modified":"2016-11-30T19:56:40","modified_gmt":"2016-11-30T18:56:40","slug":"4eme-production-n3","status":"publish","type":"page","link":"https:\/\/ent2d.ac-bordeaux.fr\/disciplines\/svt\/ressources\/numeriques\/traam-2015\/traam-2015-classe-inversee-et-moodle-au-service-de-lautonomie-des-eleves\/4eme-production-n3\/","title":{"rendered":"4\u00e8me &#8211; Production n\u00b03"},"content":{"rendered":"<h1>Partie \u00ab Transmission de la vie chez l\u2019Homme \u00bb<\/h1>\n<h1>Notion d\u2019\u00e9changes m\u00e8re \/ embryon<\/h1>\n<p class=\"contenu\">Auteur\u00a0: Guebara Myriam<\/p>\n<p class=\"contenu\"><strong>Outils utilis\u00e9s<\/strong> :<\/p>\n<table border=\"1\" width=\"100%\" cellspacing=\"0\" cellpadding=\"3\">\n<tbody>\n<tr>\n<td>Pour r\u00e9ussir \u00e0 faire\u2026<\/td>\n<td>Outils<\/td>\n<td>Tutoriels (si disponibles)<\/td>\n<\/tr>\n<tr>\n<td>Une vid\u00e9o<\/td>\n<td>Fonction enregistrement d\u2019un logiciel TBI<\/td>\n<td><\/td>\n<\/tr>\n<\/tbody>\n<\/table>\n<p class=\"contenu\"><strong>Sc\u00e9nario p\u00e9dagogique<\/strong> :<\/p>\n<p class=\"contenu\">Les \u00e9l\u00e8ves connaissant les \u00e9tapes de la f\u00e9condation \u00e0 l\u2019int\u00e9rieur de l\u2019appareil reproducteur f\u00e9minin et ont \u00e9tudi\u00e9 le d\u00e9but d\u2019une grossesse (premiers signes et d\u00e9termination de la p\u00e9riode de fertilit\u00e9).<br \/>\nOn cherche d\u00e9sormais \u00e0 comprendre comment on passe de l\u2019\u00e9tape nidation embryonnaire \u00e0 un enfant. Cet embryon a des besoins pour se d\u00e9velopper, lesquels ? Comment sont-ils combl\u00e9s ?<\/p>\n<p class=\"contenu\">Les \u00e9l\u00e8ves doivent regarder \u00e0 la maison la capsule (r\u00e9alis\u00e9e \u00e0 partir de l\u2019animation Itop \u00ab R\u00f4les du placenta et du cordon ombilical \u00bb) puis \u00e9tudier des documents en classe afin de r\u00e9diger un texte illustr\u00e9 par un sch\u00e9ma \u00e0 compl\u00e9ter sur une <a href=\"http:\/\/ent2d.ac-bordeaux.fr\/disciplines\/svt\/wp-content\/uploads\/sites\/4\/2016\/02\/CI-Doc-travail-placenta.pdf\" rel=\"\">feuille distribu\u00e9e<\/a>.<\/p>\n<div style=\"width: 640px;\" class=\"wp-video\"><video class=\"wp-video-shortcode\" id=\"video-198-1\" width=\"640\" height=\"480\" preload=\"metadata\" controls=\"controls\"><source type=\"video\/mp4\" src=\"http:\/\/ent2d.ac-bordeaux.fr\/disciplines\/svt\/wp-content\/uploads\/sites\/4\/2016\/02\/Placenta.mp4?_=1\" \/><a href=\"http:\/\/ent2d.ac-bordeaux.fr\/disciplines\/svt\/wp-content\/uploads\/sites\/4\/2016\/02\/Placenta.mp4\">http:\/\/ent2d.ac-bordeaux.fr\/disciplines\/svt\/wp-content\/uploads\/sites\/4\/2016\/02\/Placenta.mp4<\/a><\/video><\/div>\n","protected":false},"excerpt":{"rendered":"<p>Partie \u00ab Transmission de la vie chez l\u2019Homme \u00bb Notion d\u2019\u00e9changes m\u00e8re \/ embryon Auteur\u00a0: Guebara Myriam Outils utilis\u00e9s : Pour r\u00e9ussir \u00e0 faire\u2026 Outils Tutoriels (si disponibles) Une vid\u00e9o Fonction enregistrement d\u2019un logiciel TBI Sc\u00e9nario p\u00e9dagogique : Les \u00e9l\u00e8ves connaissant les \u00e9tapes de la f\u00e9condation \u00e0 l\u2019int\u00e9rieur de l\u2019appareil reproducteur f\u00e9minin et ont \u00e9tudi\u00e9 &hellip; <\/p>\n<p><a class=\"more-link btn\" href=\"https:\/\/ent2d.ac-bordeaux.fr\/disciplines\/svt\/ressources\/numeriques\/traam-2015\/traam-2015-classe-inversee-et-moodle-au-service-de-lautonomie-des-eleves\/4eme-production-n3\/\">Lire la suite<\/a><\/p>\n","protected":false},"author":8,"featured_media":0,"parent":65,"menu_order":6,"comment_status":"closed","ping_status":"closed","template":"template-onecolumn.php","meta":{"footnotes":""},"class_list":["post-198","page","type-page","status-publish","hentry","nodate","item-wrap"],"_links":{"self":[{"href":"https:\/\/ent2d.ac-bordeaux.fr\/disciplines\/svt\/wp-json\/wp\/v2\/pages\/198","targetHints":{"allow":["GET"]}}],"collection":[{"href":"https:\/\/ent2d.ac-bordeaux.fr\/disciplines\/svt\/wp-json\/wp\/v2\/pages"}],"about":[{"href":"https:\/\/ent2d.ac-bordeaux.fr\/disciplines\/svt\/wp-json\/wp\/v2\/types\/page"}],"author":[{"embeddable":true,"href":"https:\/\/ent2d.ac-bordeaux.fr\/disciplines\/svt\/wp-json\/wp\/v2\/users\/8"}],"replies":[{"embeddable":true,"href":"https:\/\/ent2d.ac-bordeaux.fr\/disciplines\/svt\/wp-json\/wp\/v2\/comments?post=198"}],"version-history":[{"count":1,"href":"https:\/\/ent2d.ac-bordeaux.fr\/disciplines\/svt\/wp-json\/wp\/v2\/pages\/198\/revisions"}],"predecessor-version":[{"id":201,"href":"https:\/\/ent2d.ac-bordeaux.fr\/disciplines\/svt\/wp-json\/wp\/v2\/pages\/198\/revisions\/201"}],"up":[{"embeddable":true,"href":"https:\/\/ent2d.ac-bordeaux.fr\/disciplines\/svt\/wp-json\/wp\/v2\/pages\/65"}],"wp:attachment":[{"href":"https:\/\/ent2d.ac-bordeaux.fr\/disciplines\/svt\/wp-json\/wp\/v2\/media?parent=198"}],"curies":[{"name":"wp","href":"https:\/\/api.w.org\/{rel}","templated":true}]}}