{"id":1882,"date":"2016-11-08T16:04:29","date_gmt":"2016-11-08T15:04:29","guid":{"rendered":"https:\/\/ent2d.ac-bordeaux.fr\/disciplines\/svt\/?page_id=1882"},"modified":"2023-03-09T11:19:26","modified_gmt":"2023-03-09T10:19:26","slug":"liste-de-diffusion-2","status":"publish","type":"page","link":"https:\/\/ent2d.ac-bordeaux.fr\/disciplines\/svt\/liste-de-diffusion-2\/","title":{"rendered":"S&rsquo;abonner \u00e0 la liste de diffusion"},"content":{"rendered":"\n<p class=\"has-normal-font-size\">L&rsquo;acad\u00e9mie de Bordeaux met \u00e0 la disposition de ses enseignants une liste de diffusion. Elle compte plus de 800 participants et elle est tr\u00e8s dynamique avec une activit\u00e9 quotidienne d&rsquo;\u00e9changes et de mutualisation.<br>Il est possible de s&rsquo;y inscrire \u00e0 l&rsquo;adresse suivante : <a href=\"http:\/\/listes.ac-bordeaux.fr\/sympa\/info\/svt\" target=\"_blank\" rel=\"noopener\">listes.ac-bordeaux.fr\/sympa\/info\/svt<\/a><\/p>\n\n\n\n<div class=\"wp-block-image\"><figure class=\"aligncenter size-full\"><img loading=\"lazy\" decoding=\"async\" width=\"180\" height=\"142\" src=\"https:\/\/ent2d.ac-bordeaux.fr\/disciplines\/svt\/wp-content\/uploads\/sites\/4\/2022\/10\/logo_sympa.png\" alt=\"\" class=\"wp-image-3972\" \/><\/figure><\/div>\n","protected":false},"excerpt":{"rendered":"<p>L&rsquo;acad\u00e9mie de Bordeaux met \u00e0 la disposition de ses enseignants une liste de diffusion. Elle compte plus de 800 participants et elle est tr\u00e8s dynamique avec une activit\u00e9 quotidienne d&rsquo;\u00e9changes et de mutualisation.Il est possible de s&rsquo;y inscrire \u00e0 l&rsquo;adresse suivante : listes.ac-bordeaux.fr\/sympa\/info\/svt<\/p>\n","protected":false},"author":1615,"featured_media":0,"parent":0,"menu_order":3,"comment_status":"closed","ping_status":"closed","template":"","meta":{"footnotes":""},"class_list":["post-1882","page","type-page","status-publish","hentry","nodate","item-wrap"],"_links":{"self":[{"href":"https:\/\/ent2d.ac-bordeaux.fr\/disciplines\/svt\/wp-json\/wp\/v2\/pages\/1882","targetHints":{"allow":["GET"]}}],"collection":[{"href":"https:\/\/ent2d.ac-bordeaux.fr\/disciplines\/svt\/wp-json\/wp\/v2\/pages"}],"about":[{"href":"https:\/\/ent2d.ac-bordeaux.fr\/disciplines\/svt\/wp-json\/wp\/v2\/types\/page"}],"author":[{"embeddable":true,"href":"https:\/\/ent2d.ac-bordeaux.fr\/disciplines\/svt\/wp-json\/wp\/v2\/users\/1615"}],"replies":[{"embeddable":true,"href":"https:\/\/ent2d.ac-bordeaux.fr\/disciplines\/svt\/wp-json\/wp\/v2\/comments?post=1882"}],"version-history":[{"count":5,"href":"https:\/\/ent2d.ac-bordeaux.fr\/disciplines\/svt\/wp-json\/wp\/v2\/pages\/1882\/revisions"}],"predecessor-version":[{"id":4604,"href":"https:\/\/ent2d.ac-bordeaux.fr\/disciplines\/svt\/wp-json\/wp\/v2\/pages\/1882\/revisions\/4604"}],"wp:attachment":[{"href":"https:\/\/ent2d.ac-bordeaux.fr\/disciplines\/svt\/wp-json\/wp\/v2\/media?parent=1882"}],"curies":[{"name":"wp","href":"https:\/\/api.w.org\/{rel}","templated":true}]}}