{"id":1468,"date":"2016-06-16T21:01:28","date_gmt":"2016-06-16T20:01:28","guid":{"rendered":"https:\/\/ent2d.ac-bordeaux.fr\/disciplines\/svt\/?page_id=1468"},"modified":"2016-06-24T08:14:53","modified_gmt":"2016-06-24T07:14:53","slug":"a-finir-excursions","status":"publish","type":"page","link":"https:\/\/ent2d.ac-bordeaux.fr\/disciplines\/svt\/ressources\/pedagogiques\/ressources-academiques-diverses\/thematique-la-planete-et-les-enjeux-contemporains\/volcanisme-dans-la-chaine-des-puy\/a-finir-excursions\/","title":{"rendered":"Excursions"},"content":{"rendered":"<h3>Th\u00e8mes propos\u00e9s<\/h3>\n<ol>\n<li><a href=\"https:\/\/ent2d.ac-bordeaux.fr\/disciplines\/svt\/a-finir-nature-de-la-croute-continentale-et-du-manteau\/\">Nature de la cro\u00fbte continentale et du manteau<\/a><\/li>\n<li><a href=\"https:\/\/ent2d.ac-bordeaux.fr\/disciplines\/svt\/a-finir-differenciation-magmatique\/\">Diff\u00e9renciation magmatique<\/a><\/li>\n<li><a href=\"https:\/\/ent2d.ac-bordeaux.fr\/disciplines\/svt\/diversite-des-edifices-volcaniques\/\">Diversit\u00e9 des \u00e9difices volcaniques<\/a><\/li>\n<li><a href=\"https:\/\/ent2d.ac-bordeaux.fr\/disciplines\/svt\/a-finir-nature-et-diversite-des-emissions-volcaniques\/\">Nature et diversit\u00e9 des \u00e9missions volcaniques<\/a><\/li>\n<\/ol>\n<p id=\"d\u00e9but\" class=\"contenu\"><a href=\"https:\/\/ent2d.ac-bordeaux.fr\/disciplines\/svt\/a-finir-excursions\/#ex1\">Excursion n\u00b01<\/a>. Nature de la cro\u00fbte continentale et du manteau<\/p>\n<p class=\"contenu\"><a href=\"https:\/\/ent2d.ac-bordeaux.fr\/disciplines\/svt\/a-finir-excursions\/#ex2\">Excursion n\u00b02<\/a>. Diff\u00e9renciation magmatique<\/p>\n<p class=\"contenu\"><a href=\"https:\/\/ent2d.ac-bordeaux.fr\/disciplines\/svt\/a-finir-excursions\/#ex3\">Excursion n\u00b03<\/a>. Diversit\u00e9 des \u00e9difices volcaniques<\/p>\n<p class=\"contenu\"><a href=\"https:\/\/ent2d.ac-bordeaux.fr\/disciplines\/svt\/a-finir-excursions\/#ex4\">Excursion n\u00b04<\/a>. Nature et diversit\u00e9 des \u00e9missions volcaniques<\/p>\n<p class=\"contenu\"><i>Il est fortement conseill\u00e9 de se procurer la carte \u00ab\u00a0Volcanologie de la Cha\u00eene des Puys\u00a0\u00bb au 1\/25000 pour \u00eatre certain d&rsquo;arriver \u00e0 bon port sans se tromper!<\/i><\/p>\n<hr \/>\n<h3 id=\"ex1\">Excursion n\u00b01. Nature de la cro\u00fbte continentale et du manteau<\/h3>\n<p class=\"contenu\"><strong>Le puy Gonnard.<\/strong> De Clermont-Ferrand, prendre la N. 9, direction Riom. Sortir, direction Ch\u00e2telguyon. A Ch\u00e2telguyon, prendre la D. 138, direction Enval. Poursuivre sur la D. 138 au del\u00e0 d&rsquo;Enval, direction Beaunit. Lorsque l&rsquo;on quitte la D. 138 (route de gauche) pour entrer dans Beaunit, on peut faire un premier arr\u00eat 250m plus loin dans une carri\u00e8re (carri\u00e8re de produits de projection issus du maar de Beaunit + vue sur le maar combl\u00e9). Sinon, traverser le village de Beaunit toujours tout droit puis s&rsquo;arr\u00eater \u00e0 la carri\u00e8re du puy Gonnard situ\u00e9e \u00e0 gauche, 300 m apr\u00e8s avoir quitt\u00e9 le village.<\/p>\n<p align=\"center\"><a href=\"https:\/\/ent2d.ac-bordeaux.fr\/disciplines\/svt\/a-finir-excursions\/#d\u00e9but\">Retour<\/a><\/p>\n<hr \/>\n<h3 id=\"ex2\">Excursion n\u00b02. Diff\u00e9renciation magmatique<\/h3>\n<p class=\"contenu\"><strong>La coul\u00e9e de Volvic.<\/strong> De Clermond Ferrand, prendre la N. 9, direction Riom. Suivre les panneaux jusqu&rsquo;\u00e0 Volvic. A Volvic, prendre la D. 941, direction Pontgibaud. A TERMINER.<\/p>\n<p class=\"contenu\"><strong>La carri\u00e8re Rudel au sud du Puy de D\u00f4me.<\/strong> Reprendre la D. 941, direction Volvic jusqu&rsquo; \u00e0 rencontrer la D. 90. Tourner \u00e0 droite, direction Orcines. Poursuivre la route, direction le puy de D\u00f4me. Une fois arriv\u00e9 \u00e0 l&#8217;embranchement o\u00f9 est indiqu\u00e9 \u00ab\u00a0Acc\u00e8s au puy de D\u00f4me, route priv\u00e9e\u00a0\u00bb, continuer sur la route D. 68 direction Ceyssat. La carri\u00e8re Rudel est situ\u00e9e apr\u00e8s cet embranchement sur la droite \u00e0 environ 2,5 km.<\/p>\n<p class=\"contenu\"><strong>Remarque<\/strong>: de l\u00e0, il est indispensable de se rendre au sommet du puy de D\u00f4me pour y observer la totalit\u00e9 de la Cha\u00eene des Puys afin d&rsquo;y travailler la g\u00e9ologie, la\u00a0 g\u00e9omorphologie, la g\u00e9ographie humaine&#8230;<\/p>\n<p class=\"contenu\"><strong>La coul\u00e9e d&rsquo;Aydat \u00e0 Saint-Saturnin.<\/strong> Retourner en arri\u00e8re sur la D. 68, direction Clermont-Ferrand. Prendre la D. 941a sur la droite, direction Rochefort-Montagne. Prendre la N. 89 sur la gauche, direction Clermont-Ferrand. s&rsquo;arr\u00eater environ 5 km plus loin sur le parking pour aller observer les puys de la Vache et Lassolas et la coul\u00e9e d&rsquo;Aydat. Reprendre la N. 89 (cf. la remarque), puis tourner \u00e0 droite sur la D. 213 direction Aydat. Un petit d\u00e9tour par Aydat est indispensable pour aller voir le lac de barrage d&rsquo;Aydat. Reprendre la D. 213 jusqu&rsquo;\u00e0 Saint-Saturnin. Se garer \u00e0 l&rsquo;entr\u00e9e du village au parking autoris\u00e9 pour les bus. Rejoindre \u00e0 pied le ch\u00e2teau. Prendre face au ch\u00e2teau un sentier qui longe la Monne. La coul\u00e9e d&rsquo;Aydat est \u00e0 deux minutes de marche.<\/p>\n<p class=\"contenu\"><strong>Remarque: <\/strong>quel dommage de ne pas s&rsquo;arr\u00eater au puy de la Vache pour y observer un c\u00f4ne de scories et les bombes volcaniques associ\u00e9es!<\/p>\n<p align=\"center\"><a href=\"https:\/\/ent2d.ac-bordeaux.fr\/disciplines\/svt\/a-finir-excursions\/#d\u00e9but\">Retour<\/a><\/p>\n<hr \/>\n<h3 id=\"ex3\">Excursion n\u00b03. Diversit\u00e9 des \u00e9difices volcaniques<\/h3>\n<p class=\"contenu\"><strong>Le gour de Tazenat.<\/strong> De Clermont-Ferrand, prendre la N. 9, direction Riom. A Riom, prendre la N. 144, direction Combronde. Une fois arriv\u00e9 dans cette ville, prendre la D. 19, direction Charbonni\u00e8res-les-Vieilles. La route jusqu&rsquo;au gour de Tazenat est alors indiqu\u00e9e. Le car doit se garer au pied du maar sur un parking. La mont\u00e9e jusqu&rsquo;au point de vue se fait \u00e0 pied. Ne pas oublier la carri\u00e8re r\u00e9habilit\u00e9e (produits de projection du maars) sur la gauche au cours de l&rsquo;ascension.<\/p>\n<p class=\"contenu\"><strong>Le maar de Beaunit.<\/strong> Reprendre la D. 19 en direction de Manzat. Dans le village, tourner \u00e0 gauche sur la D. 418 puis \u00e0 l&#8217;embranchement, poursuivre sur la D. 413 direction Sauterre. A Sauterre, prendre la D. 138 sur la gauche pour rallier Beaunit. Lorsque l&rsquo;on quitte la D. 138 (route de droite) pour entrer dans Beaunit, s&rsquo;arr\u00eater 250 m plus loin dans une carri\u00e8re (carri\u00e8re de produits de projection issus du maar de Beaunit. De l\u00e0, on a un point de vue sur le maar.<\/p>\n<p class=\"contenu\"><strong>Le puy des Goules.<\/strong> Traverser le village de Beaunit, puis poursuivre tout droit sur la D. 90 jusqu&rsquo;au village d&rsquo;Orcines. Prendre \u00e0 droite la D. 941b, direction Pontgibaud. Se garer sur le parking situ\u00e9 sur le c\u00f4t\u00e9 droit environ 700 m avant le col des Goules. L&rsquo;ascension, A PIED, jusqu&rsquo;au sommet n\u00e9cessite 45 mn. De l\u00e0, on peut admirer le crat\u00e8re du puy des Goules et la vari\u00e9t\u00e9 g\u00e9omorphologique des volcans du nord de la Cha\u00eene des Puys (y compris le puy de D\u00f4me!).<\/p>\n<p class=\"contenu\"><strong>Remarque:<\/strong> ne pas n\u00e9gliger d&rsquo;aller visiter la grotte du Grand Sarcouy creus\u00e9e au coeur du volcan de type d\u00f4me.<\/p>\n<p class=\"contenu\"><strong>Le puy de D\u00f4me.<\/strong> Reprendre la D. 941b en sens inverse jusqu&rsquo;\u00e0 Orcines. Prendre \u00e0 droite la D. 90, direction le puy de D\u00f4me. Une fois arriv\u00e9 \u00e0 l&#8217;embranchement o\u00f9 est indiqu\u00e9 \u00ab\u00a0Acc\u00e8s au puy de D\u00f4me, route priv\u00e9e\u00a0\u00bb, continuer sur cette route. Le sommet n&rsquo;est pas loin mais l&rsquo;entr\u00e9e est payante.<\/p>\n<p class=\"contenu\"><strong>Remarque: <\/strong>pourquoi, apr\u00e8s une incursion vers le sommet, ne pas retourner \u00e0 l&#8217;embranchement pr\u00e9c\u00e9demment \u00e9voqu\u00e9, puis tourner \u00e0 droite sur la route D. 68 en direction de Ceyssat et s&rsquo;arr\u00eater \u00e0 la carri\u00e8re Rudel situ\u00e9e environ 2,5 km plus loin sur la droite&#8230; on peut y observer une nu\u00e9e ardente provenant de l&rsquo;activit\u00e9 pass\u00e9e du puy de D\u00f4me.<\/p>\n<p align=\"center\"><a href=\"https:\/\/ent2d.ac-bordeaux.fr\/disciplines\/svt\/a-finir-excursions\/#d\u00e9but\">Retour<\/a><\/p>\n<hr \/>\n<h3 id=\"ex4\">Excursion n\u00b04. Nature et diversit\u00e9 des \u00e9missions volcaniques<\/h3>\n<p class=\"contenu\"><strong>La carri\u00e8re Rudel au sud du Puy de D\u00f4me.<\/strong> Depuis Clermont-Ferrand, prendre la D. 941a ou la D. 68, direction le puy de D\u00f4me. Une fois arriv\u00e9 \u00e0 l&#8217;embranchement o\u00f9 est indiqu\u00e9 \u00ab\u00a0Acc\u00e8s au puy de D\u00f4me, route priv\u00e9e\u00a0\u00bb, continuer sur la route D. 68 direction Ceyssat. La carri\u00e8re Rudel est situ\u00e9e apr\u00e8s cet embranchement sur la droite \u00e0 environ 2,5 km.<\/p>\n<p class=\"contenu\"><strong>Remarque:<\/strong> il est judicieux de se rendre au sommet du puy de D\u00f4me avant toute activit\u00e9 de la journ\u00e9e pour y observer la totalit\u00e9 de la Cha\u00eene des Puys afin d&rsquo;y travailler la g\u00e9ologie, la\u00a0 g\u00e9omorphologie, la g\u00e9ographie humaine&#8230;<\/p>\n<p class=\"contenu\"><strong>Le puy de la Vache.<\/strong> Retourner en arri\u00e8re sur la D. 68, direction Clermont-Ferrand. Prendre la D. 941a sur la droite, direction Rochefort-Montagne. Prendre la N. 89 sur la gauche, direction Clermont-Ferrand. s&rsquo;arr\u00eater environ 5 km plus loin sur le parking pour aller observer les puys de la Vache et Lassolas et la coul\u00e9e d&rsquo;Aydat. Reprendre la N. 89, direction Clermont-Ferrand. A Randanne, tourner \u00e0 gauche, direction la Maison du Parc des Volcans. La d\u00e9passer puis se garer 1,5 km plus loin sur le parking pour aller visiter la carri\u00e8re du puy de la Vache (sentier montant sur la gauche).<\/p>\n<p class=\"contenu\"><strong>La coul\u00e9e d&rsquo;Aydat \u00e0 Saint-Saturnin.<\/strong> Reprendre la N. 89, direction Clermont-Ferrand puis tourner \u00e0 droite sur la D. 213 direction Aydat. Un petit d\u00e9tour par Aydat est indispensable pour aller voir le lac de barrage d&rsquo;Aydat. Reprendre la D. 213 jusqu&rsquo;\u00e0 Saint-Saturnin. Se garer \u00e0 l&rsquo;entr\u00e9e du village au parking autoris\u00e9 pour les bus. Rejoindre \u00e0 pied le ch\u00e2teau. Prendre face au ch\u00e2teau un sentier qui longe la Monne. La coul\u00e9e d&rsquo;Aydat est \u00e0 deux minutes de marche.<\/p>\n<p align=\"center\"><a href=\"https:\/\/ent2d.ac-bordeaux.fr\/disciplines\/svt\/a-finir-excursions\/#d\u00e9but\">Retour<\/a><\/p>\n<hr \/>\n<ul>\n<li><a href=\"http:\/\/ent2d.ac-bordeaux.fr\/disciplines\/svt\/volcanisme-dans-la-chaine-des-puy\/\"><strong>Pr\u00e9sentation<\/strong><\/a><\/li>\n<li><a href=\"https:\/\/ent2d.ac-bordeaux.fr\/disciplines\/svt\/bloc-diagramme-de-la-chaine-des-puys\/\">Cha\u00eene des puys en 3D<\/a><\/li>\n<li><a href=\"https:\/\/ent2d.ac-bordeaux.fr\/disciplines\/svt\/enseigner\/bases-de-donnees-documentaires\/ressources-scientifiques-et-pedagogiques\/thematique-la-planete-et-les-enjeux-contemporains\/volcanisme-dans-la-chaine-des-puy\/carte-geologique-de-la-chaine-des-puys\/\">Cartes g\u00e9ologiques<\/a><\/li>\n<li><a href=\"https:\/\/ent2d.ac-bordeaux.fr\/disciplines\/svt\/a-finir-classifications-diverses\/\">Classifications diverses<\/a><\/li>\n<li><a href=\"https:\/\/ent2d.ac-bordeaux.fr\/disciplines\/svt\/a-finir-excursions\/\">Excursions<\/a><\/li>\n<li><a href=\"https:\/\/ent2d.ac-bordeaux.fr\/disciplines\/svt\/a-finir-photographies\/\">Photographies<\/a><\/li>\n<li><a href=\"https:\/\/ent2d.ac-bordeaux.fr\/disciplines\/svt\/a-finir-lexique\/\">Lexique<\/a><\/li>\n<li><a href=\"https:\/\/ent2d.ac-bordeaux.fr\/disciplines\/svt\/documentation\/\">Documentation<\/a><\/li>\n<\/ul>\n","protected":false},"excerpt":{"rendered":"<p>Th\u00e8mes propos\u00e9s Nature de la cro\u00fbte continentale et du manteau Diff\u00e9renciation magmatique Diversit\u00e9 des \u00e9difices volcaniques Nature et diversit\u00e9 des \u00e9missions volcaniques Excursion n\u00b01. Nature de la cro\u00fbte continentale et du manteau Excursion n\u00b02. Diff\u00e9renciation magmatique Excursion n\u00b03. Diversit\u00e9 des \u00e9difices volcaniques Excursion n\u00b04. Nature et diversit\u00e9 des \u00e9missions volcaniques Il est fortement conseill\u00e9 de &hellip; <\/p>\n<p><a class=\"more-link btn\" href=\"https:\/\/ent2d.ac-bordeaux.fr\/disciplines\/svt\/ressources\/pedagogiques\/ressources-academiques-diverses\/thematique-la-planete-et-les-enjeux-contemporains\/volcanisme-dans-la-chaine-des-puy\/a-finir-excursions\/\">Lire la suite<\/a><\/p>\n","protected":false},"author":8,"featured_media":0,"parent":922,"menu_order":8,"comment_status":"closed","ping_status":"closed","template":"","meta":{"footnotes":""},"class_list":["post-1468","page","type-page","status-publish","hentry","nodate","item-wrap"],"_links":{"self":[{"href":"https:\/\/ent2d.ac-bordeaux.fr\/disciplines\/svt\/wp-json\/wp\/v2\/pages\/1468","targetHints":{"allow":["GET"]}}],"collection":[{"href":"https:\/\/ent2d.ac-bordeaux.fr\/disciplines\/svt\/wp-json\/wp\/v2\/pages"}],"about":[{"href":"https:\/\/ent2d.ac-bordeaux.fr\/disciplines\/svt\/wp-json\/wp\/v2\/types\/page"}],"author":[{"embeddable":true,"href":"https:\/\/ent2d.ac-bordeaux.fr\/disciplines\/svt\/wp-json\/wp\/v2\/users\/8"}],"replies":[{"embeddable":true,"href":"https:\/\/ent2d.ac-bordeaux.fr\/disciplines\/svt\/wp-json\/wp\/v2\/comments?post=1468"}],"version-history":[{"count":8,"href":"https:\/\/ent2d.ac-bordeaux.fr\/disciplines\/svt\/wp-json\/wp\/v2\/pages\/1468\/revisions"}],"predecessor-version":[{"id":1573,"href":"https:\/\/ent2d.ac-bordeaux.fr\/disciplines\/svt\/wp-json\/wp\/v2\/pages\/1468\/revisions\/1573"}],"up":[{"embeddable":true,"href":"https:\/\/ent2d.ac-bordeaux.fr\/disciplines\/svt\/wp-json\/wp\/v2\/pages\/922"}],"wp:attachment":[{"href":"https:\/\/ent2d.ac-bordeaux.fr\/disciplines\/svt\/wp-json\/wp\/v2\/media?parent=1468"}],"curies":[{"name":"wp","href":"https:\/\/api.w.org\/{rel}","templated":true}]}}