{"id":2397,"date":"2016-07-11T16:10:28","date_gmt":"2016-07-11T15:10:28","guid":{"rendered":"http:\/\/blogacabdx.ac-bordeaux.fr\/ressii\/?page_id=2397"},"modified":"2016-07-11T16:10:28","modified_gmt":"2016-07-11T15:10:28","slug":"msost-2-2-fe1-notions-decarts-entre-les-attentes-fi%c2%83xees-par-le-cahier-des-charges-et-les-resultats-de-la-simulation","status":"publish","type":"page","link":"https:\/\/ent2d.ac-bordeaux.fr\/disciplines\/sti\/msost-2-2-fe1-notions-decarts-entre-les-attentes-fi%c2%83xees-par-le-cahier-des-charges-et-les-resultats-de-la-simulation\/","title":{"rendered":"MSOST-2-2-FE1 &#8211; Notions d\u2019\u00e9carts entre les attentes fix\u00e9es par le cahier des charges et les r\u00e9sultats de la simulation"},"content":{"rendered":"<hr \/>\n<h2><\/h2>\n<h3><span style=\"text-decoration: underline;color: #000000\">R\u00e9f\u00e9rence au texte officiel<\/span><\/h3>\n<h2 style=\"text-align: center\"><strong>THEME :<\/strong><\/h2>\n<h2 style=\"text-align: center\"><strong>LA MODELISATION ET LA SIMULATION DES OBJETS ET SYSTEMES TECHNIQUES<\/strong><\/h2>\n<table style=\"width: 100%\" cellspacing=\"1\" cellpadding=\"1\">\n<tbody>\n<tr>\n<td><\/td>\n<td><\/td>\n<\/tr>\n<tr>\n<td><strong>Connaissances et comp\u00e9tences associ\u00e9es<\/strong><\/td>\n<td><strong>Exemples de situations, d\u2019activit\u00e9s et de ressources pour l\u2019\u00e9l\u00e8ve<\/strong><\/td>\n<\/tr>\n<tr>\n<td colspan=\"2\"><strong>Utiliser une mod\u00e9lisation et simuler le comportement d\u2019un objet<\/strong><\/td>\n<\/tr>\n<tr>\n<td style=\"width: 50%;text-align: left\">\n<p style=\"text-align: left\"><strong>Utiliser une mod\u00e9lisation pour comprendre,\u00a0formaliser, partager, construire, investiguer,\u00a0prouver.<\/strong><br \/>\n<a href=\"https:\/\/ent2d.ac-bordeaux.fr\/disciplines\/sti\/msost-2-1-fe1-outils-de-description-dun-fonctionnement-dune-structure-et-dun-comportement\/\"><strong>MSOST-2-1-FE1<\/strong> \u00bb Outils de description d\u2019un fonctionnement,\u00a0d\u2019une structure et d\u2019un comportement.<\/a><\/p>\n<\/td>\n<td style=\"text-align: justify\">La mod\u00e9lisation volumique pour des objets\u00a0techniques simples peut \u00eatre exig\u00e9e. En revanche,\u00a0la mod\u00e9lisation pour \u00e9tudier le comportement\u00a0d\u2019un objet technique ne peut \u00eatre exig\u00e9e.<br \/>\nDiagrammes, graphes.<br \/>\nLogiciels de CAO.<\/td>\n<\/tr>\n<\/tbody>\n<\/table>\n<hr \/>\n<h3><span style=\"text-decoration: underline\"><span style=\"color: #000000;text-decoration: underline\">Exemple de structuration de connaissances<\/span><\/span><\/h3>\n<p><a href=\"https:\/\/ent2d.ac-bordeaux.fr\/disciplines\/stidev\/wp-content\/uploads\/sites\/62\/2016\/07\/MSOST-2-2-FE1-Notion-d\u00e9cart-entre-attente-et-cdc.jpg\"><img loading=\"lazy\" decoding=\"async\" class=\"alignnone wp-image-2411 size-full\" src=\"https:\/\/ent2d.ac-bordeaux.fr\/disciplines\/stidev\/wp-content\/uploads\/sites\/62\/2016\/07\/MSOST-2-2-FE1-Notion-d\u00e9cart-entre-attente-et-cdc.jpg\" width=\"1600\" height=\"900\" \/><\/a><\/p>\n<table border=\"0\" cellspacing=\"1\" cellpadding=\"1\">\n<tbody>\n<tr>\n<td><a href=\"https:\/\/ent2d.ac-bordeaux.fr\/disciplines\/sti\/wp-content\/uploads\/sites\/41\/2016\/07\/MSOST-2-2-FE1-Notion-d%C3%A9cart-entre-attente-et-cdc.jpg\" target=\"_blank\" rel=\"noopener\"><img loading=\"lazy\" decoding=\"async\" class=\"alignnone wp-image-1491\" src=\"https:\/\/ent2d.ac-bordeaux.fr\/disciplines\/stidev\/wp-content\/uploads\/sites\/62\/2016\/06\/jpg.png\" alt=\"\" width=\"51\" height=\"51\" \/><\/a><br \/>\n<a href=\"https:\/\/ent2d.ac-bordeaux.fr\/disciplines\/sti\/wp-content\/uploads\/sites\/41\/2016\/07\/MSOST-2-2-FE1-Notion-d%C3%A9cart-entre-attente-et-cdc.jpg\" target=\"_blank\" rel=\"noopener\"><u><span style=\"color: #0066cc\">Fiche \u00e9l\u00e8ve format\u00a0image<\/span><\/u><\/a><\/td>\n<td><u><span style=\"color: #0066cc\"><img loading=\"lazy\" decoding=\"async\" class=\"alignnone wp-image-38\" src=\"https:\/\/ent2d.ac-bordeaux.fr\/disciplines\/stidev\/wp-content\/uploads\/sites\/62\/2015\/03\/logoVideo2.jpg\" alt=\"logoVideo2\" width=\"50\" height=\"51\" \/><br \/>\n<\/span><\/u> Format vid\u00e9o Mp4<\/td>\n<td><img loading=\"lazy\" decoding=\"async\" class=\"alignnone wp-image-296\" src=\"https:\/\/ent2d.ac-bordeaux.fr\/disciplines\/stidev\/wp-content\/uploads\/sites\/62\/2015\/03\/logoWebM2.jpg\" alt=\"logoWebM2\" width=\"50\" height=\"51\" \/><br \/>\nFormat vid\u00e9o Web-M<\/td>\n<td><img loading=\"lazy\" decoding=\"async\" class=\"alignnone wp-image-34\" src=\"https:\/\/ent2d.ac-bordeaux.fr\/disciplines\/stidev\/wp-content\/uploads\/sites\/62\/2015\/03\/logoPdf2.jpg\" alt=\"logoPdf2\" width=\"50\" height=\"51\" \/><br \/>\nFiche professeur PDF<\/td>\n<\/tr>\n<\/tbody>\n<\/table>\n<hr \/>\n<h3><span style=\"color: #000000\"><span style=\"text-decoration: underline\">Exemple d&#8217;exploitation p\u00e9dagogique &#8211; 5\u00e8me<\/span><\/span><\/h3>\n<table style=\"width: 100%\" border=\"0\" cellspacing=\"1\" cellpadding=\"1\">\n<tbody>\n<tr>\n<td style=\"text-align: left\"><strong>Pistes de situations d\u00e9clenchantes<\/strong><\/td>\n<td style=\"text-align: justify\">\n<ul>\n<li><span style=\"font-weight: 400\">L\u2019image du pont de Normandie enti\u00e8rement rempli de camion 38 tonnes (test final de chargement statique)<\/span><\/li>\n<\/ul>\n<\/td>\n<\/tr>\n<tr>\n<td style=\"text-align: left\"><strong>Pistes probl\u00e8mes<\/strong> <strong>technologiques<\/strong><\/td>\n<td style=\"text-align: left\">\n<ul>\n<li><span style=\"font-weight: 400\"> <span style=\"font-weight: 400\">Quel effort maximum un pont peut il supporter ?<\/span><\/span><\/li>\n<\/ul>\n<\/td>\n<\/tr>\n<tr>\n<td style=\"text-align: left\"><strong>Ressources Outils \u00e0 exploiter<\/strong><\/td>\n<td style=\"text-align: left\">\n<ul>\n<li style=\"font-weight: 400\"><span style=\"font-weight: 400\">Outils de description d&#8217;un comportement: <\/span><span style=\"font-weight: 400\">Modelsmart3D<\/span><\/li>\n<\/ul>\n<\/td>\n<\/tr>\n<tr>\n<td style=\"text-align: left\"><strong>Pistes d\u2019activit\u00e9s<\/strong><\/td>\n<td style=\"text-align: left\"><span style=\"font-weight: 400\">Demander aux \u00e9l\u00e8ves de :\u00a0<\/span><\/p>\n<p>&nbsp;<\/p>\n<ul>\n<li style=\"font-weight: 400\"><span style=\"font-weight: 400\">Lire des informations utiles dans des documents issues de simulations<\/span><\/li>\n<li style=\"font-weight: 400\"><span style=\"font-weight: 400\">Proposer des pistes d\u2019am\u00e9lioration.<\/span><\/li>\n<li style=\"font-weight: 400\"><span style=\"font-weight: 400\">Utiliser un logiciel de simulation pour tester ces pistes d\u2019am\u00e9lioration (Ponts, agencement d\u2019habitation&#8230;)<\/span><\/li>\n<li style=\"font-weight: 400\"><span style=\"font-weight: 400\">Logiciel Modelsmart3D pour les simulations de d\u00e9formations de structures <\/span><span style=\"font-weight: 400\">triangul\u00e9es<\/span><span style=\"font-weight: 400\"> en fonction des mat\u00e9riaux, sections, efforts<\/span><\/li>\n<\/ul>\n<\/td>\n<\/tr>\n<tr>\n<td style=\"text-align: left\"><strong>Exemples d\u2019objets<\/strong> <strong>supports<\/strong><\/td>\n<td style=\"text-align: left\">\n<ul>\n<li>&#8230;<\/li>\n<\/ul>\n<\/td>\n<\/tr>\n<\/tbody>\n<\/table>\n<h3><span style=\"color: #000000\"><span style=\"text-decoration: underline\">Exemple d&#8217;exploitation p\u00e9dagogique &#8211; 4\u00e8me<\/span><\/span><\/h3>\n<table style=\"width: 100%\" border=\"0\" cellspacing=\"1\" cellpadding=\"1\">\n<tbody>\n<tr>\n<td style=\"text-align: left\"><strong>Pistes de situations d\u00e9clenchantes<\/strong><\/td>\n<td style=\"text-align: justify\">\n<ul>\n<li><span style=\"font-weight: 400\">Vid\u00e9o montant des personnes dans une maison ayant soit trop froid, soit trop chaud<\/span><\/li>\n<\/ul>\n<\/td>\n<\/tr>\n<tr>\n<td style=\"text-align: left\"><strong>Pistes probl\u00e8mes<\/strong> <strong>technologiques<\/strong><\/td>\n<td style=\"text-align: left\">\n<ul>\n<li><span style=\"font-weight: 400\">Combien de degr\u00e9 d&#8217;\u00e9cart doit-on avoir dans l&#8217;id\u00e9al entre la temp\u00e9rature confort, et la temp\u00e9rature \u00e9co? ; <\/span><\/li>\n<li><span style=\"font-weight: 400\">Quel temps met une pi\u00e8ce pour passer de la temp\u00e9rature \u00e9co \u00e0 la temp\u00e9rature de confort? ; <\/span><\/li>\n<li><span style=\"font-weight: 400\">Quelles est le classement par pi\u00e8ce des syst\u00e8mes les plus \u00e9nergivores dans chaque pi\u00e8ce pour une p\u00e9riode de 24h ?<\/span><\/li>\n<\/ul>\n<\/td>\n<\/tr>\n<tr>\n<td style=\"text-align: left\"><strong>Ressources Outils \u00e0 exploiter<\/strong><\/td>\n<td style=\"text-align: left\">\n<ul>\n<li style=\"font-weight: 400\"><span style=\"font-weight: 400\">Outils de description d&#8217;un fonctionnement: <\/span><span style=\"font-weight: 400\">Scratch<\/span><\/li>\n<li style=\"font-weight: 400\"><span style=\"font-weight: 400\">Outils de description d&#8217;une structure: <\/span><span style=\"font-weight: 400\">E-drawing, Sweet Home 3d, Sketchup<\/span><\/li>\n<li style=\"font-weight: 400\"><span style=\"font-weight: 400\">Outils de description d&#8217;un comportement: <\/span><span style=\"font-weight: 400\">Modelsmart3D, HOME I\/O<\/span><\/li>\n<\/ul>\n<\/td>\n<\/tr>\n<tr>\n<td style=\"text-align: left\"><strong>Pistes d\u2019activit\u00e9s<\/strong><\/td>\n<td style=\"text-align: left\"><span style=\"font-weight: 400\">Demander aux \u00e9l\u00e8ves de :<\/span><\/p>\n<ul>\n<li style=\"font-weight: 400\"><span style=\"font-weight: 400\">logiciel scratch pour \u00a0simulation \u00a0du fonctionnement du portail automatis\u00e9 A4 et du robot Mbot, sans le portail r\u00e9el, ni le robot r\u00e9el.<\/span><\/li>\n<\/ul>\n<ul>\n<li style=\"font-weight: 400\"><span style=\"font-weight: 400\">Utilisation combin\u00e9 du logiciel scratch et du logiciel Sweet Home 3D pour domotiser une habitation adapt\u00e9 \u00e0 un cahier des charges pr\u00e9cis et simuler le pilotage de l\u2019\u00e9clairage de la maquette ainsi cr\u00e9\u00e9 sous scratch<\/span><\/li>\n<\/ul>\n<ul>\n<li style=\"font-weight: 400\"><span style=\"font-weight: 400\">logiciel Home I\/O pour simulation de l&#8217;inertie thermique du chauffage dans une habitation (combien de degr\u00e9 d&#8217;\u00e9cart doit on avoir dans l&#8217;id\u00e9al entre la temp\u00e9rature confort, et la temp\u00e9rature \u00e9co?; Quel temps met une pi\u00e8ce pour passer de la temp\u00e9rature \u00e9co \u00e0 la temp\u00e9rature de confort?; Quelles est le classement par pi\u00e8ce des syst\u00e8mes les plus \u00e9nergivores dans chaque pi\u00e8ce pour une p\u00e9riode de 24h?<\/span><\/li>\n<li style=\"font-weight: 400\"><span style=\"font-weight: 400\"> S&#8217;initier \u00e0 la mod\u00e9lisation volumique num\u00e9rique 3D<\/span><\/li>\n<li style=\"font-weight: 400\"><span style=\"font-weight: 400\">Utiliser des logiciels de simulation pour trouver l\u2019algorithme du fonctionnement d\u2019un syst\u00e8me (\u00e9cluses, portail, feux de carrefour&#8230;..)<\/span><\/li>\n<li style=\"font-weight: 400\"><span style=\"font-weight: 400\">Utiliser des logiciels de simulation pour \u00e9valuer l\u2019efficacit\u00e9 \u00e9nerg\u00e9tique d\u2019une habitation et lui apporter des am\u00e9liorations<\/span><\/li>\n<li style=\"font-weight: 400\"><span style=\"font-weight: 400\">logiciel Home I\/O pour simulation de consommation \u00e9nerg\u00e9tique d&#8217;une habitation en fonction de param\u00e8tres li\u00e9s \u00e0 la position g\u00e9ographique, la programmation ou non du chauffage, la fermeture ou non des volets la nuit, l&#8217;ouverture ou non des volets la journ\u00e9e en hiver (tableau de r\u00e9sultats \u00e0 compl\u00e9ter sur un tableur pour avoir les param\u00e8tres les plus influents en pourcentage.<\/span><\/li>\n<\/ul>\n<\/td>\n<\/tr>\n<tr>\n<td style=\"text-align: left\"><strong>Exemples d\u2019objets<\/strong> <strong>supports<\/strong><\/td>\n<td style=\"text-align: left\">\n<ul>\n<li><span style=\"font-weight: 400\">maquette de maison ou container. <\/span><\/li>\n<\/ul>\n<\/td>\n<\/tr>\n<\/tbody>\n<\/table>\n<h3><span style=\"color: #000000\"><span style=\"text-decoration: underline\">Exemple d&#8217;exploitation p\u00e9dagogique &#8211; 3\u00e8me<\/span><\/span><\/h3>\n<table style=\"width: 100%\" border=\"0\" cellspacing=\"1\" cellpadding=\"1\">\n<tbody>\n<tr>\n<td style=\"text-align: left\"><strong>Pistes de situations d\u00e9clenchantes<\/strong><\/td>\n<td style=\"text-align: justify\">\n<ul>\n<li><span style=\"font-weight: 400\">On veut faire faire un parcours <\/span><\/li>\n<\/ul>\n<\/td>\n<\/tr>\n<tr>\n<td style=\"text-align: left\"><strong>Pistes probl\u00e8mes<\/strong> <strong>technologiques<\/strong><\/td>\n<td style=\"text-align: left\">\n<ul>\n<li><span style=\"font-weight: 400\">Pourquoi le robot ne suit il pas la bonne trajectoire?<\/span><\/li>\n<\/ul>\n<\/td>\n<\/tr>\n<tr>\n<td style=\"text-align: left\"><strong>Ressources Outils \u00e0 exploiter<\/strong><\/td>\n<td style=\"text-align: left\">&nbsp;<\/p>\n<ul>\n<li style=\"font-weight: 400\"><span style=\"font-weight: 400\">Outils de description d&#8217;un fonctionnement: <\/span><span style=\"font-weight: 400\">Scratch<\/span><\/li>\n<li style=\"font-weight: 400\"><span style=\"font-weight: 400\">Outils de description d&#8217;une structure: <\/span><span style=\"font-weight: 400\">E-drawing, Sweet Home 3d, Sketchup<\/span><\/li>\n<li style=\"font-weight: 400\"><span style=\"font-weight: 400\">Outils de description d&#8217;un comportement: <\/span><span style=\"font-weight: 400\">Modelsmart3D, HOME I\/O<\/span><\/li>\n<\/ul>\n<\/td>\n<\/tr>\n<tr>\n<td style=\"text-align: left\"><strong>Pistes d\u2019activit\u00e9s<\/strong><\/td>\n<td style=\"text-align: left\">\n<ul>\n<li style=\"font-weight: 400\"><span style=\"font-weight: 400\">Mod\u00e9liser et simuler le fonctionnement d\u2019un objet<\/span><\/li>\n<li style=\"font-weight: 400\"><span style=\"font-weight: 400\">Faire des hypoth\u00e8ses et utiliser la mod\u00e9lisation de comportements fournie \u00a0pour \u00a0choisir \u00a0des \u00a0solutions \u00a0adapt\u00e9es \u00a0\u00e0 \u00a0chaque \u00a0projet<\/span><\/li>\n<li style=\"font-weight: 400\"><span style=\"font-weight: 400\">logiciel scratch pour \u00a0simulation \u00a0du comportement du robot Mbot, sans le robot r\u00e9el.<\/span><\/li>\n<\/ul>\n<\/td>\n<\/tr>\n<tr>\n<td style=\"text-align: left\"><strong>Exemples d\u2019objets<\/strong><\/td>\n<td style=\"text-align: left\">\n<ul>\n<li><span style=\"font-weight: 400\">labyrinthe, suiveur de ligne<\/span><\/li>\n<\/ul>\n<\/td>\n<\/tr>\n<\/tbody>\n<\/table>\n<h3><\/h3>\n<hr \/>\n<p>Pour aller plus loin<\/p>\n<ul>\n<li>&#8230;<\/li>\n<\/ul>\n<p><span style=\"color: #ff0000\">NB : Ces propositions sont mises \u00e0 disposition pour aider chacun dans sa r\u00e9flexion mais elles n&#8217;ont pas pu \u00eatre\u00a0finalis\u00e9es par manque de temps.\u00a0Ces fiches\u00a0seront donc am\u00e9lior\u00e9es au cours du d\u00e9but d&#8217;ann\u00e9e.<\/span><\/p>\n","protected":false},"excerpt":{"rendered":"<p>R\u00e9f\u00e9rence au texte officiel THEME : LA MODELISATION ET LA SIMULATION DES OBJETS ET SYSTEMES TECHNIQUES Connaissances et comp\u00e9tences associ\u00e9es Exemples de situations, d\u2019activit\u00e9s et de ressources pour l\u2019\u00e9l\u00e8ve Utiliser &#8230;<\/p>\n","protected":false},"author":211,"featured_media":0,"parent":0,"menu_order":0,"comment_status":"closed","ping_status":"closed","template":"","meta":{"footnotes":""},"class_list":["post-2397","page","type-page","status-publish","hentry"],"_links":{"self":[{"href":"https:\/\/ent2d.ac-bordeaux.fr\/disciplines\/sti\/wp-json\/wp\/v2\/pages\/2397","targetHints":{"allow":["GET"]}}],"collection":[{"href":"https:\/\/ent2d.ac-bordeaux.fr\/disciplines\/sti\/wp-json\/wp\/v2\/pages"}],"about":[{"href":"https:\/\/ent2d.ac-bordeaux.fr\/disciplines\/sti\/wp-json\/wp\/v2\/types\/page"}],"author":[{"embeddable":true,"href":"https:\/\/ent2d.ac-bordeaux.fr\/disciplines\/sti\/wp-json\/wp\/v2\/users\/211"}],"replies":[{"embeddable":true,"href":"https:\/\/ent2d.ac-bordeaux.fr\/disciplines\/sti\/wp-json\/wp\/v2\/comments?post=2397"}],"version-history":[{"count":0,"href":"https:\/\/ent2d.ac-bordeaux.fr\/disciplines\/sti\/wp-json\/wp\/v2\/pages\/2397\/revisions"}],"wp:attachment":[{"href":"https:\/\/ent2d.ac-bordeaux.fr\/disciplines\/sti\/wp-json\/wp\/v2\/media?parent=2397"}],"curies":[{"name":"wp","href":"https:\/\/api.w.org\/{rel}","templated":true}]}}