{"id":2089,"date":"2016-07-08T14:57:17","date_gmt":"2016-07-08T13:57:17","guid":{"rendered":"http:\/\/blogacabdx.ac-bordeaux.fr\/ressii\/?page_id=2089"},"modified":"2016-07-08T14:57:17","modified_gmt":"2016-07-08T13:57:17","slug":"otscis-2-1-fe1-croquis-a-main-levee","status":"publish","type":"page","link":"https:\/\/ent2d.ac-bordeaux.fr\/disciplines\/sti\/otscis-2-1-fe1-croquis-a-main-levee\/","title":{"rendered":"OTSCIS-2-1-FE1 &#8211; Croquis \u00e0 main lev\u00e9e"},"content":{"rendered":"<hr \/>\n<h2><\/h2>\n<h3><span style=\"text-decoration: underline;color: #000000\">R\u00e9f\u00e9rence au texte officiel<\/span><\/h3>\n<h2 style=\"text-align: center\"><strong>THEME : LES OBJETS TECHNIQUES, LES SERVICES ET LES CHANGEMENTS INDUITS DANS LA SOCIETE<\/strong><\/h2>\n<table style=\"width: 100%\" cellspacing=\"1\" cellpadding=\"1\">\n<tbody>\n<tr>\n<td><\/td>\n<td><\/td>\n<\/tr>\n<tr>\n<td><strong>Connaissances et comp\u00e9tences associ\u00e9es<\/strong><\/td>\n<td><strong>Exemples de situations, d\u2019activit\u00e9s et de ressources pour l\u2019\u00e9l\u00e8ve<\/strong><\/td>\n<\/tr>\n<tr>\n<td colspan=\"2\"><strong>Exprimer sa pens\u00e9e \u00e0 l\u2019aide d\u2019outils de description adapt\u00e9s<\/strong><\/td>\n<\/tr>\n<tr>\n<td style=\"width: 50%;text-align: left\">\n<p style=\"text-align: left\"><strong>Exprimer sa pens\u00e9e \u00e0 l\u2019aide d\u2019outils de<\/strong><br \/>\n<strong> description adapt\u00e9s : croquis, sch\u00e9mas, graphes,\u00a0diagrammes, tableaux.<\/strong><br \/>\n<a href=\"http:\/\/blogacabdx.ac-bordeaux.fr\/ressii\/otscis-2-1-fe1-croquis-a-main-levee\/\"><strong>OTSCIS-2-1-FE1\u00a0<\/strong>\u00bb Croquis \u00e0 main lev\u00e9e<\/a><br \/>\n<a href=\"https:\/\/ent2d.ac-bordeaux.fr\/disciplines\/sti\/otscis-2-1-fe2-di%c2%81fferents-schemas\/\"><strong>OTSCIS-2-1-FE2\u00a0<\/strong>\u00bb Diff\u00e9rents sch\u00e9mas<\/a><br \/>\n<a href=\"https:\/\/ent2d.ac-bordeaux.fr\/disciplines\/sti\/otscis-2-1-fe3-carte-heuristique\/\"><strong>OTSCIS-2-1-FE3\u00a0<\/strong>\u00bb Carte heuristique<\/a><br \/>\n<a href=\"https:\/\/ent2d.ac-bordeaux.fr\/disciplines\/sti\/otscis-2-1-fe4-notion-dalgorithme\/\"><strong>OTSCIS-2-1-FE4\u00a0<\/strong>\u00bb Notion d\u2019algorithme<\/a><\/p>\n<\/td>\n<td style=\"text-align: justify\">Environnements num\u00e9riques de travail.<br \/>\nProgiciels de pr\u00e9sentation.<br \/>\nLogiciels de mindmapping.<br \/>\nCroquis, sch\u00e9mas, graphes, diagrammes,\u00a0tableaux.<br \/>\nLogiciels de CAO.<\/td>\n<\/tr>\n<\/tbody>\n<\/table>\n<hr \/>\n<h3><span style=\"text-decoration: underline\"><span style=\"color: #000000;text-decoration: underline\">Exemple de structuration de connaissances<\/span><\/span><\/h3>\n<p><a href=\"https:\/\/ent2d.ac-bordeaux.fr\/disciplines\/stidev\/wp-content\/uploads\/sites\/62\/2016\/07\/OTSCIS-2-1-FE1-Croquis-\u00e0-main-lev\u00e9e.jpg\"><img loading=\"lazy\" decoding=\"async\" class=\"alignnone wp-image-2107 size-full\" src=\"https:\/\/ent2d.ac-bordeaux.fr\/disciplines\/stidev\/wp-content\/uploads\/sites\/62\/2016\/07\/OTSCIS-2-1-FE1-Croquis-\u00e0-main-lev\u00e9e.jpg\" width=\"1600\" height=\"900\" \/><\/a><\/p>\n<table border=\"0\" cellspacing=\"1\" cellpadding=\"1\">\n<tbody>\n<tr>\n<td><a href=\"https:\/\/ent2d.ac-bordeaux.fr\/disciplines\/sti\/wp-content\/uploads\/sites\/41\/2016\/07\/OTSCIS-2-1-FE1-Croquis-%C3%A0-main-lev%C3%A9e.jpg\" target=\"_blank\" rel=\"noopener\"><img loading=\"lazy\" decoding=\"async\" class=\"alignnone wp-image-1491\" src=\"https:\/\/ent2d.ac-bordeaux.fr\/disciplines\/stidev\/wp-content\/uploads\/sites\/62\/2016\/06\/jpg.png\" alt=\"\" width=\"51\" height=\"51\" \/><\/a><br \/>\n<a href=\"https:\/\/ent2d.ac-bordeaux.fr\/disciplines\/sti\/wp-content\/uploads\/sites\/41\/2016\/07\/OTSCIS-2-1-FE1-Croquis-%C3%A0-main-lev%C3%A9e.jpg\" target=\"_blank\" rel=\"noopener\"><u><span style=\"color: #0066cc\">Fiche \u00e9l\u00e8ve format\u00a0image<\/span><\/u><\/a><\/td>\n<td><u><span style=\"color: #0066cc\"><img loading=\"lazy\" decoding=\"async\" class=\"alignnone wp-image-38\" src=\"https:\/\/ent2d.ac-bordeaux.fr\/disciplines\/stidev\/wp-content\/uploads\/sites\/62\/2015\/03\/logoVideo2.jpg\" alt=\"logoVideo2\" width=\"50\" height=\"51\" \/><br \/>\n<\/span><\/u> Format vid\u00e9o Mp4<\/td>\n<td><img loading=\"lazy\" decoding=\"async\" class=\"alignnone wp-image-296\" src=\"https:\/\/ent2d.ac-bordeaux.fr\/disciplines\/stidev\/wp-content\/uploads\/sites\/62\/2015\/03\/logoWebM2.jpg\" alt=\"logoWebM2\" width=\"50\" height=\"51\" \/><br \/>\nFormat vid\u00e9o Web-M<\/td>\n<td><img loading=\"lazy\" decoding=\"async\" class=\"alignnone wp-image-34\" src=\"https:\/\/ent2d.ac-bordeaux.fr\/disciplines\/stidev\/wp-content\/uploads\/sites\/62\/2015\/03\/logoPdf2.jpg\" alt=\"logoPdf2\" width=\"50\" height=\"51\" \/><br \/>\nFiche professeur PDF<\/td>\n<\/tr>\n<\/tbody>\n<\/table>\n<hr \/>\n<h3><span style=\"color: #000000\"><span style=\"text-decoration: underline\">Exemple d&#8217;exploitation p\u00e9dagogique &#8211; 5\u00e8me<\/span><\/span><\/h3>\n<table style=\"width: 100%\" border=\"0\" cellspacing=\"1\" cellpadding=\"1\">\n<tbody>\n<tr>\n<td style=\"text-align: left\"><strong>Pistes de situations d\u00e9clenchantes<\/strong><\/td>\n<td style=\"text-align: justify\">\n<ul>\n<li><span style=\"font-weight: 400\">Les \u00e9l\u00e8ves ont \u00e9tablis une frise chronologique sur des structures utilis\u00e9es dans des ouvrages ou des habitats, ils doivent repr\u00e9senter les principes techniques associ\u00e9s en effectuant des croquis.<\/span><\/li>\n<li>Exemple de situation d\u00e9clenchante : pr\u00e9senter une image de maison \u00e0 colombage avec un dessin d\u2019une main tenant un crayon et un point d\u2019interrogation.<\/li>\n<\/ul>\n<\/td>\n<\/tr>\n<tr>\n<td style=\"text-align: left\"><strong>Pistes probl\u00e8mes<\/strong> <strong>technologiques<\/strong><\/td>\n<td style=\"text-align: left\">\n<ul>\n<li style=\"font-weight: 400\"><span style=\"font-weight: 400\">Comment ont \u00e9volu\u00e9s les principes techniques utilis\u00e9s dans les constructions ?<\/span><\/li>\n<li style=\"font-weight: 400\">Comment assurer la stabilit\u00e9 d&#8217;un voute ?<\/li>\n<li style=\"font-weight: 400\">Comment repr\u00e9senter la structure d\u2019une construction ou d\u2019un objet technique ?<\/li>\n<li style=\"font-weight: 400\">Comment am\u00e9nager un espace int\u00e9rieur ou ext\u00e9rieur ?<\/li>\n<li style=\"font-weight: 400\">Comment rendre robuste et stable un pont ?<\/li>\n<li style=\"font-weight: 400\">Comment circulent les donn\u00e9es dans le r\u00e9seau informatique du coll\u00e8ge ?<\/li>\n<\/ul>\n<\/td>\n<\/tr>\n<tr>\n<td style=\"text-align: left\"><strong>Ressources Outils \u00e0 exploiter<\/strong><\/td>\n<td style=\"text-align: left\">\n<ul>\n<li style=\"font-weight: 400\"><span style=\"font-weight: 400\">Internet et des documents ressources contenant des images, photos&#8230;<\/span><\/li>\n<li style=\"font-weight: 400\">Feuilles de brouillon, crayons, tablettes graphiques ou tactiles.<\/li>\n<\/ul>\n<\/td>\n<\/tr>\n<tr>\n<td style=\"text-align: left\"><strong>Pistes d\u2019activit\u00e9s<\/strong><\/td>\n<td style=\"text-align: left\"><span style=\"font-weight: 400\">Demander aux \u00e9l\u00e8ves de :<\/span><\/p>\n<ul>\n<li style=\"font-weight: 400\"><span style=\"font-weight: 400\">Imaginer l\u2019objet technique et le repr\u00e9senter par un croquis.<\/span><\/li>\n<li style=\"font-weight: 400\"><span style=\"font-weight: 400\">R\u00e9alisation de croquis \u00e0 main lev\u00e9e montrant l\u2019\u00e9volution de principes techniques.<\/span><\/li>\n<li style=\"font-weight: 400\"><span style=\"font-weight: 400\">R\u00e9alisation de croquis \u00e0 main lev\u00e9e de la structure d\u2019un objet technique.<\/span><\/li>\n<li style=\"font-weight: 400\">Imaginer l\u2019architecture du r\u00e9seau informatique du coll\u00e8ge.<\/li>\n<\/ul>\n<\/td>\n<\/tr>\n<tr>\n<td style=\"text-align: left\"><strong>Exemples d\u2019objets<\/strong> <strong>supports<\/strong><\/td>\n<td style=\"text-align: left\">\n<ul>\n<li><span style=\"font-weight: 400\">Mat\u00e9riel d\u2019exp\u00e9rimentation pr\u00e9sent dans le labo sur les structures, les ponts ou autres<\/span><b>.<\/b><\/li>\n<\/ul>\n<\/td>\n<\/tr>\n<\/tbody>\n<\/table>\n<h3><span style=\"color: #000000\"><span style=\"text-decoration: underline\">Exemple d&#8217;exploitation p\u00e9dagogique &#8211; 4\u00e8me<\/span><\/span><\/h3>\n<table style=\"width: 100%\" border=\"0\" cellspacing=\"1\" cellpadding=\"1\">\n<tbody>\n<tr>\n<td style=\"text-align: left\"><strong>Pistes de situations d\u00e9clenchantes<\/strong><\/td>\n<td style=\"text-align: justify\">\n<ul>\n<li><span style=\"font-weight: 400\">Pr\u00e9senter l\u2019\u00e9clairage d\u2019un couloir de coll\u00e8ge comprenant des interrupteurs classiques et des lampes halog\u00e8nes. Mettre ceci en relation avec une facture d\u2019\u00e9lectricit\u00e9 \u00e9lev\u00e9e. Une fois la probl\u00e9matique trouv\u00e9e, demandez aux \u00e9l\u00e8ves de r\u00e9aliser des croquis pour pr\u00e9senter des solutions techniques \u00e0 ce probl\u00e8me.<\/span><\/li>\n<li><span style=\"font-weight: 400\">Classer ces solutions en tenant compte de leurs \u00e9volutions techniques.<\/span><\/li>\n<li>Questionnement attendu : comment am\u00e9liorer l\u2019\u00e9clairage du couloir ?<\/li>\n<\/ul>\n<\/td>\n<\/tr>\n<tr>\n<td style=\"text-align: left\"><strong>Pistes probl\u00e8mes<\/strong> <strong>technologiques<\/strong><\/td>\n<td style=\"text-align: left\">\n<ul>\n<li style=\"font-weight: 400\"><span style=\"font-weight: 400\">Comment mettre en place un \u00e9clairage automatique ? <\/span><\/li>\n<li style=\"font-weight: 400\"><span style=\"font-weight: 400\">Quel est le cheminement de l\u2019\u00e9nergie dans un syst\u00e8me ?<\/span><\/li>\n<li style=\"font-weight: 400\"><span style=\"font-weight: 400\">Comment repr\u00e9senter les diff\u00e9rentes parties d\u2019un syst\u00e8me automatique ?<\/span><\/li>\n<li style=\"font-weight: 400\"><span style=\"font-weight: 400\">Comment am\u00e9liorer l\u2019acc\u00e8s d\u2019un b\u00e2timent public ?<\/span><\/li>\n<\/ul>\n<\/td>\n<\/tr>\n<tr>\n<td style=\"text-align: left\"><strong>Ressources Outils \u00e0 exploiter<\/strong><\/td>\n<td style=\"text-align: left\">\n<ul>\n<li><span style=\"font-weight: 400\">Documents descriptifs sur les syst\u00e8mes automatiques (partie commande, partie op\u00e9rative). Feuilles de brouillon, crayons, tablettes graphiques ou tactiles.<\/span><\/li>\n<\/ul>\n<\/td>\n<\/tr>\n<tr>\n<td style=\"text-align: left\"><strong>Pistes d\u2019activit\u00e9s<\/strong><\/td>\n<td style=\"text-align: left\"><span style=\"font-weight: 400\">Demander aux \u00e9l\u00e8ves de :<\/span><\/p>\n<ul>\n<li style=\"font-weight: 400\"><span style=\"font-weight: 400\">Repr\u00e9senter l\u2019am\u00e9lioration de l\u2019\u00e9clairage d\u2019un couloir par des croquis \u00e0 main lev\u00e9e.<\/span><\/li>\n<li style=\"font-weight: 400\"><span style=\"font-weight: 400\">Repr\u00e9senter l\u2019\u00e9volution des principes d\u2019\u00e9clairage au cours du temps.<\/span><\/li>\n<li style=\"font-weight: 400\">D\u00e9crire avec des croquis \u00e0 main lev\u00e9e le fonctionnement d\u2019un portail automatique.<\/li>\n<\/ul>\n<\/td>\n<\/tr>\n<tr>\n<td style=\"text-align: left\"><strong>Exemples d\u2019objets<\/strong> <strong>supports<\/strong><\/td>\n<td style=\"text-align: left\">\n<ul>\n<li style=\"font-weight: 400\"><span style=\"font-weight: 400\">Maquettes de syst\u00e8mes automatiques (portail, syst\u00e8me d\u2019alarme ou autres) pr\u00e9sentent en classe.<\/span><\/li>\n<\/ul>\n<\/td>\n<\/tr>\n<\/tbody>\n<\/table>\n<h3><span style=\"color: #000000\"><span style=\"text-decoration: underline\">Exemple d&#8217;exploitation p\u00e9dagogique &#8211; 3\u00e8me<\/span><\/span><\/h3>\n<table style=\"width: 100%\" border=\"0\" cellspacing=\"1\" cellpadding=\"1\">\n<tbody>\n<tr>\n<td style=\"text-align: left\"><strong>Pistes de situations d\u00e9clenchantes<\/strong><\/td>\n<td style=\"text-align: justify\">\n<ul>\n<li><span style=\"font-weight: 400\">Pr\u00e9senter des vid\u00e9os ou des images sur le vol de diff\u00e9rentes \u00e9poques ; associer ceci \u00e0 une main avec un crayon et un point d\u2019interrogation.<\/span><\/li>\n<li><span style=\"font-weight: 400\">Apr\u00e8s avoir trouv\u00e9 la probl\u00e9matique, les \u00e9l\u00e8ves vont, en r\u00e9alisant des croquis \u00e0 main lev\u00e9e.<\/span><\/li>\n<li>Questionnement attendu : comment ces appareils peuvent-ils voler ?<\/li>\n<\/ul>\n<\/td>\n<\/tr>\n<tr>\n<td style=\"text-align: left\"><strong>Pistes probl\u00e8mes<\/strong> <strong>technologiques<\/strong><\/td>\n<td style=\"text-align: left\">\n<ul>\n<li style=\"font-weight: 400\"><span style=\"font-weight: 400\">Comprendre des principes d\u2019a\u00e9ronautiques et les repr\u00e9senter en r\u00e9alisant des croquis ? <\/span><\/li>\n<li style=\"font-weight: 400\"><span style=\"font-weight: 400\">Comment la sustentation d&#8217;un avion est-elle r\u00e9alis\u00e9e ? <\/span><\/li>\n<li style=\"font-weight: 400\"><span style=\"font-weight: 400\">Comment rendre automatique le fonctionnement d&#8217;un syst\u00e8me ?<\/span><\/li>\n<\/ul>\n<\/td>\n<\/tr>\n<tr>\n<td style=\"text-align: left\"><strong>Ressources Outils \u00e0 exploiter<\/strong><\/td>\n<td style=\"text-align: left\">\n<ul>\n<li style=\"font-weight: 400\"><span style=\"font-weight: 400\">Maquettes de syst\u00e8mes automatiques.<\/span><\/li>\n<li style=\"font-weight: 400\">Feuilles de brouillon, crayons, tablettes graphiques ou tactiles.<\/li>\n<\/ul>\n<\/td>\n<\/tr>\n<tr>\n<td style=\"text-align: left\"><strong>Pistes d\u2019activit\u00e9s<\/strong><\/td>\n<td style=\"text-align: left\">\n<ul>\n<li style=\"font-weight: 400\"><span style=\"font-weight: 400\">R\u00e9aliser des croquis li\u00e9s \u00e0 l\u2019\u00e9tude des principes a\u00e9ronautiques.<\/span><\/li>\n<li style=\"font-weight: 400\"><span style=\"font-weight: 400\">Montrer l\u2019\u00e9volution des principes techniques li\u00e9s au vol des a\u00e9ronefs.<\/span><\/li>\n<li style=\"font-weight: 400\">Comparer en r\u00e9alisant des croquis \u00e0 main lev\u00e9e, l\u2019\u00e9volution des principes de stockage et de distribution de l\u2019\u00e9nergie.<\/li>\n<\/ul>\n<\/td>\n<\/tr>\n<tr>\n<td style=\"text-align: left\"><strong>Exemples d\u2019objets<\/strong><\/td>\n<td style=\"text-align: left\">\n<ul>\n<li style=\"font-weight: 400\"><span style=\"font-weight: 400\">Robots et drones pr\u00e9sents dans le labo de technologie et autres syst\u00e8mes automatiques. <\/span><\/li>\n<li style=\"font-weight: 400\"><span style=\"font-weight: 400\">Maquettes diverses li\u00e9es aux principes a\u00e9ronautiques.<\/span><\/li>\n<\/ul>\n<\/td>\n<\/tr>\n<\/tbody>\n<\/table>\n<h3><\/h3>\n<hr \/>\n<h3><span style=\"text-decoration: underline;color: #000000\">Pour aller plus loin<\/span><\/h3>\n<ul>\n<li>&#8230;<\/li>\n<\/ul>\n<hr \/>\n<p><span style=\"color: #ff0000\">NB : Ces propositions sont mises \u00e0 disposition pour aider chacun dans sa r\u00e9flexion mais elles n&#8217;ont pas pu \u00eatre\u00a0finalis\u00e9es par manque de temps.\u00a0Ces fiches\u00a0seront donc am\u00e9lior\u00e9es au cours du d\u00e9but d&#8217;ann\u00e9e.<\/span><\/p>\n","protected":false},"excerpt":{"rendered":"<p>R\u00e9f\u00e9rence au texte officiel THEME : LES OBJETS TECHNIQUES, LES SERVICES ET LES CHANGEMENTS INDUITS DANS LA SOCIETE Connaissances et comp\u00e9tences associ\u00e9es Exemples de situations, d\u2019activit\u00e9s et de ressources pour &#8230;<\/p>\n","protected":false},"author":211,"featured_media":0,"parent":0,"menu_order":0,"comment_status":"closed","ping_status":"closed","template":"","meta":{"footnotes":""},"class_list":["post-2089","page","type-page","status-publish","hentry"],"_links":{"self":[{"href":"https:\/\/ent2d.ac-bordeaux.fr\/disciplines\/sti\/wp-json\/wp\/v2\/pages\/2089","targetHints":{"allow":["GET"]}}],"collection":[{"href":"https:\/\/ent2d.ac-bordeaux.fr\/disciplines\/sti\/wp-json\/wp\/v2\/pages"}],"about":[{"href":"https:\/\/ent2d.ac-bordeaux.fr\/disciplines\/sti\/wp-json\/wp\/v2\/types\/page"}],"author":[{"embeddable":true,"href":"https:\/\/ent2d.ac-bordeaux.fr\/disciplines\/sti\/wp-json\/wp\/v2\/users\/211"}],"replies":[{"embeddable":true,"href":"https:\/\/ent2d.ac-bordeaux.fr\/disciplines\/sti\/wp-json\/wp\/v2\/comments?post=2089"}],"version-history":[{"count":0,"href":"https:\/\/ent2d.ac-bordeaux.fr\/disciplines\/sti\/wp-json\/wp\/v2\/pages\/2089\/revisions"}],"wp:attachment":[{"href":"https:\/\/ent2d.ac-bordeaux.fr\/disciplines\/sti\/wp-json\/wp\/v2\/media?parent=2089"}],"curies":[{"name":"wp","href":"https:\/\/api.w.org\/{rel}","templated":true}]}}