{"id":1791,"date":"2016-07-07T07:48:11","date_gmt":"2016-07-07T06:48:11","guid":{"rendered":"http:\/\/blogacabdx.ac-bordeaux.fr\/ressii\/?page_id=1791"},"modified":"2019-04-06T09:21:14","modified_gmt":"2019-04-06T07:21:14","slug":"c3-mmei-3-2","status":"publish","type":"page","link":"https:\/\/ent2d.ac-bordeaux.fr\/disciplines\/sti\/c3-mmei-3-2\/","title":{"rendered":"C3-MMEI-3-2 &#8211; Prendre conscience que l\u2019\u00eatre humain a besoin d\u2019\u00e9nergie pour vivre, se chauffer, se d\u00e9placer, s\u2019\u00e9clairer\u2026"},"content":{"rendered":"<hr \/>\n<h2><\/h2>\n<h3><span style=\"text-decoration: underline;color: #000000\">R\u00e9f\u00e9rence au texte officiel<\/span><\/h3>\n<h2 style=\"text-align: center\"><strong>THEME : MATERIAUX ET OBJETS TECHNIQUES<\/strong><\/h2>\n<table style=\"width: 100%\" cellspacing=\"1\" cellpadding=\"1\">\n<tbody>\n<tr>\n<td><\/td>\n<td><\/td>\n<\/tr>\n<tr>\n<td><strong>Connaissances et comp\u00e9tences associ\u00e9es<\/strong><\/td>\n<td><strong>Exemples de situations, d\u2019activit\u00e9s et de ressources pour l\u2019\u00e9l\u00e8ve<\/strong><\/td>\n<\/tr>\n<tr>\n<td style=\"text-align: center\" colspan=\"2\"><strong>Identifier diff\u00e9rentes sources et connaitre quelques conversions d\u2019\u00e9nergie<\/strong><\/td>\n<\/tr>\n<tr>\n<td style=\"width: 50%;text-align: left\"><strong>Identifier des sources d\u2019\u00e9nergie et des formes.<\/strong><br \/>\n<strong>MMEI-3-1a<\/strong> \u00bb L\u2019\u00e9nergie existe sous diff\u00e9rentes formes\u00a0(\u00e9nergie associ\u00e9e \u00e0 un objet en mouvement,\u00a0\u00e9nergie thermique, \u00e9lectrique\u2026).<strong>MMEI-3-2<\/strong> &#8211; Prendre conscience que l\u2019\u00eatre humain a besoin\u00a0d\u2019\u00e9nergie pour vivre, se chauffer, se d\u00e9placer,\u00a0s\u2019\u00e9clairer\u2026<\/p>\n<p><strong>Reconnaitre les situations o\u00f9 l\u2019\u00e9nergie est\u00a0stock\u00e9e, transform\u00e9e, utilis\u00e9e.\u00a0La fabrication et le\u00a0fonctionnement d\u2019un objet technique n\u00e9cessitent\u00a0de l\u2019\u00e9nergie.<\/strong><br \/>\n<strong>MMEI-3-3a<\/strong> \u00bb Exemples de sources d\u2019\u00e9nergie utilis\u00e9es par\u00a0les \u00eatres humains : charbon, p\u00e9trole, bois,\u00a0uranium, aliments, vent, Soleil, eau et\u00a0barrage, pile\u2026<br \/>\n<strong>MMEI-3-3b<\/strong> \u00bb Notion d\u2019\u00e9nergie renouvelable.<br \/>\n<strong>MMEI-3-3c<\/strong> \u00bb Identifier quelques \u00e9l\u00e9ments d\u2019une chaine\u00a0d\u2019\u00e9nergie\u00a0domestique simple.<br \/>\n<strong>MMEI-3-3d<\/strong> \u00bb Quelques dispositifs visant \u00e0 \u00e9conomiser la\u00a0consommation d\u2019\u00e9nergie.<\/td>\n<td style=\"text-align: justify\">L\u2019\u00e9nergie associ\u00e9e \u00e0 un objet en mouvement \u00a0apparait comme une forme d\u2019\u00e9nergie facile\u00a0\u00e0 percevoir par l\u2019\u00e9l\u00e8ve, et comme pouvant se\u00a0convertir en \u00e9nergie thermique.<br \/>\nLe professeur peut privil\u00e9gier la mise en oeuvre\u00a0de dispositifs exp\u00e9rimentaux analys\u00e9s sous leurs\u00a0aspects \u00e9nerg\u00e9tiques: \u00e9olienne, circuit \u00e9lectrique\u00a0simple, dispositif de freinage, moulin \u00e0 eau, objet\u00a0technique\u2026<br \/>\nOn prend appui sur des exemples simples\u00a0(v\u00e9lo qui freine, objets du quotidien, l\u2019\u00eatre\u00a0humain en introduisant les formes d\u2019\u00e9nergie\u00a0mobilis\u00e9es et les diff\u00e9rentes consommations (par\u00a0exemple : \u00e9nergie thermique, \u00e9nergie associ\u00e9e\u00a0au mouvement d\u2019un objet, \u00e9nergie \u00e9lectrique,\u00a0\u00e9nergie associ\u00e9e \u00e0 une r\u00e9action chimique, \u00e9nergie\u00a0lumineuse\u2026).<br \/>\nExemples de consommation domestique\u00a0(chauffage, lumi\u00e8re, ordinateur, transports).<\/td>\n<\/tr>\n<\/tbody>\n<\/table>\n<hr \/>\n<h3><span style=\"color: #000000\">Exemple de structuration de connaissances<\/span><\/h3>\n<p style=\"text-align: center\"><em><b>(Pas de connaissances particuli\u00e8res avec cette comp\u00e9tence associ\u00e9e)<\/b><\/em><\/p>\n<hr \/>\n<h3><span style=\"color: #000000\"><span style=\"text-decoration: underline\">Exemple d&#8217;exploitation p\u00e9dagogique<\/span><\/span><\/h3>\n<table style=\"width: 100%\" border=\"0\" cellspacing=\"1\" cellpadding=\"1\">\n<tbody>\n<tr>\n<td style=\"text-align: left\"><strong>Pistes de situations d\u00e9clenchantes<\/strong><\/td>\n<td style=\"text-align: justify\">\n<ul>\n<li><span style=\"font-weight: 400\">Partir d\u2019exemples concrets de l\u2019environnement des \u00e9l\u00e8ves comme leurs moyens de transport, les appareils qui consomment de l\u2019\u00e9nergie dans leurs maisons pour s\u2019interroger sur la n\u00e9cessit\u00e9 d\u2019utiliser de l\u2019\u00e9nergie.<\/span><\/li>\n<\/ul>\n<\/td>\n<\/tr>\n<tr>\n<td style=\"text-align: left\"><strong>Pistes probl\u00e8mes<\/strong> <strong>technologiques<\/strong><\/td>\n<td style=\"text-align: left\">\n<ul>\n<li><span style=\"font-weight: 400\">A quoi servent les appareils de la maison et comment fonctionnent ils ?<\/span><\/li>\n<li><span style=\"font-weight: 400\">Gr\u00e2ce \u00e0 quoi fonctionnent les moyens de transports utilis\u00e9s tous les jours ?<\/span><\/li>\n<li>Pourrait-on avoir des objets qui fonctionnent sans \u00e9nergie ?<\/li>\n<\/ul>\n<\/td>\n<\/tr>\n<tr>\n<td style=\"text-align: left\"><strong>Ressources Outils \u00e0 exploiter<\/strong><\/td>\n<td style=\"text-align: left\">&nbsp;<\/p>\n<ul>\n<li style=\"font-weight: 400\"><span style=\"font-weight: 400\">Objets techniques de la salle de Sciences et Technologie qui utilisent de l\u2019\u00e9nergie<\/span><\/li>\n<li><span style=\"font-weight: 400\">Animations ressources :<\/span>\n<ul>\n<li><a href=\"http:\/\/www.cea.fr\/multimedia\/Pages\/animations\/energies\/energie-dans-les-transports.aspx\" target=\"_blank\" rel=\"noopener noreferrer\"><span style=\"font-weight: 400\">Site L\u2019\u00e9nergie dans les transports\u00a0<\/span><\/a><\/li>\n<li style=\"font-weight: 400\"><span style=\"font-weight: 400\"><a href=\"http:\/\/www.cea.fr\/multimedia\/Pages\/animations\/energies\/de-la-centrale-a-la-ville.aspx\" target=\"_blank\" rel=\"noopener noreferrer\">Site De la centrale \u00e0 la ville<\/a>\u00a0<\/span><\/li>\n<\/ul>\n<\/li>\n<li><span style=\"font-weight: 400\"><a href=\"http:\/\/www.cea.fr\/multimedia\/Pages\/animations\/energies\/energie-et-economies-d-energie.aspx\" target=\"_blank\" rel=\"noopener noreferrer\">Site Energie et \u00e9conomie d\u2019\u00e9nergie dans nos maisons<\/a><\/span><\/li>\n<\/ul>\n<\/td>\n<\/tr>\n<tr>\n<td style=\"text-align: left\"><strong>Pistes d\u2019activit\u00e9s<\/strong><\/td>\n<td style=\"text-align: left\"><span style=\"font-weight: 400\">Demander aux \u00e9l\u00e8ves de :<\/span><\/p>\n<ul>\n<li style=\"font-weight: 400\"><span style=\"font-weight: 400\">lister les objets techniques qui utilisent de l\u2019\u00e9nergie dans une maison (avec moyens de transport) ou dans la salle de Sciences et Technologie,<\/span><\/li>\n<\/ul>\n<ul>\n<li style=\"font-weight: 400\"><span style=\"font-weight: 400\">identifier l\u2019usage de ces objets et la source d\u2019\u00e9nergie qui leur permet de fonctionner,<\/span><\/li>\n<li style=\"font-weight: 400\"><span style=\"font-weight: 400\">identifier les objets qui ne peuvent rendre leur fonction d\u2019usage sans \u00e9nergie,<\/span><\/li>\n<li style=\"font-weight: 400\"><span style=\"font-weight: 400\">comparer des objets techniques qui fonctionnent avec et sans \u00e9nergie pour d\u00e9terminer ce qu\u2019apporte l\u2019\u00e9nergie (Exemple : V\u00e9lo \/ V\u00e9lo \u00e0 assistance \u00e9lectrique &#8211; Couteau \/ Couteau \u00e9lectrique).<\/span><\/li>\n<\/ul>\n<\/td>\n<\/tr>\n<tr>\n<td style=\"text-align: left\"><strong>Exemples d\u2019objets<\/strong> <strong>supports<\/strong><\/td>\n<td style=\"text-align: left\">\n<ul>\n<li><span style=\"font-weight: 400\">Tout type d\u2019objet technique que l\u2019on trouve dans la maison et qui utilise de l\u2019\u00e9nergie : chauffage, lumi\u00e8re, ordinateur, transports <\/span><\/li>\n<li><span style=\"font-weight: 400\">Tout type d\u2019objet technique de la salle de Sciences et Technologie qui utilise de l\u2019\u00e9nergie.<\/span><\/li>\n<\/ul>\n<\/td>\n<\/tr>\n<\/tbody>\n<\/table>\n<hr \/>\n<h3><span style=\"text-decoration: underline;color: #000000\">Pour aller plus loin<\/span><\/h3>\n<ul>\n<li><a href=\"http:\/\/www.cea.fr\/multimedia\/Pages\/animations\/energies\/energie-dans-les-transports.aspx\" target=\"_blank\" rel=\"noopener noreferrer\"><span style=\"font-weight: 400\">L\u2019\u00e9nergie dans les transports<\/span><\/a><\/li>\n<li><a href=\"http:\/\/www.cea.fr\/multimedia\/Pages\/animations\/energies\/de-la-centrale-a-la-ville.aspx\" target=\"_blank\" rel=\"noopener noreferrer\"><span style=\"font-weight: 400\">De la centrale \u00e0 la ville<\/span><\/a><\/li>\n<li><a href=\"http:\/\/www.cea.fr\/multimedia\/Pages\/animations\/energies\/energie-et-economies-d-energie.aspx\" target=\"_blank\" rel=\"noopener noreferrer\"><span style=\"font-weight: 400\">Energie et \u00e9conomie d\u2019\u00e9nergie dans nos maison<\/span><\/a><\/li>\n<li><a href=\"http:\/\/kit-energie-electricite.edf.com\/?_ga=1.116573958.1469334878.1463299950\" target=\"_blank\" rel=\"noopener noreferrer\"><span style=\"font-weight: 400\">Kit multim\u00e9dia EDF<\/span><\/a><\/li>\n<\/ul>\n<p>&nbsp;<\/p>\n<hr \/>\n<h3><\/h3>\n","protected":false},"excerpt":{"rendered":"<p>R\u00e9f\u00e9rence au texte officiel THEME : MATERIAUX ET OBJETS TECHNIQUES Connaissances et comp\u00e9tences associ\u00e9es Exemples de situations, d\u2019activit\u00e9s et de ressources pour l\u2019\u00e9l\u00e8ve Identifier diff\u00e9rentes sources et connaitre quelques conversions &#8230;<\/p>\n","protected":false},"author":211,"featured_media":0,"parent":0,"menu_order":0,"comment_status":"closed","ping_status":"closed","template":"","meta":{"footnotes":""},"class_list":["post-1791","page","type-page","status-publish","hentry"],"_links":{"self":[{"href":"https:\/\/ent2d.ac-bordeaux.fr\/disciplines\/sti\/wp-json\/wp\/v2\/pages\/1791","targetHints":{"allow":["GET"]}}],"collection":[{"href":"https:\/\/ent2d.ac-bordeaux.fr\/disciplines\/sti\/wp-json\/wp\/v2\/pages"}],"about":[{"href":"https:\/\/ent2d.ac-bordeaux.fr\/disciplines\/sti\/wp-json\/wp\/v2\/types\/page"}],"author":[{"embeddable":true,"href":"https:\/\/ent2d.ac-bordeaux.fr\/disciplines\/sti\/wp-json\/wp\/v2\/users\/211"}],"replies":[{"embeddable":true,"href":"https:\/\/ent2d.ac-bordeaux.fr\/disciplines\/sti\/wp-json\/wp\/v2\/comments?post=1791"}],"version-history":[{"count":1,"href":"https:\/\/ent2d.ac-bordeaux.fr\/disciplines\/sti\/wp-json\/wp\/v2\/pages\/1791\/revisions"}],"predecessor-version":[{"id":7021,"href":"https:\/\/ent2d.ac-bordeaux.fr\/disciplines\/sti\/wp-json\/wp\/v2\/pages\/1791\/revisions\/7021"}],"wp:attachment":[{"href":"https:\/\/ent2d.ac-bordeaux.fr\/disciplines\/sti\/wp-json\/wp\/v2\/media?parent=1791"}],"curies":[{"name":"wp","href":"https:\/\/api.w.org\/{rel}","templated":true}]}}