{"id":1706,"date":"2016-07-06T13:57:20","date_gmt":"2016-07-06T12:57:20","guid":{"rendered":"http:\/\/blogacabdx.ac-bordeaux.fr\/ressii\/?page_id=1706"},"modified":"2016-07-06T13:57:20","modified_gmt":"2016-07-06T12:57:20","slug":"c3-mot-5a","status":"publish","type":"page","link":"https:\/\/ent2d.ac-bordeaux.fr\/disciplines\/sti\/c3-mot-5a\/","title":{"rendered":"C3-MOT-5a &#8211; Environnement num\u00e9rique de travail"},"content":{"rendered":"<hr \/>\n<h2><\/h2>\n<h3><span style=\"text-decoration: underline;color: #000000\">R\u00e9f\u00e9rence au texte officiel<\/span><\/h3>\n<h2 style=\"text-align: center\"><strong>THEME : MATERIAUX ET OBJETS TECHNIQUES<\/strong><\/h2>\n<table style=\"width: 100%\" cellspacing=\"1\" cellpadding=\"1\">\n<tbody>\n<tr>\n<td><\/td>\n<td><\/td>\n<\/tr>\n<tr>\n<td><strong>Connaissances et comp\u00e9tences associ\u00e9es<\/strong><\/td>\n<td><strong>Exemples de situations, d\u2019activit\u00e9s et de ressources pour l\u2019\u00e9l\u00e8ve<\/strong><\/td>\n<\/tr>\n<tr>\n<td style=\"text-align: center\" colspan=\"2\"><strong>Rep\u00e9rer et comprendre la communication et la gestion de l\u2019information<\/strong><\/td>\n<\/tr>\n<tr>\n<td style=\"width: 50%;text-align: left\"><a href=\"https:\/\/ent2d.ac-bordeaux.fr\/disciplines\/sti\/c3-mot-5a\/\"><strong>MOT-5a\u00a0<\/strong>\u00bb Environnement num\u00e9rique de travail.<\/a><br \/>\n<a href=\"https:\/\/ent2d.ac-bordeaux.fr\/disciplines\/sti\/c3-mot-5b-le-stockage-des-donnees-notions-dalgorithmes-les-objets-programmables\/\"><strong>MOT-5b\u00a0<\/strong>\u00bb Le stockage des donn\u00e9es, notions\u00a0d\u2019algorithmes, les objets programmables.<\/a><br \/>\n<a href=\"https:\/\/ent2d.ac-bordeaux.fr\/disciplines\/sti\/c3-mot-5c-usage-des-moyens-numeriques-dans-un-reseau\/\"><strong>MOT-5c\u00a0<\/strong>\u00bb Usage des moyens num\u00e9riques dans un\u00a0r\u00e9seau.<\/a><br \/>\n<a href=\"https:\/\/ent2d.ac-bordeaux.fr\/disciplines\/sti\/c3-mot-5d-usage-de-logiciels-usuels\/\"><strong>MOT-5d\u00a0<\/strong>\u00bb Usage de logiciels usuels.<\/a><\/td>\n<td style=\"text-align: justify\">Les \u00e9l\u00e8ves apprennent \u00e0 connaitre\u00a0l\u2019organisation d\u2019un environnement\u00a0num\u00e9rique. Ils d\u00e9crivent un syst\u00e8me technique\u00a0par ses composants et leurs relations. Les\u00a0\u00e9l\u00e8ves d\u00e9couvrent l\u2019algorithme en utilisant des\u00a0logiciels d\u2019applications visuelles et ludiques.<br \/>\nIls exploitent les moyens informatiques en\u00a0pratiquant le travail collaboratif. Les \u00e9l\u00e8ves\u00a0maitrisent le fonctionnement de logiciels<br \/>\nusuels et s\u2019approprient leur fonctionnement.<\/td>\n<\/tr>\n<\/tbody>\n<\/table>\n<hr \/>\n<h3><span style=\"text-decoration: underline\"><span style=\"color: #000000;text-decoration: underline\">Exemple de structuration de connaissances<\/span><\/span><\/h3>\n<p><a href=\"https:\/\/ent2d.ac-bordeaux.fr\/disciplines\/stidev\/wp-content\/uploads\/sites\/62\/2016\/11\/C3-MOT-5a-EnvironnementNumeriqueTravail.jpg\"><img loading=\"lazy\" decoding=\"async\" class=\"alignnone wp-image-3441 size-full\" src=\"https:\/\/ent2d.ac-bordeaux.fr\/disciplines\/stidev\/wp-content\/uploads\/sites\/62\/2016\/11\/C3-MOT-5a-EnvironnementNumeriqueTravail.jpg\" width=\"1600\" height=\"900\" \/><\/a><\/p>\n<table border=\"0\" cellspacing=\"1\" cellpadding=\"1\">\n<tbody>\n<tr>\n<td><a href=\"https:\/\/blogacabdx.ac-bordeaux.fr\/ressii\/wp-content\/uploads\/sites\/10\/2016\/11\/C3-MOT-5a-EnvironnementNumeriqueTravail.jpg\" target=\"_blank\" rel=\"noopener\"><img loading=\"lazy\" decoding=\"async\" class=\"alignnone wp-image-1491\" src=\"https:\/\/ent2d.ac-bordeaux.fr\/disciplines\/stidev\/wp-content\/uploads\/sites\/62\/2016\/06\/jpg.png\" width=\"51\" height=\"51\" \/><\/a><br \/>\n<a href=\"https:\/\/blogacabdx.ac-bordeaux.fr\/ressii\/wp-content\/uploads\/sites\/10\/2016\/11\/C3-MOT-5a-EnvironnementNumeriqueTravail.jpg\" target=\"_blank\" rel=\"noopener\"><span style=\"color: #0066cc\">Fiche \u00e9l\u00e8ve format\u00a0image<\/span><\/a><\/td>\n<td><u><span style=\"color: #0066cc\"><img loading=\"lazy\" decoding=\"async\" class=\"alignnone wp-image-38\" src=\"https:\/\/ent2d.ac-bordeaux.fr\/disciplines\/stidev\/wp-content\/uploads\/sites\/62\/2015\/03\/logoVideo2.jpg\" alt=\"logoVideo2\" width=\"50\" height=\"51\" \/><br \/>\n<\/span><\/u> Format vid\u00e9o Mp4<\/td>\n<td><a href=\"https:\/\/ent2d.ac-bordeaux.fr\/disciplines\/stidev\/wp-content\/uploads\/sites\/62\/2016\/11\/C3-MOT-5a-EnvironnementNumeriqueTravail.pdf\" target=\"_blank\" rel=\"noopener\"><img loading=\"lazy\" decoding=\"async\" class=\"alignnone wp-image-3196\" src=\"https:\/\/ent2d.ac-bordeaux.fr\/disciplines\/stidev\/wp-content\/uploads\/sites\/62\/2016\/09\/pdf_eleve.jpg\" width=\"52\" height=\"52\" \/><\/a><br \/>\n<a href=\"https:\/\/ent2d.ac-bordeaux.fr\/disciplines\/stidev\/wp-content\/uploads\/sites\/62\/2016\/11\/C3-MOT-5a-EnvironnementNumeriqueTravail.pdf\" target=\"_blank\" rel=\"noopener\">Fiche \u00e9l\u00e8ve PDF<\/a><\/td>\n<td><a href=\"https:\/\/ent2d.ac-bordeaux.fr\/disciplines\/stidev\/wp-content\/uploads\/sites\/62\/2016\/09\/FPv7-ST_MOT_5-Communication-et-la-gestion-de-linformation.docx.pdf\" target=\"_blank\" rel=\"noopener\"><img loading=\"lazy\" decoding=\"async\" class=\"alignnone wp-image-3194\" src=\"https:\/\/ent2d.ac-bordeaux.fr\/disciplines\/stidev\/wp-content\/uploads\/sites\/62\/2016\/09\/pdf_prof.jpg\" width=\"52\" height=\"52\" \/><\/a><br \/>\n<a href=\"https:\/\/ent2d.ac-bordeaux.fr\/disciplines\/stidev\/wp-content\/uploads\/sites\/62\/2016\/09\/FPv7-ST_MOT_5-Communication-et-la-gestion-de-linformation.docx.pdf\" target=\"_blank\" rel=\"noopener\">Fiche professeur PDF<\/a><\/td>\n<\/tr>\n<\/tbody>\n<\/table>\n<h3><span style=\"color: #000000\">\u00a0<\/span><\/h3>\n<hr \/>\n<h3><span style=\"color: #000000\"><span style=\"text-decoration: underline\">Exemple d&#8217;exploitation p\u00e9dagogique<\/span><\/span><\/h3>\n<table style=\"width: 100%\" border=\"0\" cellspacing=\"1\" cellpadding=\"1\">\n<tbody>\n<tr>\n<td style=\"text-align: left\"><strong>Pistes de situations d\u00e9clenchantes<\/strong><\/td>\n<td style=\"text-align: justify\"><span style=\"font-weight: 400\">Les \u00e9l\u00e8ves viennent de d\u00e9couvrir la salle de Technologie.<\/span><\/p>\n<ul>\n<li><span style=\"font-weight: 400\">Partir du fait que les \u00e9l\u00e8ves devront utiliser le mat\u00e9riel informatique pour travailler ensemble pour r\u00e9diger, exp\u00e9rimenter, concevoir, partager des informations &#8230; et pr\u00e9senter leurs travaux pendant l\u2019ann\u00e9e.<\/span><\/li>\n<li>A chaque activit\u00e9 n\u00e9cessitant l\u2019utilisation du mat\u00e9riel informatique, exprimer une investigation sous forme de probl\u00e8me technologique \u00e0 r\u00e9soudre.<\/li>\n<\/ul>\n<\/td>\n<\/tr>\n<tr>\n<td style=\"text-align: left\"><strong>Pistes probl\u00e8mes<\/strong> <strong>technologiques<\/strong><\/td>\n<td style=\"text-align: left\">\n<ul>\n<li><span style=\"font-weight: 400\">Quel mat\u00e9riel faut-il pour cr\u00e9er un document sur ordinateur suite \u00e0 une investigation et le remettre au professeur ?<\/span><\/li>\n<li><span style=\"font-weight: 400\">Comment se connecter dans le r\u00e9seau informatique du coll\u00e8ge et pour quoi faire ?<\/span><\/li>\n<li><span style=\"font-weight: 400\">Pourquoi le coll\u00e8ge a un site internet ? A quoi sert-il ?<\/span><\/li>\n<li><span style=\"font-weight: 400\">Que faut-il pour travailler ensemble depuis tous les ordinateurs de la salle ?<\/span><\/li>\n<li><span style=\"font-weight: 400\">Comment les \u00e9l\u00e8ves peuvent-ils travailler ensemble alors qu\u2019ils sont sur des ordinateurs distincts ? <\/span><\/li>\n<li><span style=\"font-weight: 400\">Comment faire pour imprimer alors qu\u2019il n\u2019y a qu\u2019une imprimante ?<\/span><\/li>\n<li><span style=\"font-weight: 400\">Comment faire pour terminer au CDI le fichier commenc\u00e9 en salle de S&amp;T ?<\/span><\/li>\n<li><span style=\"font-weight: 400\">Comment faire pour terminer \u00e0 la maison le fichier commenc\u00e9 au coll\u00e8ge ? (pour utiliser l\u2019ENT)<\/span><\/li>\n<li><span style=\"font-weight: 400\">Comment stocker mes donn\u00e9es et pouvoir les utiliser de n&#8217;importe quel ordinateur du coll\u00e8ge ou de la maison ?<\/span><\/li>\n<li>Qu\u2019est-ce qu\u2019un Espace Num\u00e9rique de Travail ? et pourquoi on l\u2019utilise ?<\/li>\n<\/ul>\n<\/td>\n<\/tr>\n<tr>\n<td style=\"text-align: left\"><strong>Ressources Outils \u00e0 exploiter<\/strong><\/td>\n<td style=\"text-align: left\">\n<ul>\n<li style=\"font-weight: 400\"><span style=\"font-weight: 400\">Mat\u00e9riel informatique de la salle de Sciences et Technologies.<\/span><\/li>\n<li style=\"font-weight: 400\"><span style=\"font-weight: 400\">Espace Num\u00e9rique de Travail : Argos ou autre<\/span><\/li>\n<li style=\"font-weight: 400\">Portail internet du coll\u00e8ge<\/li>\n<\/ul>\n<\/td>\n<\/tr>\n<tr>\n<td style=\"text-align: left\"><strong>Pistes d\u2019activit\u00e9s<\/strong><\/td>\n<td style=\"text-align: left\"><span style=\"font-weight: 400\">Demander aux \u00e9l\u00e8ves de :<\/span><\/p>\n<ul>\n<li style=\"font-weight: 400\"><span style=\"font-weight: 400\">Rep\u00e9rer tous les mat\u00e9riels informatiques de la salle et de faire ou compl\u00e9ter le sch\u00e9ma,<\/span><\/li>\n<li style=\"font-weight: 400\"><span style=\"font-weight: 400\">Se connecter dans le r\u00e9seau du coll\u00e8ge et de d\u00e9couvrir les logiciels et services \u00e0 disposition,<\/span><\/li>\n<li style=\"font-weight: 400\"><span style=\"font-weight: 400\">D\u2019acc\u00e9der au portail (site web) internet du coll\u00e8ge et de d\u00e9couvrir les diff\u00e9rents services \u00e0 disposition,<\/span><\/li>\n<li style=\"font-weight: 400\"><span style=\"font-weight: 400\">Se connecter \u00e0 leur compte Argos et de chercher les utilit\u00e9s de ce service en ligne (les \u00e9l\u00e8ves \u201cfouillent\u201d pour d\u00e9couvrir des fichiers stock\u00e9s, partag\u00e9s, une messagerie \u2026),<\/span><\/li>\n<li style=\"font-weight: 400\"><span style=\"font-weight: 400\">Utiliser de mani\u00e8re r\u00e9guli\u00e8re les moyens informatiques, le site du coll\u00e8ge et l\u2019ENT sur l\u2019ann\u00e9e (comme par exemple pour stocker les productions num\u00e9riques en fin d\u2019activit\u00e9 de fa\u00e7on \u00e0 d\u00e9mat\u00e9rialiser le classeur (plus de classeur de S&amp;T).<\/span><\/li>\n<\/ul>\n<\/td>\n<\/tr>\n<tr>\n<td style=\"text-align: left\"><strong>Exemples d\u2019objets<\/strong> <strong>supports<\/strong><\/td>\n<td style=\"text-align: left\">\n<ul>\n<li style=\"font-weight: 400\"><span style=\"font-weight: 400\">Comp\u00e9tence transversale \u00e0 toutes les autres comp\u00e9tences.<\/span><\/li>\n<li style=\"font-weight: 400\"><span style=\"font-weight: 400\">Exploitation des outils informatiques pour cr\u00e9er, communiquer, \u00e9changer, stocker, traiter \u2026 les informations de d\u00e9veloppement de projets et recherches de l\u2019ann\u00e9e.<\/span><\/li>\n<\/ul>\n<\/td>\n<\/tr>\n<\/tbody>\n<\/table>\n<hr \/>\n<h3><span style=\"text-decoration: underline;color: #000000\">Pour aller plus loin<\/span><\/h3>\n<ul>\n<li><a href=\"https:\/\/ent2d.ac-bordeaux.fr\/argos\/\" target=\"_blank\" rel=\"noopener\"><span style=\"font-weight: 400\">ENT Argos de l\u2019Acad\u00e9mie de Bordeaux<\/span><\/a><\/li>\n<li><a href=\"https:\/\/www.youtube.com\/watch?v=odGZSgF3F5o\" target=\"_blank\" rel=\"noopener\"><span style=\"font-weight: 400\">Usage d\u2019un ENT<\/span><\/a><\/li>\n<li><a href=\"https:\/\/drive.google.com\/drive\/#\" target=\"_blank\" rel=\"noopener\"><span style=\"font-weight: 400\">Service en ligne Google Drive utilis\u00e9 comme ENT<\/span><\/a><\/li>\n<li><a href=\"https:\/\/blogacabdx.ac-bordeaux.fr\/resdane\/\" target=\"_blank\" rel=\"noopener\"><span style=\"font-weight: 400\">Ressources DANE Acad\u00e9mie de Bordeaux<\/span><\/a><\/li>\n<li><a href=\"https:\/\/www.youtube.com\/watch?v=Ys0-QqD3KIU\" target=\"_blank\" rel=\"noopener\"><span style=\"font-weight: 400\">Diff\u00e9rences entre mutualisation, travail coop\u00e9ratif et collaboratif<\/span><\/a><\/li>\n<li><a href=\"http:\/\/cria.ac-bordeaux.fr\/index_normal.htm\" target=\"_blank\" rel=\"noopener\"><span style=\"font-weight: 400\">Assistance informatique Acad\u00e9mie de Bordeaux Cria Scol-T\u00e9l\u00e9services<\/span><\/a><\/li>\n<li><a href=\"http:\/\/www.cite-sciences.fr\/au-programme\/lieux-ressources\/carrefour-numerique2\/tutoriel\/internet\/cyberbase07_home.html\" target=\"_blank\" rel=\"noopener\"><span style=\"font-weight: 400\">Animation (g\u00e9n\u00e9ralit\u00e9s sur internet)<\/span><\/a><\/li>\n<li><a href=\"http:\/\/www.internetsanscrainte.fr\/\" target=\"_blank\" rel=\"noopener\"><span style=\"font-weight: 400\">Ressources (animations, vid\u00e9os, jeux en ligne \u2026) du Site Internet sans Crainte<\/span><\/a><\/li>\n<\/ul>\n<hr \/>\n<h3><\/h3>\n","protected":false},"excerpt":{"rendered":"<p>R\u00e9f\u00e9rence au texte officiel THEME : MATERIAUX ET OBJETS TECHNIQUES Connaissances et comp\u00e9tences associ\u00e9es Exemples de situations, d\u2019activit\u00e9s et de ressources pour l\u2019\u00e9l\u00e8ve Rep\u00e9rer et comprendre la communication et la &#8230;<\/p>\n","protected":false},"author":211,"featured_media":0,"parent":0,"menu_order":0,"comment_status":"closed","ping_status":"closed","template":"","meta":{"footnotes":""},"class_list":["post-1706","page","type-page","status-publish","hentry"],"_links":{"self":[{"href":"https:\/\/ent2d.ac-bordeaux.fr\/disciplines\/sti\/wp-json\/wp\/v2\/pages\/1706","targetHints":{"allow":["GET"]}}],"collection":[{"href":"https:\/\/ent2d.ac-bordeaux.fr\/disciplines\/sti\/wp-json\/wp\/v2\/pages"}],"about":[{"href":"https:\/\/ent2d.ac-bordeaux.fr\/disciplines\/sti\/wp-json\/wp\/v2\/types\/page"}],"author":[{"embeddable":true,"href":"https:\/\/ent2d.ac-bordeaux.fr\/disciplines\/sti\/wp-json\/wp\/v2\/users\/211"}],"replies":[{"embeddable":true,"href":"https:\/\/ent2d.ac-bordeaux.fr\/disciplines\/sti\/wp-json\/wp\/v2\/comments?post=1706"}],"version-history":[{"count":0,"href":"https:\/\/ent2d.ac-bordeaux.fr\/disciplines\/sti\/wp-json\/wp\/v2\/pages\/1706\/revisions"}],"wp:attachment":[{"href":"https:\/\/ent2d.ac-bordeaux.fr\/disciplines\/sti\/wp-json\/wp\/v2\/media?parent=1706"}],"curies":[{"name":"wp","href":"https:\/\/api.w.org\/{rel}","templated":true}]}}