{"id":1599,"date":"2016-07-06T10:14:40","date_gmt":"2016-07-06T09:14:40","guid":{"rendered":"http:\/\/blogacabdx.ac-bordeaux.fr\/ressii\/?page_id=1599"},"modified":"2016-07-06T10:14:40","modified_gmt":"2016-07-06T09:14:40","slug":"c3-mot-2b-representation-du-fonctionnement-dun-objet-technique","status":"publish","type":"page","link":"https:\/\/ent2d.ac-bordeaux.fr\/disciplines\/sti\/c3-mot-2b-representation-du-fonctionnement-dun-objet-technique\/","title":{"rendered":"C3-MOT-2c &#8211; Repr\u00e9sentation du fonctionnement d\u2019un objet technique."},"content":{"rendered":"<hr \/>\n<h2><\/h2>\n<h3><span style=\"text-decoration: underline;color: #000000\">R\u00e9f\u00e9rence au texte officiel<\/span><\/h3>\n<h2 style=\"text-align: center\"><strong>THEME : MATERIAUX ET OBJETS TECHNIQUES<\/strong><\/h2>\n<table style=\"width: 100%\" cellspacing=\"1\" cellpadding=\"1\">\n<tbody>\n<tr>\n<td><\/td>\n<td><\/td>\n<\/tr>\n<tr>\n<td><strong>Connaissances et comp\u00e9tences associ\u00e9es<\/strong><\/td>\n<td><strong>Exemples de situations, d\u2019activit\u00e9s et de ressources pour l\u2019\u00e9l\u00e8ve<\/strong><\/td>\n<\/tr>\n<tr>\n<td style=\"text-align: center\" colspan=\"2\"><strong>D\u00e9crire le fonctionnement d\u2019objets techniques, leurs fonctions et leurs constitutions<\/strong><\/td>\n<\/tr>\n<tr>\n<td style=\"text-align: left;width: 50%\"><a href=\"https:\/\/ent2d.ac-bordeaux.fr\/disciplines\/sti\/c3-mot-2a-besoin-fonction-dusage-et-destime\/\"><strong>MOT-2a<\/strong> \u00bb Besoin, fonction d\u2019usage et d\u2019estime.<\/a><br \/>\n<a href=\"https:\/\/ent2d.ac-bordeaux.fr\/disciplines\/sti\/c3-mot-2b-fonction-technique-solutions-techniques\/\"><strong>MOT-2b<\/strong> \u00bb Fonction technique, solutions techniques.<\/a><br \/>\n<a href=\"https:\/\/ent2d.ac-bordeaux.fr\/disciplines\/sti\/c3-mot-2b-representation-du-fonctionnement-dun-objet-technique\/\"><strong>MOT-2c<\/strong> \u00bb Repr\u00e9sentation du fonctionnement d\u2019un\u00a0objet technique.<\/a><br \/>\n<a href=\"https:\/\/ent2d.ac-bordeaux.fr\/disciplines\/sti\/c3-mot-2d-comparaison-de-solutions-techniques-constitutions-fonctions-organes\/\"><strong>MOT-2d<\/strong> \u00bb Comparaison de solutions techniques :\u00a0constitutions, fonctions, organes.<\/a><\/td>\n<td style=\"text-align: justify\">Les \u00e9l\u00e8ves d\u00e9crivent un objet dans son contexte. Ils\u00a0sont amen\u00e9s \u00e0 identifier des fonctions assur\u00e9es par\u00a0un objet technique puis \u00e0 d\u00e9crire graphiquement\u00a0\u00e0 l\u2019aide de croquis \u00e0 main lev\u00e9e ou de sch\u00e9mas,\u00a0le fonctionnement observ\u00e9 des \u00e9l\u00e9ments\u00a0constituant une fonction technique. Les pi\u00e8ces, les constituants, les sous-ensembles sont inventori\u00e9s\u00a0par les \u00e9l\u00e8ves. Les diff\u00e9rentes parties sont isol\u00e9es\u00a0par observation en fonctionnement. Leur r\u00f4le\u00a0respectif est mis en \u00e9vidence.<\/td>\n<\/tr>\n<\/tbody>\n<\/table>\n<hr \/>\n<h3><span style=\"text-decoration: underline\"><span style=\"color: #000000;text-decoration: underline\">Exemple de structuration de connaissances<\/span><\/span><\/h3>\n<p><a href=\"https:\/\/ent2d.ac-bordeaux.fr\/disciplines\/stidev\/wp-content\/uploads\/sites\/62\/2016\/11\/C3-MOT-2c-RepresentationFonctionnementObjet.jpg\"><img loading=\"lazy\" decoding=\"async\" class=\"alignnone wp-image-3428 size-full\" src=\"https:\/\/ent2d.ac-bordeaux.fr\/disciplines\/stidev\/wp-content\/uploads\/sites\/62\/2016\/11\/C3-MOT-2c-RepresentationFonctionnementObjet.jpg\" width=\"1600\" height=\"900\" \/><\/a><\/p>\n<table border=\"0\" cellspacing=\"1\" cellpadding=\"1\">\n<tbody>\n<tr>\n<td><a href=\"https:\/\/blogacabdx.ac-bordeaux.fr\/ressii\/wp-content\/uploads\/sites\/10\/2016\/11\/C3-MOT-2c-RepresentationFonctionnementObjet.jpg\" target=\"_blank\" rel=\"noopener\"><img loading=\"lazy\" decoding=\"async\" class=\"alignnone wp-image-1491\" src=\"https:\/\/ent2d.ac-bordeaux.fr\/disciplines\/stidev\/wp-content\/uploads\/sites\/62\/2016\/06\/jpg.png\" width=\"51\" height=\"51\" \/><\/a><br \/>\n<a href=\"https:\/\/blogacabdx.ac-bordeaux.fr\/ressii\/wp-content\/uploads\/sites\/10\/2016\/11\/C3-MOT-2c-RepresentationFonctionnementObjet.jpg\" target=\"_blank\" rel=\"noopener\"><span style=\"color: #0066cc\">Fiche \u00e9l\u00e8ve format\u00a0image<\/span><\/a><\/td>\n<td><u><span style=\"color: #0066cc\"><img loading=\"lazy\" decoding=\"async\" class=\"alignnone wp-image-38\" src=\"https:\/\/ent2d.ac-bordeaux.fr\/disciplines\/stidev\/wp-content\/uploads\/sites\/62\/2015\/03\/logoVideo2.jpg\" alt=\"logoVideo2\" width=\"50\" height=\"51\" \/><br \/>\n<\/span><\/u> Format vid\u00e9o Mp4<\/td>\n<td><a href=\"https:\/\/ent2d.ac-bordeaux.fr\/disciplines\/stidev\/wp-content\/uploads\/sites\/62\/2016\/11\/C3-MOT-2c-RepresentationFonctionnementObjet.pdf\" target=\"_blank\" rel=\"noopener\"><img loading=\"lazy\" decoding=\"async\" class=\"alignnone wp-image-3196\" src=\"https:\/\/ent2d.ac-bordeaux.fr\/disciplines\/stidev\/wp-content\/uploads\/sites\/62\/2016\/09\/pdf_eleve.jpg\" width=\"52\" height=\"52\" \/><\/a><br \/>\n<a href=\"https:\/\/ent2d.ac-bordeaux.fr\/disciplines\/stidev\/wp-content\/uploads\/sites\/62\/2016\/11\/C3-MOT-2c-RepresentationFonctionnementObjet.pdf\" target=\"_blank\" rel=\"noopener\">Fiche \u00e9l\u00e8ve PDF<\/a><\/td>\n<td><a href=\"https:\/\/ent2d.ac-bordeaux.fr\/disciplines\/stidev\/wp-content\/uploads\/sites\/62\/2016\/09\/FPv7-ST_MOT_1-Fonctionnement-dobjets-techniques.docx.pdf\" target=\"_blank\" rel=\"noopener\"><img loading=\"lazy\" decoding=\"async\" class=\"alignnone wp-image-3194\" src=\"https:\/\/ent2d.ac-bordeaux.fr\/disciplines\/stidev\/wp-content\/uploads\/sites\/62\/2016\/09\/pdf_prof.jpg\" width=\"52\" height=\"52\" \/><\/a><br \/>\n<a href=\"https:\/\/ent2d.ac-bordeaux.fr\/disciplines\/stidev\/wp-content\/uploads\/sites\/62\/2016\/09\/FPv7-ST_MOT_1-Fonctionnement-dobjets-techniques.docx.pdf\" target=\"_blank\" rel=\"noopener\"><span style=\"color: #0066cc\">Fiche professeur PDF<\/span><\/a><\/td>\n<\/tr>\n<\/tbody>\n<\/table>\n<h3><span style=\"color: #000000\">\u00a0<\/span><\/h3>\n<hr \/>\n<h3><span style=\"color: #000000\"><span style=\"text-decoration: underline\">Exemple d&#8217;exploitation p\u00e9dagogique<\/span><\/span><\/h3>\n<table style=\"width: 100%\" border=\"0\" cellspacing=\"1\" cellpadding=\"1\">\n<tbody>\n<tr>\n<td style=\"text-align: left\"><strong>Pistes de situations d\u00e9clenchantes<\/strong><\/td>\n<td style=\"text-align: justify\">\n<ul>\n<li><span style=\"font-weight: 400\">Partir du fait que les \u00e9l\u00e8ves ont besoin de dessiner un objet technique et d\u2019expliquer son fonctionnement \u00e0 l\u2019ensemble de la classe, ou de pr\u00e9senter une id\u00e9e d\u2019am\u00e9lioration.<\/span><\/li>\n<\/ul>\n<\/td>\n<\/tr>\n<tr>\n<td style=\"text-align: left\"><strong>Pistes probl\u00e8mes<\/strong> <strong>technologiques<\/strong><\/td>\n<td style=\"text-align: left\">\n<ul>\n<li><span style=\"font-weight: 400\">Comment pr\u00e9senter ou expliquer le fonctionnement d&#8217;un objet technique ? <\/span><\/li>\n<li><span style=\"font-weight: 400\">Quel &#8220;outil&#8221; choisir pour faire cela et \u00eatre compris du plus grand nombre ?<\/span><\/li>\n<li><span style=\"font-weight: 400\">Comment repr\u00e9senter tout objet technique ou une partie ?<\/span><\/li>\n<li><span style=\"font-weight: 400\">Comment expliquer le fonctionnement m\u00e9canique de l\u2019objet technique ?<\/span><\/li>\n<li><span style=\"font-weight: 400\">Pourquoi faire des croquis et\/ou sch\u00e9mas des objets techniques ?<\/span><\/li>\n<li>Comment expliquer le fonctionnement \u00e9lectrique de l\u2019objet technique ?<\/li>\n<\/ul>\n<\/td>\n<\/tr>\n<tr>\n<td style=\"text-align: left\"><strong>Ressources Outils \u00e0 exploiter<\/strong><\/td>\n<td style=\"text-align: left\">\n<ul>\n<li style=\"font-weight: 400\"><span style=\"font-weight: 400\">Des feuilles et des crayons. (Outil de dessin sur ordinateur, outil num\u00e9rique de r\u00e9alisation de sch\u00e9mas)<\/span><\/li>\n<li style=\"font-weight: 400\"><span style=\"font-weight: 400\">Une base documentaire de symboles normalis\u00e9s de m\u00e9canique.<\/span><\/li>\n<li style=\"font-weight: 400\"><span style=\"font-weight: 400\">Une base documentaire de symboles normalis\u00e9s d\u2019\u00e9lectricit\u00e9.<\/span><\/li>\n<li style=\"font-weight: 400\">Des objets techniques \u00e0 observer, \u00e0 d\u00e9monter.<\/li>\n<\/ul>\n<\/td>\n<\/tr>\n<tr>\n<td style=\"text-align: left\"><strong>Pistes d\u2019activit\u00e9s<\/strong><\/td>\n<td style=\"text-align: left\">\n<ul>\n<li style=\"font-weight: 400\"><span style=\"font-weight: 400\">R\u00e9aliser le croquis d\u2019une partie ou de tout l\u2019objet technique \u00e0 partir de l\u2019observation de celui-ci.<\/span><\/li>\n<li style=\"font-weight: 400\"><span style=\"font-weight: 400\">Imaginer un nouvel objet technique ou une nouvelle partie de l\u2019objet technique et le repr\u00e9senter par un croquis.<\/span><\/li>\n<li style=\"font-weight: 400\"><span style=\"font-weight: 400\">Repr\u00e9senter le sch\u00e9ma \u00e9lectrique d\u2019un circuit de l\u2019objet technique \u00e9tudi\u00e9 pour expliquer le fonctionnement.<\/span><\/li>\n<li style=\"font-weight: 400\"><span style=\"font-weight: 400\">Exp\u00e9rimenter un nouveau circuit \u00e9lectrique simple et le repr\u00e9senter.<\/span><\/li>\n<li style=\"font-weight: 400\"><span style=\"font-weight: 400\">Repr\u00e9senter le fonctionnement m\u00e9canique de l\u2019objet technique \u00e0 l\u2019aide d\u2019un sch\u00e9ma normalis\u00e9.<\/span><\/li>\n<\/ul>\n<\/td>\n<\/tr>\n<tr>\n<td style=\"text-align: left\"><strong>Exemples d\u2019objets<\/strong> <strong>supports<\/strong><\/td>\n<td style=\"text-align: left\">\n<ul>\n<li style=\"font-weight: 400\"><span style=\"font-weight: 400\">Tout type de projet, sachant qu\u2019il serait peut-\u00eatre int\u00e9ressant d\u2019utiliser celui \u00e9tudi\u00e9 dans les autres comp\u00e9tences du programme pour avoir une analyse et description pr\u00e9alable du fonctionnement, de ses fonctions et de sa constitution.<\/span><\/li>\n<li style=\"font-weight: 400\"><span style=\"font-weight: 400\">Objets techniques des moyens de transport, de robotique, de communication (t\u00e9l\u00e9phone, ordinateur \u2026), &#8230;<\/span><\/li>\n<\/ul>\n<\/td>\n<\/tr>\n<\/tbody>\n<\/table>\n<hr \/>\n<h3><span style=\"text-decoration: underline;color: #000000\">Pour aller plus loin<\/span><\/h3>\n<ul>\n<li><a href=\"http:\/\/www.positron-libre.com\/cours\/electrotechnique\/schema\/les-symboles-electriques.php\" target=\"_blank\" rel=\"noopener\"><span style=\"font-weight: 400\">Les symboles \u00e9lectriques et \u00e9lectrotechniques<\/span><\/a><\/li>\n<li><a href=\"http:\/\/www.wikimeca.org\/index.php?title=Sch%C3%A9matisation_cin%C3%A9matique\" target=\"_blank\" rel=\"noopener\"><span style=\"font-weight: 400\">Sch\u00e9matisation cin\u00e9matique<\/span><\/a><\/li>\n<li><a href=\"http:\/\/www.wikimeca.org\/index.php?title=Mouvements_relatifs_entre_solides_-_Liaisons#Associations_de_surfaces_.C3.A9l.C3.A9mentaires\" target=\"_blank\" rel=\"noopener\"><span style=\"font-weight: 400\">Mouvements relatifs entre solides &#8211; Liaisons cin\u00e9matiques<\/span><\/a><\/li>\n<\/ul>\n<hr \/>\n<h3><\/h3>\n","protected":false},"excerpt":{"rendered":"<p>R\u00e9f\u00e9rence au texte officiel THEME : MATERIAUX ET OBJETS TECHNIQUES Connaissances et comp\u00e9tences associ\u00e9es Exemples de situations, d\u2019activit\u00e9s et de ressources pour l\u2019\u00e9l\u00e8ve D\u00e9crire le fonctionnement d\u2019objets techniques, leurs fonctions &#8230;<\/p>\n","protected":false},"author":211,"featured_media":0,"parent":0,"menu_order":0,"comment_status":"closed","ping_status":"closed","template":"","meta":{"footnotes":""},"class_list":["post-1599","page","type-page","status-publish","hentry"],"_links":{"self":[{"href":"https:\/\/ent2d.ac-bordeaux.fr\/disciplines\/sti\/wp-json\/wp\/v2\/pages\/1599","targetHints":{"allow":["GET"]}}],"collection":[{"href":"https:\/\/ent2d.ac-bordeaux.fr\/disciplines\/sti\/wp-json\/wp\/v2\/pages"}],"about":[{"href":"https:\/\/ent2d.ac-bordeaux.fr\/disciplines\/sti\/wp-json\/wp\/v2\/types\/page"}],"author":[{"embeddable":true,"href":"https:\/\/ent2d.ac-bordeaux.fr\/disciplines\/sti\/wp-json\/wp\/v2\/users\/211"}],"replies":[{"embeddable":true,"href":"https:\/\/ent2d.ac-bordeaux.fr\/disciplines\/sti\/wp-json\/wp\/v2\/comments?post=1599"}],"version-history":[{"count":0,"href":"https:\/\/ent2d.ac-bordeaux.fr\/disciplines\/sti\/wp-json\/wp\/v2\/pages\/1599\/revisions"}],"wp:attachment":[{"href":"https:\/\/ent2d.ac-bordeaux.fr\/disciplines\/sti\/wp-json\/wp\/v2\/media?parent=1599"}],"curies":[{"name":"wp","href":"https:\/\/api.w.org\/{rel}","templated":true}]}}