{"id":1597,"date":"2016-07-06T10:14:17","date_gmt":"2016-07-06T09:14:17","guid":{"rendered":"http:\/\/blogacabdx.ac-bordeaux.fr\/ressii\/?page_id=1597"},"modified":"2016-07-06T10:14:17","modified_gmt":"2016-07-06T09:14:17","slug":"c3-mot-2b-fonction-technique-solutions-techniques","status":"publish","type":"page","link":"https:\/\/ent2d.ac-bordeaux.fr\/disciplines\/sti\/c3-mot-2b-fonction-technique-solutions-techniques\/","title":{"rendered":"C3-MOT-2b &#8211; Fonction technique, solutions techniques."},"content":{"rendered":"<hr \/>\n<h2><\/h2>\n<h3><span style=\"text-decoration: underline;color: #000000\">R\u00e9f\u00e9rence au texte officiel<\/span><\/h3>\n<h2 style=\"text-align: center\"><strong>THEME : MATERIAUX ET OBJETS TECHNIQUES<\/strong><\/h2>\n<table style=\"width: 100%\" cellspacing=\"1\" cellpadding=\"1\">\n<tbody>\n<tr>\n<td><\/td>\n<td><\/td>\n<\/tr>\n<tr>\n<td><strong>Connaissances et comp\u00e9tences associ\u00e9es<\/strong><\/td>\n<td><strong>Exemples de situations, d\u2019activit\u00e9s et de ressources pour l\u2019\u00e9l\u00e8ve<\/strong><\/td>\n<\/tr>\n<tr>\n<td style=\"text-align: center\" colspan=\"2\"><strong>D\u00e9crire le fonctionnement d\u2019objets techniques, leurs fonctions et leurs constitutions<\/strong><\/td>\n<\/tr>\n<tr>\n<td style=\"text-align: left;width: 50%\"><a href=\"https:\/\/ent2d.ac-bordeaux.fr\/disciplines\/sti\/c3-mot-2a-besoin-fonction-dusage-et-destime\/\"><strong>MOT-2a<\/strong> \u00bb Besoin, fonction d\u2019usage et d\u2019estime.<\/a><br \/>\n<a href=\"https:\/\/ent2d.ac-bordeaux.fr\/disciplines\/sti\/c3-mot-2b-fonction-technique-solutions-techniques\/\"><strong>MOT-2b<\/strong> \u00bb Fonction technique, solutions techniques.<\/a><br \/>\n<a href=\"https:\/\/ent2d.ac-bordeaux.fr\/disciplines\/sti\/c3-mot-2b-representation-du-fonctionnement-dun-objet-technique\/\"><strong>MOT-2c<\/strong> \u00bb Repr\u00e9sentation du fonctionnement d\u2019un\u00a0objet technique.<\/a><br \/>\n<a href=\"https:\/\/ent2d.ac-bordeaux.fr\/disciplines\/sti\/c3-mot-2d-comparaison-de-solutions-techniques-constitutions-fonctions-organes\/\"><strong>MOT-2d<\/strong> \u00bb Comparaison de solutions techniques :\u00a0constitutions, fonctions, organes.<\/a><\/td>\n<td style=\"text-align: justify\">Les \u00e9l\u00e8ves d\u00e9crivent un objet dans son contexte. Ils\u00a0sont amen\u00e9s \u00e0 identifier des fonctions assur\u00e9es par\u00a0un objet technique puis \u00e0 d\u00e9crire graphiquement\u00a0\u00e0 l\u2019aide de croquis \u00e0 main lev\u00e9e ou de sch\u00e9mas,\u00a0le fonctionnement observ\u00e9 des \u00e9l\u00e9ments\u00a0constituant une fonction technique. Les pi\u00e8ces, les constituants, les sous-ensembles sont inventori\u00e9s\u00a0par les \u00e9l\u00e8ves. Les diff\u00e9rentes parties sont isol\u00e9es\u00a0par observation en fonctionnement. Leur r\u00f4le\u00a0respectif est mis en \u00e9vidence.<\/td>\n<\/tr>\n<\/tbody>\n<\/table>\n<hr \/>\n<h3><span style=\"text-decoration: underline\"><span style=\"color: #000000;text-decoration: underline\">Exemple de structuration de connaissances<\/span><\/span><\/h3>\n<p><a href=\"https:\/\/ent2d.ac-bordeaux.fr\/disciplines\/stidev\/wp-content\/uploads\/sites\/62\/2016\/11\/C3-MOT-2b-FonctionTechniqueSolutionTechnique.jpg\"><img loading=\"lazy\" decoding=\"async\" class=\"alignnone wp-image-3427 size-full\" src=\"https:\/\/ent2d.ac-bordeaux.fr\/disciplines\/stidev\/wp-content\/uploads\/sites\/62\/2016\/11\/C3-MOT-2b-FonctionTechniqueSolutionTechnique.jpg\" width=\"1600\" height=\"900\" \/><\/a><\/p>\n<table border=\"0\" cellspacing=\"1\" cellpadding=\"1\">\n<tbody>\n<tr>\n<td><a href=\"https:\/\/blogacabdx.ac-bordeaux.fr\/ressii\/wp-content\/uploads\/sites\/10\/2016\/11\/C3-MOT-2b-FonctionTechniqueSolutionTechnique.jpg\" target=\"_blank\" rel=\"noopener\"><img loading=\"lazy\" decoding=\"async\" class=\"alignnone wp-image-1491\" src=\"https:\/\/ent2d.ac-bordeaux.fr\/disciplines\/stidev\/wp-content\/uploads\/sites\/62\/2016\/06\/jpg.png\" width=\"51\" height=\"51\" \/><\/a><br \/>\n<a href=\"https:\/\/blogacabdx.ac-bordeaux.fr\/ressii\/wp-content\/uploads\/sites\/10\/2016\/11\/C3-MOT-2b-FonctionTechniqueSolutionTechnique.jpg\" target=\"_blank\" rel=\"noopener\"><span style=\"color: #0066cc\">Fiche \u00e9l\u00e8ve format\u00a0image<\/span><\/a><\/td>\n<td><u><span style=\"color: #0066cc\"><img loading=\"lazy\" decoding=\"async\" class=\"alignnone wp-image-38\" src=\"https:\/\/ent2d.ac-bordeaux.fr\/disciplines\/stidev\/wp-content\/uploads\/sites\/62\/2015\/03\/logoVideo2.jpg\" alt=\"logoVideo2\" width=\"50\" height=\"51\" \/><br \/>\n<\/span><\/u> Format vid\u00e9o Mp4<\/td>\n<td><a href=\"https:\/\/ent2d.ac-bordeaux.fr\/disciplines\/stidev\/wp-content\/uploads\/sites\/62\/2016\/11\/C3-MOT-2b-FonctionTechniqueSolutionTechnique.pdf\" target=\"_blank\" rel=\"noopener\"><img loading=\"lazy\" decoding=\"async\" class=\"alignnone wp-image-3196\" src=\"https:\/\/ent2d.ac-bordeaux.fr\/disciplines\/stidev\/wp-content\/uploads\/sites\/62\/2016\/09\/pdf_eleve.jpg\" width=\"52\" height=\"52\" \/><\/a><br \/>\n<a href=\"https:\/\/ent2d.ac-bordeaux.fr\/disciplines\/stidev\/wp-content\/uploads\/sites\/62\/2016\/11\/C3-MOT-2b-FonctionTechniqueSolutionTechnique.pdf\" target=\"_blank\" rel=\"noopener\">Fiche \u00e9l\u00e8ve PDF<\/a><\/td>\n<td><a href=\"https:\/\/ent2d.ac-bordeaux.fr\/disciplines\/stidev\/wp-content\/uploads\/sites\/62\/2016\/09\/FPv7-ST_MOT_1-Fonctionnement-dobjets-techniques.docx.pdf\" target=\"_blank\" rel=\"noopener\"><img loading=\"lazy\" decoding=\"async\" class=\"alignnone wp-image-3194\" src=\"https:\/\/ent2d.ac-bordeaux.fr\/disciplines\/stidev\/wp-content\/uploads\/sites\/62\/2016\/09\/pdf_prof.jpg\" width=\"52\" height=\"52\" \/><\/a><br \/>\n<a href=\"https:\/\/ent2d.ac-bordeaux.fr\/disciplines\/stidev\/wp-content\/uploads\/sites\/62\/2016\/09\/FPv7-ST_MOT_1-Fonctionnement-dobjets-techniques.docx.pdf\" target=\"_blank\" rel=\"noopener\"><span style=\"color: #0066cc\">Fiche professeur PDF<\/span><\/a><\/td>\n<\/tr>\n<\/tbody>\n<\/table>\n<hr \/>\n<h3><span style=\"color: #000000\"><span style=\"text-decoration: underline\">Exemple d&#8217;exploitation p\u00e9dagogique<\/span><\/span><\/h3>\n<table style=\"width: 100%\" border=\"0\" cellspacing=\"1\" cellpadding=\"1\">\n<tbody>\n<tr>\n<td style=\"text-align: left\"><strong>Pistes de situations d\u00e9clenchantes<\/strong><\/td>\n<td style=\"text-align: justify\"><span style=\"font-weight: 400\">Pour une m\u00eame fonction d\u2019usage, l\u2019objet technique a besoin de diff\u00e9rentes pi\u00e8ces pour fonctionner et r\u00e9pondre \u00e0 nos besoins. <\/span><\/p>\n<p>&nbsp;<\/p>\n<ul>\n<li><span style=\"font-weight: 400\">Partir de ce constat pour faire d\u00e9gager le c\u00f4t\u00e9 technique \u00e0 partir de plusieurs objets ayant la m\u00eame fonction d\u2019usage.\u00a0<\/span><span style=\"font-weight: 400\">Par exemple, projection d\u2019une photo avec une personne en v\u00e9lo sur la route (VTC) + une dans la for\u00eat (VTT), + une dans une c\u00f4te (v\u00e9lo \u00e9lectrique) pour soulever le fait qu\u2019il y a les m\u00eames fonctions techniques mais pas les m\u00eames solutions<\/span><\/li>\n<\/ul>\n<\/td>\n<\/tr>\n<tr>\n<td style=\"text-align: left\"><strong>Pistes probl\u00e8mes<\/strong> <strong>technologiques<\/strong><\/td>\n<td style=\"text-align: left\">\n<ul>\n<li><span style=\"font-weight: 400\">Comment, gr\u00e2ce \u00e0 quoi l\u2019objet technique r\u00e9pond \u00e0 la fonction d\u2019usage ?<\/span><\/li>\n<li><span style=\"font-weight: 400\">Pourquoi plusieurs objets ayant la m\u00eame fonction d\u2019usage sont diff\u00e9rents par la forme, leurs diff\u00e9rentes parties, etc\u2026 ?<\/span><\/li>\n<li><span style=\"font-weight: 400\">Comment fonctionne l\u2019objet technique ?<\/span><\/li>\n<li><span style=\"font-weight: 400\">Pourquoi a-t-on plac\u00e9 telle ou telle pi\u00e8ce dans l\u2019objet technique ?<\/span><\/li>\n<li><span style=\"font-weight: 400\">Comment sont regroup\u00e9es les pi\u00e8ces de l\u2019objet technique et pourquoi ?<\/span><\/li>\n<li>Quelles sont les pi\u00e8ces qui r\u00e9pondent \u00e0 une fonction technique donn\u00e9e ?<\/li>\n<\/ul>\n<\/td>\n<\/tr>\n<tr>\n<td style=\"text-align: left\"><strong>Ressources Outils \u00e0 exploiter<\/strong><\/td>\n<td style=\"text-align: left\">\n<ul>\n<li style=\"font-weight: 400\"><span style=\"font-weight: 400\">Divers objets techniques (v\u00e9lo, voiture radiocommand\u00e9e, trottinette \u00e9lectrique, \u00e9olienne, \u2026) et\/ou des sous-ensemble d\u2019objets techniques.<\/span><\/li>\n<li style=\"font-weight: 400\"><span style=\"font-weight: 400\">Exemples pour un v\u00e9lo : mettre \u00e0 disposition plusieurs syst\u00e8mes de freinage, plusieurs syst\u00e8mes de transmission du mouvement (cha\u00eene, bande, engrenage\u2026), \u00e0 manipuler, d\u00e9monter &#8230;<\/span><\/li>\n<\/ul>\n<\/td>\n<\/tr>\n<tr>\n<td style=\"text-align: left\"><strong>Pistes d\u2019activit\u00e9s<\/strong><\/td>\n<td style=\"text-align: left\">\n<ul>\n<li style=\"font-weight: 400\"><span style=\"font-weight: 400\">Observer et identifier les pi\u00e8ces qui composent l\u2019objet technique sur des objets r\u00e9els \u00e0 d\u00e9monter ou avec des fichiers de mod\u00e9lisations num\u00e9riques r\u00e9alis\u00e9es sous Edrawing.<\/span><\/li>\n<li style=\"font-weight: 400\"><span style=\"font-weight: 400\">Tenter de trouver un sens \u00e0 chacune des pi\u00e8ces.<\/span><\/li>\n<li style=\"font-weight: 400\"><span style=\"font-weight: 400\">Identifier les groupes de composants, leurs r\u00f4les et<\/span><span style=\"font-weight: 400\"> d\u00e9gager des fonctions techniques (leurs fonctions dans l\u2019ensemble).<\/span><\/li>\n<li style=\"font-weight: 400\"><span style=\"font-weight: 400\">Tenter d\u2019expliquer comment fonctionne tel ou tel groupe de composants.<\/span><\/li>\n<li style=\"font-weight: 400\"><span style=\"font-weight: 400\">Comparer diff\u00e9rentes solutions techniques r\u00e9pondant \u00e0 une m\u00eame fonction technique.<\/span><\/li>\n<\/ul>\n<\/td>\n<\/tr>\n<tr>\n<td style=\"text-align: left\"><strong>Exemples d\u2019objets<\/strong> <strong>supports<\/strong><\/td>\n<td style=\"text-align: left\">\n<ul>\n<li style=\"font-weight: 400\"><span style=\"font-weight: 400\">Tout type de projet, sachant qu\u2019il serait peut-\u00eatre int\u00e9ressant d\u2019utiliser celui \u00e9tudi\u00e9 dans les autres comp\u00e9tences du programme (Comp\u00e9tences de conception par exemple) pour avoir une analyse et description pr\u00e9alable du fonctionnement, de ses fonctions et de sa constitution.<\/span><\/li>\n<li style=\"font-weight: 400\"><span style=\"font-weight: 400\">Objets techniques des moyens de transport (v\u00e9lo, trottinette, rollers \u2026), de communication (t\u00e9l\u00e9phone, ordinateur\u2026), cafeti\u00e8re&#8230;<\/span><\/li>\n<\/ul>\n<\/td>\n<\/tr>\n<\/tbody>\n<\/table>\n<hr \/>\n<h3><span style=\"text-decoration: underline;color: #000000\">Pour aller plus loin<\/span><\/h3>\n<ul>\n<li><a href=\"http:\/\/technoargia.free.fr\/cms2\/?Techno:6%E8me\" target=\"_blank\" rel=\"noopener\"><span style=\"font-weight: 400\">Animations de Technoargia<\/span><\/a><\/li>\n<li><a href=\"http:\/\/www.sitetechno.fr\/niveau_6\/maquettes.html\" target=\"_blank\" rel=\"noopener\"><span style=\"font-weight: 400\">Exemples de maquettes Edrawings sur le transport<\/span><\/a><\/li>\n<\/ul>\n<hr \/>\n<h3><\/h3>\n<p>&nbsp;<\/p>\n","protected":false},"excerpt":{"rendered":"<p>R\u00e9f\u00e9rence au texte officiel THEME : MATERIAUX ET OBJETS TECHNIQUES Connaissances et comp\u00e9tences associ\u00e9es Exemples de situations, d\u2019activit\u00e9s et de ressources pour l\u2019\u00e9l\u00e8ve D\u00e9crire le fonctionnement d\u2019objets techniques, leurs fonctions &#8230;<\/p>\n","protected":false},"author":211,"featured_media":0,"parent":0,"menu_order":0,"comment_status":"closed","ping_status":"closed","template":"","meta":{"footnotes":""},"class_list":["post-1597","page","type-page","status-publish","hentry"],"_links":{"self":[{"href":"https:\/\/ent2d.ac-bordeaux.fr\/disciplines\/sti\/wp-json\/wp\/v2\/pages\/1597","targetHints":{"allow":["GET"]}}],"collection":[{"href":"https:\/\/ent2d.ac-bordeaux.fr\/disciplines\/sti\/wp-json\/wp\/v2\/pages"}],"about":[{"href":"https:\/\/ent2d.ac-bordeaux.fr\/disciplines\/sti\/wp-json\/wp\/v2\/types\/page"}],"author":[{"embeddable":true,"href":"https:\/\/ent2d.ac-bordeaux.fr\/disciplines\/sti\/wp-json\/wp\/v2\/users\/211"}],"replies":[{"embeddable":true,"href":"https:\/\/ent2d.ac-bordeaux.fr\/disciplines\/sti\/wp-json\/wp\/v2\/comments?post=1597"}],"version-history":[{"count":0,"href":"https:\/\/ent2d.ac-bordeaux.fr\/disciplines\/sti\/wp-json\/wp\/v2\/pages\/1597\/revisions"}],"wp:attachment":[{"href":"https:\/\/ent2d.ac-bordeaux.fr\/disciplines\/sti\/wp-json\/wp\/v2\/media?parent=1597"}],"curies":[{"name":"wp","href":"https:\/\/api.w.org\/{rel}","templated":true}]}}