{"id":243,"date":"2024-08-22T16:30:26","date_gmt":"2024-08-22T14:30:26","guid":{"rendered":"https:\/\/ent2d.ac-bordeaux.fr\/disciplines\/stivoieproprovisoire\/?page_id=243"},"modified":"2024-09-26T10:15:30","modified_gmt":"2024-09-26T08:15:30","slug":"acces-academiques","status":"publish","type":"page","link":"https:\/\/ent2d.ac-bordeaux.fr\/disciplines\/sti-voie-pro\/acces-academiques\/","title":{"rendered":"Acc\u00e8s acad\u00e9miques"},"content":{"rendered":"\n<p><mark style=\"background-color:#ffffff\" class=\"has-inline-color has-white-color\">Saut  de ligne<\/mark><\/p>\n\n\n<p>Retrouvez ci-dessous les diff\u00e9rents sites de l&rsquo;acad\u00e9mie de Bordeaux :<\/p>\n\n\n<div class=\"wp-block-media-text is-stacked-on-mobile is-vertically-aligned-center\" style=\"grid-template-columns:27% auto\"><figure class=\"wp-block-media-text__media\"><a href=\"https:\/\/www.ac-bordeaux.fr\" target=\"_blank\" rel=\"noreferrer noopener\"><img loading=\"lazy\" decoding=\"async\" width=\"1024\" height=\"676\" src=\"https:\/\/ent2d.ac-bordeaux.fr\/disciplines\/stivoieproprovisoire\/wp-content\/uploads\/sites\/90\/2024\/09\/Ac_bdx.png\" alt=\"\" class=\"wp-image-914 size-full\" srcset=\"https:\/\/ent2d.ac-bordeaux.fr\/disciplines\/sti-voie-pro\/wp-content\/uploads\/sites\/90\/2024\/09\/Ac_bdx.png 1024w, https:\/\/ent2d.ac-bordeaux.fr\/disciplines\/sti-voie-pro\/wp-content\/uploads\/sites\/90\/2024\/09\/Ac_bdx-300x198.png 300w, https:\/\/ent2d.ac-bordeaux.fr\/disciplines\/sti-voie-pro\/wp-content\/uploads\/sites\/90\/2024\/09\/Ac_bdx-768x507.png 768w\" sizes=\"auto, (max-width: 1024px) 100vw, 1024px\" \/><\/a><\/figure><div class=\"wp-block-media-text__content\">\n<p><a href=\"https:\/\/www.ac-bordeaux.fr\" data-type=\"link\" data-id=\"https:\/\/www.ac-bordeaux.fr\" target=\"_blank\" rel=\"noreferrer noopener\"><strong>Rectorat de Bordeaux<\/strong><\/a><\/p>\n<\/div><\/div>\n\n\n\n<p><mark style=\"background-color:#ffffff\" class=\"has-inline-color has-white-color\">Saut de ligne<\/mark><\/p>\n\n\n\n<div class=\"wp-block-media-text is-stacked-on-mobile is-vertically-aligned-center\" style=\"grid-template-columns:26% auto\"><figure class=\"wp-block-media-text__media\"><a href=\"https:\/\/ent2d.ac-bordeaux.fr\/disciplines\/corps-inspection-voie-professionnelle\/\" target=\"_blank\" rel=\"noreferrer noopener\"><img loading=\"lazy\" decoding=\"async\" width=\"1024\" height=\"676\" src=\"https:\/\/ent2d.ac-bordeaux.fr\/disciplines\/stivoieproprovisoire\/wp-content\/uploads\/sites\/90\/2024\/09\/College_Bdx.png\" alt=\"\" class=\"wp-image-908 size-full\" srcset=\"https:\/\/ent2d.ac-bordeaux.fr\/disciplines\/sti-voie-pro\/wp-content\/uploads\/sites\/90\/2024\/09\/College_Bdx.png 1024w, https:\/\/ent2d.ac-bordeaux.fr\/disciplines\/sti-voie-pro\/wp-content\/uploads\/sites\/90\/2024\/09\/College_Bdx-300x198.png 300w, https:\/\/ent2d.ac-bordeaux.fr\/disciplines\/sti-voie-pro\/wp-content\/uploads\/sites\/90\/2024\/09\/College_Bdx-768x507.png 768w\" sizes=\"auto, (max-width: 1024px) 100vw, 1024px\" \/><\/a><\/figure><div class=\"wp-block-media-text__content\">\n<p><strong><a href=\"https:\/\/ent2d.ac-bordeaux.fr\/disciplines\/corps-inspection-voie-professionnelle\/\" target=\"_blank\" rel=\"noreferrer noopener\">Corps d&rsquo;inspection ET-EG-IO de l&rsquo;acad\u00e9mie de Bordeaux<\/a><\/strong><\/p>\n<\/div><\/div>\n\n\n\n<p><mark style=\"background-color:#ffffff\" class=\"has-inline-color has-white-color\">Saut de ligne<\/mark><\/p>\n\n\n\n<div class=\"wp-block-media-text is-stacked-on-mobile\" style=\"grid-template-columns:27% auto\"><figure class=\"wp-block-media-text__media\"><a href=\"https:\/\/bordeaux.srafpica-nouvelle-aquitaine.fr\" target=\"_blank\" rel=\"noreferrer noopener\"><img loading=\"lazy\" decoding=\"async\" width=\"1024\" height=\"678\" src=\"https:\/\/ent2d.ac-bordeaux.fr\/disciplines\/stivoieproprovisoire\/wp-content\/uploads\/sites\/90\/2024\/09\/SRA-FPICA_2.png\" alt=\"\" class=\"wp-image-916 size-full\" srcset=\"https:\/\/ent2d.ac-bordeaux.fr\/disciplines\/sti-voie-pro\/wp-content\/uploads\/sites\/90\/2024\/09\/SRA-FPICA_2.png 1024w, https:\/\/ent2d.ac-bordeaux.fr\/disciplines\/sti-voie-pro\/wp-content\/uploads\/sites\/90\/2024\/09\/SRA-FPICA_2-300x199.png 300w, https:\/\/ent2d.ac-bordeaux.fr\/disciplines\/sti-voie-pro\/wp-content\/uploads\/sites\/90\/2024\/09\/SRA-FPICA_2-768x508.png 768w\" sizes=\"auto, (max-width: 1024px) 100vw, 1024px\" \/><\/a><\/figure><div class=\"wp-block-media-text__content\">\n<p><strong><a href=\"https:\/\/bordeaux.srafpica-nouvelle-aquitaine.fr\" target=\"_blank\" rel=\"noreferrer noopener\">SRA-FPICA Bordeaux<\/a><\/strong><\/p>\n\n\n\n<p><strong>Le Service r\u00e9gional acad\u00e9mique \u00e0 la formation professionnelle initiale et continue et \u00e0 l&rsquo;apprentissage<\/strong> coordonne l&rsquo;ensemble des missions relatives \u00e0 la formation professionnelle initiale et continue et l&rsquo;apprentissage.<\/p>\n<\/div><\/div>\n\n\n\n<p><mark style=\"background-color:#ffffff\" class=\"has-inline-color has-white-color\">Saut de ligne<\/mark><\/p>\n\n\n\n<div class=\"wp-block-media-text is-stacked-on-mobile is-vertically-aligned-center\" style=\"grid-template-columns:27% auto\"><figure class=\"wp-block-media-text__media\"><a href=\"https:\/\/www.ac-bordeaux.fr\/eafc\" target=\"_blank\" rel=\"noreferrer noopener\"><img loading=\"lazy\" decoding=\"async\" width=\"1024\" height=\"677\" src=\"https:\/\/ent2d.ac-bordeaux.fr\/disciplines\/stivoieproprovisoire\/wp-content\/uploads\/sites\/90\/2024\/09\/EAFC_2.png\" alt=\"\" class=\"wp-image-917 size-full\" srcset=\"https:\/\/ent2d.ac-bordeaux.fr\/disciplines\/sti-voie-pro\/wp-content\/uploads\/sites\/90\/2024\/09\/EAFC_2.png 1024w, https:\/\/ent2d.ac-bordeaux.fr\/disciplines\/sti-voie-pro\/wp-content\/uploads\/sites\/90\/2024\/09\/EAFC_2-300x198.png 300w, https:\/\/ent2d.ac-bordeaux.fr\/disciplines\/sti-voie-pro\/wp-content\/uploads\/sites\/90\/2024\/09\/EAFC_2-768x508.png 768w\" sizes=\"auto, (max-width: 1024px) 100vw, 1024px\" \/><\/a><\/figure><div class=\"wp-block-media-text__content\">\n<p><strong><a href=\"https:\/\/www.ac-bordeaux.fr\/eafc\" data-type=\"link\" data-id=\"https:\/\/www.ac-bordeaux.fr\/eafc\" target=\"_blank\" rel=\"noreferrer noopener\">EAFC Bordeaux<\/a><\/strong><\/p>\n\n\n\n<p><strong>L\u2019\u00e9cole acad\u00e9mique de la formation continue<\/strong> de Bordeaux devient votre entr\u00e9e unique vers la formation professionnelle. Les offres ont \u00e9volu\u00e9 vers plus de lisibilit\u00e9 et de souplesse de mise en \u0153uvre invitant chaque personnel \u00e0 devenir acteur de son parcours de formation.<\/p>\n<\/div><\/div>\n\n\n\n<p><mark style=\"background-color:#ffffff\" class=\"has-inline-color has-white-color\">Saut de ligne<\/mark><\/p>\n\n\n\n<div class=\"wp-block-media-text is-stacked-on-mobile is-vertically-aligned-center\" style=\"grid-template-columns:27% auto\"><figure class=\"wp-block-media-text__media\"><a href=\"https:\/\/dane.ac-bordeaux.fr\" target=\"_blank\" rel=\"noreferrer noopener\"><img loading=\"lazy\" decoding=\"async\" width=\"1024\" height=\"686\" src=\"https:\/\/ent2d.ac-bordeaux.fr\/disciplines\/stivoieproprovisoire\/wp-content\/uploads\/sites\/90\/2024\/09\/SRANE_2.png\" alt=\"\" class=\"wp-image-919 size-full\" srcset=\"https:\/\/ent2d.ac-bordeaux.fr\/disciplines\/sti-voie-pro\/wp-content\/uploads\/sites\/90\/2024\/09\/SRANE_2.png 1024w, https:\/\/ent2d.ac-bordeaux.fr\/disciplines\/sti-voie-pro\/wp-content\/uploads\/sites\/90\/2024\/09\/SRANE_2-300x201.png 300w, https:\/\/ent2d.ac-bordeaux.fr\/disciplines\/sti-voie-pro\/wp-content\/uploads\/sites\/90\/2024\/09\/SRANE_2-768x514.png 768w\" sizes=\"auto, (max-width: 1024px) 100vw, 1024px\" \/><\/a><\/figure><div class=\"wp-block-media-text__content\">\n<p><a href=\"https:\/\/dane.ac-bordeaux.fr\" data-type=\"link\" data-id=\"https:\/\/dane.ac-bordeaux.fr\" target=\"_blank\" rel=\"noreferrer noopener\"><strong>SRANE &#8211; Site de Bordeaux<\/strong><\/a><\/p>\n\n\n\n<p>Le&nbsp;<strong>service r\u00e9gional<\/strong>&nbsp;<strong>acad\u00e9mique<\/strong>&nbsp;<strong>du<\/strong>&nbsp;<strong>num\u00e9rique<\/strong>&nbsp;<strong>\u00e9ducatif<\/strong> accompagne les \u00e9tablissements scolaires dans le d\u00e9veloppement et l\u2019int\u00e9gration du&nbsp;<strong>num\u00e9rique<\/strong>&nbsp;dans les pratiques.<\/p>\n<\/div><\/div>\n\n\n\n<p><mark style=\"background-color:#ffffff\" class=\"has-inline-color has-white-color\">Saut de ligne<\/mark><\/p>\n\n\n\n<div class=\"wp-block-media-text is-stacked-on-mobile is-vertically-aligned-center\" style=\"grid-template-columns:27% auto\"><figure class=\"wp-block-media-text__media\"><a href=\"https:\/\/www.ac-bordeaux.fr\/europe-et-international-dareic-accueil-121798\" target=\"_blank\" rel=\"noreferrer noopener\"><img loading=\"lazy\" decoding=\"async\" width=\"1024\" height=\"677\" src=\"https:\/\/ent2d.ac-bordeaux.fr\/disciplines\/stivoieproprovisoire\/wp-content\/uploads\/sites\/90\/2024\/09\/DAREIC_2-1.png\" alt=\"\" class=\"wp-image-923 size-full\" srcset=\"https:\/\/ent2d.ac-bordeaux.fr\/disciplines\/sti-voie-pro\/wp-content\/uploads\/sites\/90\/2024\/09\/DAREIC_2-1.png 1024w, https:\/\/ent2d.ac-bordeaux.fr\/disciplines\/sti-voie-pro\/wp-content\/uploads\/sites\/90\/2024\/09\/DAREIC_2-1-300x198.png 300w, https:\/\/ent2d.ac-bordeaux.fr\/disciplines\/sti-voie-pro\/wp-content\/uploads\/sites\/90\/2024\/09\/DAREIC_2-1-768x508.png 768w\" sizes=\"auto, (max-width: 1024px) 100vw, 1024px\" \/><\/a><\/figure><div class=\"wp-block-media-text__content\">\n<p><a href=\"https:\/\/www.ac-bordeaux.fr\/europe-et-international-dareic-accueil-121798\" data-type=\"link\" data-id=\"https:\/\/www.ac-bordeaux.fr\/europe-et-international-dareic-accueil-121798\" target=\"_blank\" rel=\"noreferrer noopener\"><strong>DAREIC &#8211; Bordeaux<\/strong><\/a><\/p>\n\n\n\n<p>La <strong>D\u00e9l\u00e9gation Acad\u00e9mique aux Relations Europ\u00e9ennes et Internationales et \u00e0 la Coop\u00e9ration<\/strong> pilote la strat\u00e9gie europ\u00e9enne et internationale de l&rsquo;acad\u00e9mie.<\/p>\n\n\n\n<p>Le service accompagne les \u00e9tablissements scolaires et les personnels dans la mise en place de projets internationaux.<\/p>\n<\/div><\/div>\n","protected":false},"excerpt":{"rendered":"<p>Saut de ligne Retrouvez ci-dessous les diff\u00e9rents sites de l&rsquo;acad\u00e9mie de Bordeaux : Rectorat de Bordeaux Saut de ligne Corps<\/p>\n","protected":false},"author":1423,"featured_media":0,"parent":0,"menu_order":0,"comment_status":"closed","ping_status":"closed","template":"","meta":{"_bbp_topic_count":0,"_bbp_reply_count":0,"_bbp_total_topic_count":0,"_bbp_total_reply_count":0,"_bbp_voice_count":0,"_bbp_anonymous_reply_count":0,"_bbp_topic_count_hidden":0,"_bbp_reply_count_hidden":0,"_bbp_forum_subforum_count":0,"footnotes":""},"class_list":["post-243","page","type-page","status-publish","hentry"],"_links":{"self":[{"href":"https:\/\/ent2d.ac-bordeaux.fr\/disciplines\/sti-voie-pro\/wp-json\/wp\/v2\/pages\/243","targetHints":{"allow":["GET"]}}],"collection":[{"href":"https:\/\/ent2d.ac-bordeaux.fr\/disciplines\/sti-voie-pro\/wp-json\/wp\/v2\/pages"}],"about":[{"href":"https:\/\/ent2d.ac-bordeaux.fr\/disciplines\/sti-voie-pro\/wp-json\/wp\/v2\/types\/page"}],"author":[{"embeddable":true,"href":"https:\/\/ent2d.ac-bordeaux.fr\/disciplines\/sti-voie-pro\/wp-json\/wp\/v2\/users\/1423"}],"replies":[{"embeddable":true,"href":"https:\/\/ent2d.ac-bordeaux.fr\/disciplines\/sti-voie-pro\/wp-json\/wp\/v2\/comments?post=243"}],"version-history":[{"count":21,"href":"https:\/\/ent2d.ac-bordeaux.fr\/disciplines\/sti-voie-pro\/wp-json\/wp\/v2\/pages\/243\/revisions"}],"predecessor-version":[{"id":982,"href":"https:\/\/ent2d.ac-bordeaux.fr\/disciplines\/sti-voie-pro\/wp-json\/wp\/v2\/pages\/243\/revisions\/982"}],"wp:attachment":[{"href":"https:\/\/ent2d.ac-bordeaux.fr\/disciplines\/sti-voie-pro\/wp-json\/wp\/v2\/media?parent=243"}],"curies":[{"name":"wp","href":"https:\/\/api.w.org\/{rel}","templated":true}]}}