{"id":1503,"date":"2025-09-29T10:31:39","date_gmt":"2025-09-29T08:31:39","guid":{"rendered":"https:\/\/ent2d.ac-bordeaux.fr\/disciplines\/sti-voie-pro\/?page_id=1503"},"modified":"2025-09-29T10:31:39","modified_gmt":"2025-09-29T08:31:39","slug":"evoluer-vers-dautres-fonctions","status":"publish","type":"page","link":"https:\/\/ent2d.ac-bordeaux.fr\/disciplines\/sti-voie-pro\/evoluer-vers-dautres-fonctions\/","title":{"rendered":"\u00c9voluer vers d\u2019autres fonctions"},"content":{"rendered":"\n<p>Le service public : plus de 1000 m\u00e9tiers \u00e0 d\u00e9couvrir. Au-del\u00e0 des \u00e9volutions habituelles de l\u2019enseignants, le site choisir le service public propose des postes \u00e0 pourvoir dans et hors l\u2019\u00e9ducation nationale , en particulier :<\/p>\n\n\n\n<ul class=\"wp-block-list\">\n<li>Responsable du bureau des entreprises dont les missions sont les suivantes :<br>&#8211; met en place et anime les partenariats avec les acteurs du territoire<br>&#8211; met en \u0153uvre la relation \u00e9cole-entreprise dans les parcours de formation des apprenants ;<br>&#8211; organise les temps de formation en milieu professionnel : p\u00e9riode de formation en milieu professionnel (PFMP), stage et alternance<br><\/li>\n<\/ul>\n\n\n\n<p><\/p>\n\n\n\n<ul class=\"wp-block-list\">\n<li>Directeur op\u00e9rationnel des campus des m\u00e9tiers et des qualifications : Nomm\u00e9 par la Rectrice de r\u00e9gion acad\u00e9mique, le directeur op\u00e9rationnel du campus des m\u00e9tiers et des qualifications est notamment charg\u00e9 de mettre en \u0153uvre, en lien avec les partenaires, la strat\u00e9gie, les plans d&rsquo;actions et les actions de communication du CMQ et dans le cadre des objectifs partag\u00e9s dans le projet de l\u2019association de gouvernance dont il est membre.<\/li>\n<\/ul>\n\n\n\n<p><span style=\"text-decoration: underline\">Liens :<\/span><\/p>\n\n\n\n<p>Choisir le service public : <a href=\"https:\/\/choisirleservicepublic.gouv.fr\/\">https:\/\/choisirleservicepublic.gouv.fr\/<\/a><br><\/p>\n\n\n\n<p>RBDE : <a href=\"https:\/\/www.education.gouv.fr\/l-education-nationale-recrute-des-responsables-du-bureau-des-entreprises-en-lycee-professionnel-378053\">https:\/\/www.education.gouv.fr\/l-education-nationale-recrute-des-responsables-du-bureau-des-entreprises-en-lycee-professionnel-378053<\/a><br><\/p>\n\n\n\n<p>DO CMQ : <a href=\"https:\/\/www.education.gouv.fr\/les-campus-des-metiers-et-des-qualifications-5075\">https:\/\/www.education.gouv.fr\/les-campus-des-metiers-et-des-qualifications-5075<\/a><\/p>\n","protected":false},"excerpt":{"rendered":"<p>Le service public : plus de 1000 m\u00e9tiers \u00e0 d\u00e9couvrir. Au-del\u00e0 des \u00e9volutions habituelles de l\u2019enseignants, le site choisir le<\/p>\n","protected":false},"author":2852,"featured_media":0,"parent":0,"menu_order":0,"comment_status":"closed","ping_status":"closed","template":"","meta":{"_bbp_topic_count":0,"_bbp_reply_count":0,"_bbp_total_topic_count":0,"_bbp_total_reply_count":0,"_bbp_voice_count":0,"_bbp_anonymous_reply_count":0,"_bbp_topic_count_hidden":0,"_bbp_reply_count_hidden":0,"_bbp_forum_subforum_count":0,"footnotes":""},"class_list":["post-1503","page","type-page","status-publish","hentry"],"_links":{"self":[{"href":"https:\/\/ent2d.ac-bordeaux.fr\/disciplines\/sti-voie-pro\/wp-json\/wp\/v2\/pages\/1503","targetHints":{"allow":["GET"]}}],"collection":[{"href":"https:\/\/ent2d.ac-bordeaux.fr\/disciplines\/sti-voie-pro\/wp-json\/wp\/v2\/pages"}],"about":[{"href":"https:\/\/ent2d.ac-bordeaux.fr\/disciplines\/sti-voie-pro\/wp-json\/wp\/v2\/types\/page"}],"author":[{"embeddable":true,"href":"https:\/\/ent2d.ac-bordeaux.fr\/disciplines\/sti-voie-pro\/wp-json\/wp\/v2\/users\/2852"}],"replies":[{"embeddable":true,"href":"https:\/\/ent2d.ac-bordeaux.fr\/disciplines\/sti-voie-pro\/wp-json\/wp\/v2\/comments?post=1503"}],"version-history":[{"count":1,"href":"https:\/\/ent2d.ac-bordeaux.fr\/disciplines\/sti-voie-pro\/wp-json\/wp\/v2\/pages\/1503\/revisions"}],"predecessor-version":[{"id":1504,"href":"https:\/\/ent2d.ac-bordeaux.fr\/disciplines\/sti-voie-pro\/wp-json\/wp\/v2\/pages\/1503\/revisions\/1504"}],"wp:attachment":[{"href":"https:\/\/ent2d.ac-bordeaux.fr\/disciplines\/sti-voie-pro\/wp-json\/wp\/v2\/media?parent=1503"}],"curies":[{"name":"wp","href":"https:\/\/api.w.org\/{rel}","templated":true}]}}