{"id":1495,"date":"2025-09-29T10:08:06","date_gmt":"2025-09-29T08:08:06","guid":{"rendered":"https:\/\/ent2d.ac-bordeaux.fr\/disciplines\/sti-voie-pro\/?page_id=1495"},"modified":"2025-09-29T10:08:06","modified_gmt":"2025-09-29T08:08:06","slug":"caffa-certificat-daptitude-a-la-fonction-de-formateur-academique","status":"publish","type":"page","link":"https:\/\/ent2d.ac-bordeaux.fr\/disciplines\/sti-voie-pro\/caffa-certificat-daptitude-a-la-fonction-de-formateur-academique\/","title":{"rendered":"CAFFA : Certificat d\u2019aptitude \u00e0 la fonction de formateur acad\u00e9mique"},"content":{"rendered":"\n<p>La loi d&rsquo;orientation et de programmation pour la refondation de l&rsquo;\u00e9cole de la R\u00e9publique r\u00e9forme en profondeur la formation aux m\u00e9tiers du professorat et de l&rsquo;\u00e9ducation. <\/p>\n\n\n\n<p>Cette r\u00e9forme n\u00e9cessite la constitution d&rsquo;un r\u00e9seau dense d&rsquo;enseignants et de personnels d&rsquo;\u00e9ducation formateurs.<\/p>\n\n\n\n<p>La cr\u00e9ation d&rsquo;un certificat d&rsquo;aptitude aux fonctions de formateur acad\u00e9mique dans le second degr\u00e9 a pour objectif de d\u00e9velopper les comp\u00e9tences des formateurs en acad\u00e9mie tout en contribuant au rapprochement des cultures professionnelles des formateurs des deux degr\u00e9s.<br><\/p>\n\n\n\n<p>Inscription Formation<br><a href=\"https:\/\/www.ac-bordeaux.fr\/certificat-d-aptitude-aux-fonctions-de-formateur-academique-caffa-121621\">https:\/\/www.ac-bordeaux.fr\/certificat-d-aptitude-aux-fonctions-de-formateur-academique-caffa-121621<\/a><\/p>\n","protected":false},"excerpt":{"rendered":"<p>La loi d&rsquo;orientation et de programmation pour la refondation de l&rsquo;\u00e9cole de la R\u00e9publique r\u00e9forme en profondeur la formation aux<\/p>\n","protected":false},"author":2852,"featured_media":0,"parent":0,"menu_order":0,"comment_status":"closed","ping_status":"closed","template":"","meta":{"_bbp_topic_count":0,"_bbp_reply_count":0,"_bbp_total_topic_count":0,"_bbp_total_reply_count":0,"_bbp_voice_count":0,"_bbp_anonymous_reply_count":0,"_bbp_topic_count_hidden":0,"_bbp_reply_count_hidden":0,"_bbp_forum_subforum_count":0,"footnotes":""},"class_list":["post-1495","page","type-page","status-publish","hentry"],"_links":{"self":[{"href":"https:\/\/ent2d.ac-bordeaux.fr\/disciplines\/sti-voie-pro\/wp-json\/wp\/v2\/pages\/1495","targetHints":{"allow":["GET"]}}],"collection":[{"href":"https:\/\/ent2d.ac-bordeaux.fr\/disciplines\/sti-voie-pro\/wp-json\/wp\/v2\/pages"}],"about":[{"href":"https:\/\/ent2d.ac-bordeaux.fr\/disciplines\/sti-voie-pro\/wp-json\/wp\/v2\/types\/page"}],"author":[{"embeddable":true,"href":"https:\/\/ent2d.ac-bordeaux.fr\/disciplines\/sti-voie-pro\/wp-json\/wp\/v2\/users\/2852"}],"replies":[{"embeddable":true,"href":"https:\/\/ent2d.ac-bordeaux.fr\/disciplines\/sti-voie-pro\/wp-json\/wp\/v2\/comments?post=1495"}],"version-history":[{"count":1,"href":"https:\/\/ent2d.ac-bordeaux.fr\/disciplines\/sti-voie-pro\/wp-json\/wp\/v2\/pages\/1495\/revisions"}],"predecessor-version":[{"id":1496,"href":"https:\/\/ent2d.ac-bordeaux.fr\/disciplines\/sti-voie-pro\/wp-json\/wp\/v2\/pages\/1495\/revisions\/1496"}],"wp:attachment":[{"href":"https:\/\/ent2d.ac-bordeaux.fr\/disciplines\/sti-voie-pro\/wp-json\/wp\/v2\/media?parent=1495"}],"curies":[{"name":"wp","href":"https:\/\/api.w.org\/{rel}","templated":true}]}}