{"id":1228,"date":"2024-10-13T10:36:00","date_gmt":"2024-10-13T08:36:00","guid":{"rendered":"https:\/\/ent2d.ac-bordeaux.fr\/disciplines\/stivoieproprovisoire\/?page_id=1228"},"modified":"2024-10-13T10:40:01","modified_gmt":"2024-10-13T08:40:01","slug":"direction-de-levaluation-de-la-prospective-et-de-la-performance-depp","status":"publish","type":"page","link":"https:\/\/ent2d.ac-bordeaux.fr\/disciplines\/sti-voie-pro\/direction-de-levaluation-de-la-prospective-et-de-la-performance-depp\/","title":{"rendered":"Direction de l&rsquo;\u00e9valuation, de la prospective et de la performance (DEPP)"},"content":{"rendered":"\n<div style=\"height:100px\" aria-hidden=\"true\" class=\"wp-block-spacer\"><\/div>\n\n\n\n<div class=\"wp-block-media-text is-stacked-on-mobile\" style=\"grid-template-columns:15% auto\"><figure class=\"wp-block-media-text__media\"><img loading=\"lazy\" decoding=\"async\" width=\"500\" height=\"148\" src=\"https:\/\/ent2d.ac-bordeaux.fr\/disciplines\/stivoieproprovisoire\/wp-content\/uploads\/sites\/90\/2024\/08\/Depp_typogramme.png\" alt=\"\" class=\"wp-image-370 size-full\" srcset=\"https:\/\/ent2d.ac-bordeaux.fr\/disciplines\/sti-voie-pro\/wp-content\/uploads\/sites\/90\/2024\/08\/Depp_typogramme.png 500w, https:\/\/ent2d.ac-bordeaux.fr\/disciplines\/sti-voie-pro\/wp-content\/uploads\/sites\/90\/2024\/08\/Depp_typogramme-300x89.png 300w\" sizes=\"auto, (max-width: 500px) 100vw, 500px\" \/><\/figure><div class=\"wp-block-media-text__content\">\n<p><strong><a href=\"https:\/\/www.education.gouv.fr\/l-education-nationale-en-chiffres-edition-2024-414935\" target=\"_blank\" rel=\"noreferrer noopener\">L&rsquo;\u00e9ducation nationale en chiffres, \u00e9dition 2024<\/a><\/strong><\/p>\n\n\n\n<p>Cette synth\u00e8se des caract\u00e9ristiques et des tendances du syst\u00e8me \u00e9ducatif fran\u00e7ais pr\u00e9sente les principaux chiffres cl\u00e9s pour l\u2019ann\u00e9e scolaire en cours : population scolaire, effectifs d\u2019enseignants, co\u00fbt de l\u2019\u00e9ducation, part des secteurs public et priv\u00e9, dipl\u00f4mes d\u00e9livr\u00e9s, insertion professionnelle des jeunes.<\/p>\n<\/div><\/div>\n\n\n\n<div style=\"height:100px\" aria-hidden=\"true\" class=\"wp-block-spacer\"><\/div>\n\n\n\n<div class=\"wp-block-media-text is-stacked-on-mobile\" style=\"grid-template-columns:15% auto\"><figure class=\"wp-block-media-text__media\"><img loading=\"lazy\" decoding=\"async\" width=\"500\" height=\"148\" src=\"https:\/\/ent2d.ac-bordeaux.fr\/disciplines\/stivoieproprovisoire\/wp-content\/uploads\/sites\/90\/2024\/08\/Depp_typogramme.png\" alt=\"\" class=\"wp-image-370 size-full\" srcset=\"https:\/\/ent2d.ac-bordeaux.fr\/disciplines\/sti-voie-pro\/wp-content\/uploads\/sites\/90\/2024\/08\/Depp_typogramme.png 500w, https:\/\/ent2d.ac-bordeaux.fr\/disciplines\/sti-voie-pro\/wp-content\/uploads\/sites\/90\/2024\/08\/Depp_typogramme-300x89.png 300w\" sizes=\"auto, (max-width: 500px) 100vw, 500px\" \/><\/figure><div class=\"wp-block-media-text__content\">\n<p><strong><a href=\"https:\/\/www.education.gouv.fr\/reperes-et-references-statistiques-2024-414953\" target=\"_blank\" rel=\"noreferrer noopener\">Rep\u00e8res et r\u00e9f\u00e9rences statistiques 2024<\/a><\/strong><\/p>\n\n\n\n<p><em><strong>Rep\u00e8res et r\u00e9f\u00e9rences statistiques<\/strong><\/em>&nbsp;(RERS)&nbsp;fournit, en un seul volume et \u00e0 travers 195 fiches, toute l\u2019information statistique disponible sur le fonctionnement et les r\u00e9sultats du syst\u00e8me \u00e9ducatif fran\u00e7ais (\u00e9l\u00e8ves, apprentis et \u00e9tudiants, r\u00e9sultats, dipl\u00f4mes, insertion, personnels de l&rsquo;\u00e9ducation, \u00e9tablissements scolaires, budget de l&rsquo;\u00e9ducation, enseignement en outre-mer).<\/p>\n<\/div><\/div>\n\n\n\n<div style=\"height:100px\" aria-hidden=\"true\" class=\"wp-block-spacer\"><\/div>\n\n\n\n<div class=\"wp-block-media-text is-stacked-on-mobile\" style=\"grid-template-columns:15% auto\"><figure class=\"wp-block-media-text__media\"><img loading=\"lazy\" decoding=\"async\" width=\"500\" height=\"148\" src=\"https:\/\/ent2d.ac-bordeaux.fr\/disciplines\/stivoieproprovisoire\/wp-content\/uploads\/sites\/90\/2024\/08\/Depp_typogramme.png\" alt=\"\" class=\"wp-image-370 size-full\" srcset=\"https:\/\/ent2d.ac-bordeaux.fr\/disciplines\/sti-voie-pro\/wp-content\/uploads\/sites\/90\/2024\/08\/Depp_typogramme.png 500w, https:\/\/ent2d.ac-bordeaux.fr\/disciplines\/sti-voie-pro\/wp-content\/uploads\/sites\/90\/2024\/08\/Depp_typogramme-300x89.png 300w\" sizes=\"auto, (max-width: 500px) 100vw, 500px\" \/><\/figure><div class=\"wp-block-media-text__content\">\n<p>N\u00b024.34 &#8211; Ao\u00fbt 2024<\/p>\n\n\n\n<p><a href=\"https:\/\/www.education.gouv.fr\/les-filles-moins-confiantes-que-les-garcons-concernant-l-annee-venir-et-leurs-performances-notamment-414950\" target=\"_blank\" rel=\"noreferrer noopener\">Les filles moins confiantes que les gar\u00e7ons concernant l\u2019ann\u00e9e \u00e0 venir et leurs performances, notamment en math\u00e9matiques<\/a><\/p>\n<\/div><\/div>\n","protected":false},"excerpt":{"rendered":"<p>L&rsquo;\u00e9ducation nationale en chiffres, \u00e9dition 2024 Cette synth\u00e8se des caract\u00e9ristiques et des tendances du syst\u00e8me \u00e9ducatif fran\u00e7ais pr\u00e9sente les principaux<\/p>\n","protected":false},"author":1423,"featured_media":0,"parent":0,"menu_order":0,"comment_status":"closed","ping_status":"closed","template":"","meta":{"_bbp_topic_count":0,"_bbp_reply_count":0,"_bbp_total_topic_count":0,"_bbp_total_reply_count":0,"_bbp_voice_count":0,"_bbp_anonymous_reply_count":0,"_bbp_topic_count_hidden":0,"_bbp_reply_count_hidden":0,"_bbp_forum_subforum_count":0,"footnotes":""},"class_list":["post-1228","page","type-page","status-publish","hentry"],"_links":{"self":[{"href":"https:\/\/ent2d.ac-bordeaux.fr\/disciplines\/sti-voie-pro\/wp-json\/wp\/v2\/pages\/1228","targetHints":{"allow":["GET"]}}],"collection":[{"href":"https:\/\/ent2d.ac-bordeaux.fr\/disciplines\/sti-voie-pro\/wp-json\/wp\/v2\/pages"}],"about":[{"href":"https:\/\/ent2d.ac-bordeaux.fr\/disciplines\/sti-voie-pro\/wp-json\/wp\/v2\/types\/page"}],"author":[{"embeddable":true,"href":"https:\/\/ent2d.ac-bordeaux.fr\/disciplines\/sti-voie-pro\/wp-json\/wp\/v2\/users\/1423"}],"replies":[{"embeddable":true,"href":"https:\/\/ent2d.ac-bordeaux.fr\/disciplines\/sti-voie-pro\/wp-json\/wp\/v2\/comments?post=1228"}],"version-history":[{"count":2,"href":"https:\/\/ent2d.ac-bordeaux.fr\/disciplines\/sti-voie-pro\/wp-json\/wp\/v2\/pages\/1228\/revisions"}],"predecessor-version":[{"id":1233,"href":"https:\/\/ent2d.ac-bordeaux.fr\/disciplines\/sti-voie-pro\/wp-json\/wp\/v2\/pages\/1228\/revisions\/1233"}],"wp:attachment":[{"href":"https:\/\/ent2d.ac-bordeaux.fr\/disciplines\/sti-voie-pro\/wp-json\/wp\/v2\/media?parent=1228"}],"curies":[{"name":"wp","href":"https:\/\/api.w.org\/{rel}","templated":true}]}}