{"id":5270,"date":"2018-02-09T18:10:22","date_gmt":"2018-02-09T17:10:22","guid":{"rendered":"https:\/\/ent2d.ac-bordeaux.fr\/disciplines\/sti\/?page_id=5270"},"modified":"2018-02-09T18:10:22","modified_gmt":"2018-02-09T17:10:22","slug":"apprendre-a-utiliser-le-module-simscape","status":"publish","type":"page","link":"https:\/\/ent2d.ac-bordeaux.fr\/disciplines\/sti-lycee\/apprendre-a-utiliser-le-module-simscape\/","title":{"rendered":"Apprendre \u00e0 utiliser le module \u00ab\u00a0Simscape\u00a0\u00bb"},"content":{"rendered":"<h2><strong>Pr\u00e9ambule :<\/strong><\/h2>\n<p>&nbsp;<\/p>\n<p>La vid\u00e9o propos\u00e9e permet d&rsquo;utiliser Simscape pour la cr\u00e9ation d&rsquo;un mod\u00e8le simple dans une approche de d\u00e9couverte qui sera plus tard approfondie sur un syst\u00e8me grand public.<\/p>\n<p>Les \u00e9tapes sont d\u00e9crites pas \u00e0 pas pour un apprentissage progressif. Cette premi\u00e8re vid\u00e9o n&rsquo;utilise certainement pas toutes les fonctionnalit\u00e9s de Simscape mais permettra d\u2019en percevoir l\u2019\u00e9tendue. Les vid\u00e9os qui suivront\u00a0 approfondiront les connaissances dans ce domaine.<\/p>\n<p>L&rsquo;objectif est d\u2019appr\u00e9hender de mani\u00e8re simple la mani\u00e8re de concevoir un mod\u00e8le avec Simscape avec un exemple concret dans le domaine des Sciences Industrielles de l&rsquo;Ing\u00e9nieur.<\/p>\n<p>&nbsp;<\/p>\n<hr \/>\n<p><strong>T\u00e9l\u00e9chargements : Vid\u00e9o<br \/>\n<\/strong><\/p>\n<p>&nbsp;<\/p>\n<table border=\"0\" cellspacing=\"1\" cellpadding=\"1\">\n<tbody>\n<tr>\n<td><a href=\"https:\/\/ent2d.ac-bordeaux.fr\/mediacad\/pr\/media\/display\/m\/12949\/e\/mp4\/d\/d\" target=\"_blank\" rel=\"noopener\"><img loading=\"lazy\" decoding=\"async\" class=\"alignleft wp-image-38\" src=\"https:\/\/ent2d.ac-bordeaux.fr\/disciplines\/sti\/wp-content\/uploads\/sites\/41\/2015\/03\/logoVideo2.jpg\" alt=\"logoVideo2\" width=\"50\" height=\"51\" \/><\/a><\/p>\n<p>&nbsp;<\/p>\n<p>Format vid\u00e9o Mp4<\/td>\n<td><a href=\"https:\/\/ent2d.ac-bordeaux.fr\/mediacad\/pr\/media\/display\/m\/12949\/e\/webm\/d\/d\" target=\"_blank\" rel=\"noopener\"><img loading=\"lazy\" decoding=\"async\" class=\"alignleft wp-image-296\" src=\"https:\/\/ent2d.ac-bordeaux.fr\/disciplines\/sti\/wp-content\/uploads\/sites\/41\/2015\/03\/logoWebM2.jpg\" alt=\"logoWebM2\" width=\"50\" height=\"51\" \/><\/a><\/p>\n<p>&nbsp;<\/p>\n<p>Format Web-M<\/td>\n<\/tr>\n<\/tbody>\n<\/table>\n<hr \/>\n<div><div><iframe loading=\"lazy\" frameborder=\"0\" width=\"770\" height=\"483.54838709677\" src=\"https:\/\/ent2d.ac-bordeaux.fr\/mediacad\/m\/12949\/d\/i\" webkitAllowFullScreen=\"true\" mozallowfullscreen=\"true\" allowFullScreen=\"true\" ><\/iframe><\/div><\/div>\n<hr \/>\n<p>&nbsp;<\/p>\n","protected":false},"excerpt":{"rendered":"<p>Pr\u00e9ambule : &nbsp; La vid\u00e9o propos\u00e9e permet d&rsquo;utiliser Simscape pour la cr\u00e9ation d&rsquo;un mod\u00e8le simple dans une approche de d\u00e9couverte<\/p>\n","protected":false},"author":222,"featured_media":0,"parent":0,"menu_order":0,"comment_status":"closed","ping_status":"closed","template":"","meta":{"_bbp_topic_count":0,"_bbp_reply_count":0,"_bbp_total_topic_count":0,"_bbp_total_reply_count":0,"_bbp_voice_count":0,"_bbp_anonymous_reply_count":0,"_bbp_topic_count_hidden":0,"_bbp_reply_count_hidden":0,"_bbp_forum_subforum_count":0,"footnotes":""},"class_list":["post-5270","page","type-page","status-publish","hentry"],"_links":{"self":[{"href":"https:\/\/ent2d.ac-bordeaux.fr\/disciplines\/sti-lycee\/wp-json\/wp\/v2\/pages\/5270","targetHints":{"allow":["GET"]}}],"collection":[{"href":"https:\/\/ent2d.ac-bordeaux.fr\/disciplines\/sti-lycee\/wp-json\/wp\/v2\/pages"}],"about":[{"href":"https:\/\/ent2d.ac-bordeaux.fr\/disciplines\/sti-lycee\/wp-json\/wp\/v2\/types\/page"}],"author":[{"embeddable":true,"href":"https:\/\/ent2d.ac-bordeaux.fr\/disciplines\/sti-lycee\/wp-json\/wp\/v2\/users\/222"}],"replies":[{"embeddable":true,"href":"https:\/\/ent2d.ac-bordeaux.fr\/disciplines\/sti-lycee\/wp-json\/wp\/v2\/comments?post=5270"}],"version-history":[{"count":0,"href":"https:\/\/ent2d.ac-bordeaux.fr\/disciplines\/sti-lycee\/wp-json\/wp\/v2\/pages\/5270\/revisions"}],"wp:attachment":[{"href":"https:\/\/ent2d.ac-bordeaux.fr\/disciplines\/sti-lycee\/wp-json\/wp\/v2\/media?parent=5270"}],"curies":[{"name":"wp","href":"https:\/\/api.w.org\/{rel}","templated":true}]}}