{"id":5143,"date":"2017-09-24T21:35:14","date_gmt":"2017-09-24T19:35:14","guid":{"rendered":"https:\/\/ent2d.ac-bordeaux.fr\/disciplines\/sti\/?page_id=5143"},"modified":"2017-09-24T21:35:14","modified_gmt":"2017-09-24T19:35:14","slug":"liste-par-nom-des-videos-contenues-dans-les-ressources-lycee","status":"publish","type":"page","link":"https:\/\/ent2d.ac-bordeaux.fr\/disciplines\/sti-lycee\/liste-par-nom-des-videos-contenues-dans-les-ressources-lycee\/","title":{"rendered":"Liste par nom des vid\u00e9os contenues dans les ressources Lyc\u00e9e"},"content":{"rendered":"<h2><strong><span style=\"text-decoration: underline\">Pr\u00e9ambule:<\/span><\/strong><\/h2>\n<p>&nbsp;<\/p>\n<p style=\"padding-left: 30px\">Toutes les vid\u00e9os qui se trouvent dans cette rubrique sont utilis\u00e9es dans l&rsquo;acad\u00e9mie de bordeaux r\u00e9gion nouvelle aquitaine, comme ressources pour l&rsquo;acquisition des comp\u00e9tences du programme des Sciences industriel de l&rsquo;ing\u00e9nieur au niveau du tronc commun (cf onglets par comp\u00e9tences du menu \u00ab\u00a0Ressources lyc\u00e9e\u00a0\u00bb) et au-del\u00e0.<em> Certaines vid\u00e9os sont en version \u00ab\u00a0b\u00e9ta\u00a0\u00bb, la mise \u00e0 jour se fera en continu<\/em>.<\/p>\n<div><\/div>\n<div><\/div>\n<table style=\"height: 176px;width: 770px\">\n<tbody>\n<tr>\n<td style=\"width: 337.483px;text-align: center\">\n<div><a href=\"https:\/\/ent2d.ac-bordeaux.fr\/disciplines\/sti\/sti2d\/tc\/1-1-2-cycle-de-vie-dun-produit\/\"><img loading=\"lazy\" decoding=\"async\" class=\"aligncenter wp-image-5144\" src=\"https:\/\/ent2d.ac-bordeaux.fr\/disciplines\/sti\/wp-content\/uploads\/sites\/41\/2017\/09\/A_5828-300x142.png\" alt=\"\" width=\"350\" height=\"166\" srcset=\"https:\/\/ent2d.ac-bordeaux.fr\/disciplines\/sti-lycee\/wp-content\/uploads\/sites\/64\/2017\/09\/A_5828-300x142.png 300w, https:\/\/ent2d.ac-bordeaux.fr\/disciplines\/sti-lycee\/wp-content\/uploads\/sites\/64\/2017\/09\/A_5828-768x364.png 768w, https:\/\/ent2d.ac-bordeaux.fr\/disciplines\/sti-lycee\/wp-content\/uploads\/sites\/64\/2017\/09\/A_5828-1024x485.png 1024w, https:\/\/ent2d.ac-bordeaux.fr\/disciplines\/sti-lycee\/wp-content\/uploads\/sites\/64\/2017\/09\/A_5828.png 1140w\" sizes=\"auto, (max-width: 350px) 100vw, 350px\" \/><\/a><\/div>\n<\/td>\n<td style=\"width: 340.517px\"><a href=\"https:\/\/ent2d.ac-bordeaux.fr\/disciplines\/sti\/sti2d\/tc\/1-2-1-etapes-de-la-demarche-de-conception\/\"><img loading=\"lazy\" decoding=\"async\" class=\"aligncenter wp-image-5145\" src=\"https:\/\/ent2d.ac-bordeaux.fr\/disciplines\/sti\/wp-content\/uploads\/sites\/41\/2017\/09\/B_8388-300x142.png\" alt=\"\" width=\"350\" height=\"166\" srcset=\"https:\/\/ent2d.ac-bordeaux.fr\/disciplines\/sti-lycee\/wp-content\/uploads\/sites\/64\/2017\/09\/B_8388-300x142.png 300w, https:\/\/ent2d.ac-bordeaux.fr\/disciplines\/sti-lycee\/wp-content\/uploads\/sites\/64\/2017\/09\/B_8388-768x365.png 768w, https:\/\/ent2d.ac-bordeaux.fr\/disciplines\/sti-lycee\/wp-content\/uploads\/sites\/64\/2017\/09\/B_8388-1024x486.png 1024w, https:\/\/ent2d.ac-bordeaux.fr\/disciplines\/sti-lycee\/wp-content\/uploads\/sites\/64\/2017\/09\/B_8388.png 1139w\" sizes=\"auto, (max-width: 350px) 100vw, 350px\" \/><\/a><\/td>\n<\/tr>\n<tr>\n<td style=\"width: 337.483px;text-align: center\"><a href=\"https:\/\/ent2d.ac-bordeaux.fr\/disciplines\/sti\/sti2d\/tc\/2-1-1-organisation-fonctionnelle-dune-chaine-denergie\/\"><img loading=\"lazy\" decoding=\"async\" class=\"aligncenter wp-image-5146\" src=\"https:\/\/ent2d.ac-bordeaux.fr\/disciplines\/sti\/wp-content\/uploads\/sites\/41\/2017\/09\/C_4231-300x142.png\" alt=\"\" width=\"350\" height=\"166\" srcset=\"https:\/\/ent2d.ac-bordeaux.fr\/disciplines\/sti-lycee\/wp-content\/uploads\/sites\/64\/2017\/09\/C_4231-300x142.png 300w, https:\/\/ent2d.ac-bordeaux.fr\/disciplines\/sti-lycee\/wp-content\/uploads\/sites\/64\/2017\/09\/C_4231-768x363.png 768w, https:\/\/ent2d.ac-bordeaux.fr\/disciplines\/sti-lycee\/wp-content\/uploads\/sites\/64\/2017\/09\/C_4231-1024x484.png 1024w, https:\/\/ent2d.ac-bordeaux.fr\/disciplines\/sti-lycee\/wp-content\/uploads\/sites\/64\/2017\/09\/C_4231.png 1140w\" sizes=\"auto, (max-width: 350px) 100vw, 350px\" \/><\/a><\/td>\n<td style=\"width: 340.517px;text-align: center\"><a href=\"https:\/\/ent2d.ac-bordeaux.fr\/disciplines\/sti\/sti2d\/tc\/2-2-2-representations-symboliques\/\"><img loading=\"lazy\" decoding=\"async\" class=\"aligncenter wp-image-5147\" src=\"https:\/\/ent2d.ac-bordeaux.fr\/disciplines\/sti\/wp-content\/uploads\/sites\/41\/2017\/09\/D_6640-300x142.png\" alt=\"\" width=\"350\" height=\"166\" srcset=\"https:\/\/ent2d.ac-bordeaux.fr\/disciplines\/sti-lycee\/wp-content\/uploads\/sites\/64\/2017\/09\/D_6640-300x142.png 300w, https:\/\/ent2d.ac-bordeaux.fr\/disciplines\/sti-lycee\/wp-content\/uploads\/sites\/64\/2017\/09\/D_6640-768x363.png 768w, https:\/\/ent2d.ac-bordeaux.fr\/disciplines\/sti-lycee\/wp-content\/uploads\/sites\/64\/2017\/09\/D_6640-1024x485.png 1024w, https:\/\/ent2d.ac-bordeaux.fr\/disciplines\/sti-lycee\/wp-content\/uploads\/sites\/64\/2017\/09\/D_6640.png 1139w\" sizes=\"auto, (max-width: 350px) 100vw, 350px\" \/><\/a><\/td>\n<\/tr>\n<tr>\n<td style=\"width: 337.483px;text-align: center\"><a href=\"https:\/\/ent2d.ac-bordeaux.fr\/disciplines\/sti\/sti2d\/tc\/2-2-2-representations-symboliques\/\"><img loading=\"lazy\" decoding=\"async\" class=\"alignnone wp-image-5148\" src=\"https:\/\/ent2d.ac-bordeaux.fr\/disciplines\/sti\/wp-content\/uploads\/sites\/41\/2017\/09\/E_9104-300x143.png\" alt=\"\" width=\"350\" height=\"166\" srcset=\"https:\/\/ent2d.ac-bordeaux.fr\/disciplines\/sti-lycee\/wp-content\/uploads\/sites\/64\/2017\/09\/E_9104-300x143.png 300w, https:\/\/ent2d.ac-bordeaux.fr\/disciplines\/sti-lycee\/wp-content\/uploads\/sites\/64\/2017\/09\/E_9104-768x366.png 768w, https:\/\/ent2d.ac-bordeaux.fr\/disciplines\/sti-lycee\/wp-content\/uploads\/sites\/64\/2017\/09\/E_9104-1024x489.png 1024w, https:\/\/ent2d.ac-bordeaux.fr\/disciplines\/sti-lycee\/wp-content\/uploads\/sites\/64\/2017\/09\/E_9104.png 1140w\" sizes=\"auto, (max-width: 350px) 100vw, 350px\" \/><\/a><\/td>\n<td style=\"width: 340.517px;text-align: center\"><a href=\"https:\/\/ent2d.ac-bordeaux.fr\/disciplines\/sti\/sti2d\/tc\/2-2-2-representations-symboliques\/\"><img loading=\"lazy\" decoding=\"async\" class=\"alignnone wp-image-5744\" src=\"https:\/\/ent2d.ac-bordeaux.fr\/disciplines\/sti\/wp-content\/uploads\/sites\/41\/2017\/09\/F_7689-300x128.png\" alt=\"\" width=\"350\" height=\"166\" \/><\/a><\/td>\n<\/tr>\n<tr>\n<td style=\"width: 337.483px;text-align: center\"><a href=\"https:\/\/ent2d.ac-bordeaux.fr\/disciplines\/sti\/sti2d\/tc\/2-3-1-modeles-de-comportement\/\"><img loading=\"lazy\" decoding=\"async\" class=\"alignnone wp-image-5745\" src=\"https:\/\/ent2d.ac-bordeaux.fr\/disciplines\/sti\/wp-content\/uploads\/sites\/41\/2017\/09\/G_11-119-300x169.png\" alt=\"\" width=\"350\" height=\"166\" \/><\/a><\/td>\n<td style=\"width: 340.517px;text-align: center\"><a href=\"https:\/\/ent2d.ac-bordeaux.fr\/disciplines\/sti\/sti2d\/tc\/2-3-2-comportement-des-materiaux\/\"><img loading=\"lazy\" decoding=\"async\" class=\"alignnone wp-image-5149\" src=\"https:\/\/ent2d.ac-bordeaux.fr\/disciplines\/sti\/wp-content\/uploads\/sites\/41\/2017\/09\/F_8373-300x142.png\" alt=\"\" width=\"350\" height=\"166\" srcset=\"https:\/\/ent2d.ac-bordeaux.fr\/disciplines\/sti-lycee\/wp-content\/uploads\/sites\/64\/2017\/09\/F_8373-300x142.png 300w, https:\/\/ent2d.ac-bordeaux.fr\/disciplines\/sti-lycee\/wp-content\/uploads\/sites\/64\/2017\/09\/F_8373-768x363.png 768w, https:\/\/ent2d.ac-bordeaux.fr\/disciplines\/sti-lycee\/wp-content\/uploads\/sites\/64\/2017\/09\/F_8373-1024x485.png 1024w, https:\/\/ent2d.ac-bordeaux.fr\/disciplines\/sti-lycee\/wp-content\/uploads\/sites\/64\/2017\/09\/F_8373.png 1139w\" sizes=\"auto, (max-width: 350px) 100vw, 350px\" \/><\/a><\/td>\n<\/tr>\n<tr>\n<td style=\"width: 337.483px;text-align: center\"><a href=\"https:\/\/ent2d.ac-bordeaux.fr\/disciplines\/sti\/sti2d\/tc\/2-3-2-comportement-des-materiaux\/\"><img loading=\"lazy\" decoding=\"async\" class=\"alignnone wp-image-5150\" src=\"https:\/\/ent2d.ac-bordeaux.fr\/disciplines\/sti\/wp-content\/uploads\/sites\/41\/2017\/09\/G_6276-300x151.png\" alt=\"\" width=\"350\" height=\"166\" \/><\/a><\/td>\n<td style=\"width: 340.517px;text-align: center\"><a href=\"https:\/\/ent2d.ac-bordeaux.fr\/disciplines\/sti\/sti2d\/tc\/2-3-3-comportement-mecanique-des-systemes\/\"><img loading=\"lazy\" decoding=\"async\" class=\"alignnone wp-image-5151\" src=\"https:\/\/ent2d.ac-bordeaux.fr\/disciplines\/sti\/wp-content\/uploads\/sites\/41\/2017\/09\/H_7429-300x142.png\" alt=\"\" width=\"350\" height=\"166\" srcset=\"https:\/\/ent2d.ac-bordeaux.fr\/disciplines\/sti-lycee\/wp-content\/uploads\/sites\/64\/2017\/09\/H_7429-300x142.png 300w, https:\/\/ent2d.ac-bordeaux.fr\/disciplines\/sti-lycee\/wp-content\/uploads\/sites\/64\/2017\/09\/H_7429-768x364.png 768w, https:\/\/ent2d.ac-bordeaux.fr\/disciplines\/sti-lycee\/wp-content\/uploads\/sites\/64\/2017\/09\/H_7429-1024x486.png 1024w, https:\/\/ent2d.ac-bordeaux.fr\/disciplines\/sti-lycee\/wp-content\/uploads\/sites\/64\/2017\/09\/H_7429.png 1140w\" sizes=\"auto, (max-width: 350px) 100vw, 350px\" \/><\/a><\/td>\n<\/tr>\n<tr>\n<td style=\"width: 337.483px;text-align: center\"><a href=\"https:\/\/ent2d.ac-bordeaux.fr\/disciplines\/sti\/sti2d\/tc\/2-3-3-comportement-mecanique-des-systemes\/\"><img loading=\"lazy\" decoding=\"async\" class=\"alignnone wp-image-5746\" src=\"https:\/\/ent2d.ac-bordeaux.fr\/disciplines\/sti\/wp-content\/uploads\/sites\/41\/2017\/09\/K_3068-300x142.png\" alt=\"\" width=\"350\" height=\"166\" srcset=\"https:\/\/ent2d.ac-bordeaux.fr\/disciplines\/sti-lycee\/wp-content\/uploads\/sites\/64\/2017\/09\/K_3068-300x142.png 300w, https:\/\/ent2d.ac-bordeaux.fr\/disciplines\/sti-lycee\/wp-content\/uploads\/sites\/64\/2017\/09\/K_3068-768x364.png 768w, https:\/\/ent2d.ac-bordeaux.fr\/disciplines\/sti-lycee\/wp-content\/uploads\/sites\/64\/2017\/09\/K_3068-1024x486.png 1024w, https:\/\/ent2d.ac-bordeaux.fr\/disciplines\/sti-lycee\/wp-content\/uploads\/sites\/64\/2017\/09\/K_3068.png 1138w\" sizes=\"auto, (max-width: 350px) 100vw, 350px\" \/><\/a><\/td>\n<td style=\"width: 340.517px;text-align: center\"><a href=\"https:\/\/ent2d.ac-bordeaux.fr\/disciplines\/sti\/sti2d\/tc\/2-3-3-comportement-mecanique-des-systemes\/\"><img loading=\"lazy\" decoding=\"async\" class=\"alignnone wp-image-5747\" src=\"https:\/\/ent2d.ac-bordeaux.fr\/disciplines\/sti\/wp-content\/uploads\/sites\/41\/2017\/09\/L_3069-300x143.png\" alt=\"\" width=\"350\" height=\"166\" srcset=\"https:\/\/ent2d.ac-bordeaux.fr\/disciplines\/sti-lycee\/wp-content\/uploads\/sites\/64\/2017\/09\/L_3069-300x143.png 300w, https:\/\/ent2d.ac-bordeaux.fr\/disciplines\/sti-lycee\/wp-content\/uploads\/sites\/64\/2017\/09\/L_3069-768x365.png 768w, https:\/\/ent2d.ac-bordeaux.fr\/disciplines\/sti-lycee\/wp-content\/uploads\/sites\/64\/2017\/09\/L_3069-1024x487.png 1024w, https:\/\/ent2d.ac-bordeaux.fr\/disciplines\/sti-lycee\/wp-content\/uploads\/sites\/64\/2017\/09\/L_3069.png 1139w\" sizes=\"auto, (max-width: 350px) 100vw, 350px\" \/><\/a><\/td>\n<\/tr>\n<tr>\n<td style=\"width: 337.483px;text-align: center\"><a href=\"https:\/\/ent2d.ac-bordeaux.fr\/disciplines\/sti\/sti2d\/tc\/2-3-3-comportement-mecanique-des-systemes\/\"><img loading=\"lazy\" decoding=\"async\" class=\"alignnone wp-image-5749\" src=\"https:\/\/ent2d.ac-bordeaux.fr\/disciplines\/sti\/wp-content\/uploads\/sites\/41\/2017\/09\/M_4428-1-300x142.png\" alt=\"\" width=\"350\" height=\"166\" srcset=\"https:\/\/ent2d.ac-bordeaux.fr\/disciplines\/sti-lycee\/wp-content\/uploads\/sites\/64\/2017\/09\/M_4428-1-300x142.png 300w, https:\/\/ent2d.ac-bordeaux.fr\/disciplines\/sti-lycee\/wp-content\/uploads\/sites\/64\/2017\/09\/M_4428-1-768x365.png 768w, https:\/\/ent2d.ac-bordeaux.fr\/disciplines\/sti-lycee\/wp-content\/uploads\/sites\/64\/2017\/09\/M_4428-1-1024x486.png 1024w, https:\/\/ent2d.ac-bordeaux.fr\/disciplines\/sti-lycee\/wp-content\/uploads\/sites\/64\/2017\/09\/M_4428-1.png 1139w\" sizes=\"auto, (max-width: 350px) 100vw, 350px\" \/><\/a><\/td>\n<td style=\"width: 340.517px;text-align: center\"><a href=\"https:\/\/ent2d.ac-bordeaux.fr\/disciplines\/sti\/sti2d\/tc\/2-3-3-comportement-mecanique-des-systemes\/\"><img loading=\"lazy\" decoding=\"async\" class=\"alignnone wp-image-5750\" src=\"https:\/\/ent2d.ac-bordeaux.fr\/disciplines\/sti\/wp-content\/uploads\/sites\/41\/2017\/09\/N_5863-300x151.png\" alt=\"\" width=\"350\" height=\"166\" \/><\/a><\/td>\n<\/tr>\n<tr>\n<td style=\"width: 337.483px;text-align: center\"><a href=\"https:\/\/ent2d.ac-bordeaux.fr\/disciplines\/sti\/sti2d\/tc\/2-3-4-structures-porteuses\/\"><img loading=\"lazy\" decoding=\"async\" class=\"alignnone wp-image-5154\" src=\"https:\/\/ent2d.ac-bordeaux.fr\/disciplines\/sti\/wp-content\/uploads\/sites\/41\/2017\/09\/I_6704-300x142.png\" alt=\"\" width=\"350\" height=\"166\" srcset=\"https:\/\/ent2d.ac-bordeaux.fr\/disciplines\/sti-lycee\/wp-content\/uploads\/sites\/64\/2017\/09\/I_6704-300x142.png 300w, https:\/\/ent2d.ac-bordeaux.fr\/disciplines\/sti-lycee\/wp-content\/uploads\/sites\/64\/2017\/09\/I_6704-768x365.png 768w, https:\/\/ent2d.ac-bordeaux.fr\/disciplines\/sti-lycee\/wp-content\/uploads\/sites\/64\/2017\/09\/I_6704-1024x486.png 1024w, https:\/\/ent2d.ac-bordeaux.fr\/disciplines\/sti-lycee\/wp-content\/uploads\/sites\/64\/2017\/09\/I_6704.png 1139w\" sizes=\"auto, (max-width: 350px) 100vw, 350px\" \/><\/a><\/td>\n<td style=\"width: 340.517px;text-align: center\"><a href=\"https:\/\/ent2d.ac-bordeaux.fr\/disciplines\/sti\/sti2d\/tc\/3-1-4-traitement-de-linformation\/\"><img loading=\"lazy\" decoding=\"async\" class=\"alignnone wp-image-5155\" src=\"https:\/\/ent2d.ac-bordeaux.fr\/disciplines\/sti\/wp-content\/uploads\/sites\/41\/2017\/09\/J_3164-300x142.png\" alt=\"\" width=\"350\" height=\"166\" srcset=\"https:\/\/ent2d.ac-bordeaux.fr\/disciplines\/sti-lycee\/wp-content\/uploads\/sites\/64\/2017\/09\/J_3164-300x142.png 300w, https:\/\/ent2d.ac-bordeaux.fr\/disciplines\/sti-lycee\/wp-content\/uploads\/sites\/64\/2017\/09\/J_3164-768x364.png 768w, https:\/\/ent2d.ac-bordeaux.fr\/disciplines\/sti-lycee\/wp-content\/uploads\/sites\/64\/2017\/09\/J_3164-1024x485.png 1024w, https:\/\/ent2d.ac-bordeaux.fr\/disciplines\/sti-lycee\/wp-content\/uploads\/sites\/64\/2017\/09\/J_3164.png 1139w\" sizes=\"auto, (max-width: 350px) 100vw, 350px\" \/><\/a><\/td>\n<\/tr>\n<tr>\n<td style=\"width: 337.483px;text-align: center\"><a href=\"https:\/\/ent2d.ac-bordeaux.fr\/disciplines\/sti\/sti2d\/tc\/3-1-4-traitement-de-linformation\/\"><img loading=\"lazy\" decoding=\"async\" class=\"alignnone wp-image-5156\" src=\"https:\/\/ent2d.ac-bordeaux.fr\/disciplines\/sti\/wp-content\/uploads\/sites\/41\/2017\/09\/K_3165-300x142.png\" alt=\"\" width=\"350\" height=\"166\" srcset=\"https:\/\/ent2d.ac-bordeaux.fr\/disciplines\/sti-lycee\/wp-content\/uploads\/sites\/64\/2017\/09\/K_3165-300x142.png 300w, https:\/\/ent2d.ac-bordeaux.fr\/disciplines\/sti-lycee\/wp-content\/uploads\/sites\/64\/2017\/09\/K_3165-768x363.png 768w, https:\/\/ent2d.ac-bordeaux.fr\/disciplines\/sti-lycee\/wp-content\/uploads\/sites\/64\/2017\/09\/K_3165-1024x485.png 1024w, https:\/\/ent2d.ac-bordeaux.fr\/disciplines\/sti-lycee\/wp-content\/uploads\/sites\/64\/2017\/09\/K_3165.png 1139w\" sizes=\"auto, (max-width: 350px) 100vw, 350px\" \/><\/a><\/td>\n<td style=\"width: 340.517px;text-align: center\"><a href=\"https:\/\/ent2d.ac-bordeaux.fr\/disciplines\/sti\/sti2d\/tc\/3-1-4-traitement-de-linformation\/\"><img loading=\"lazy\" decoding=\"async\" class=\"alignnone wp-image-5751\" src=\"https:\/\/ent2d.ac-bordeaux.fr\/disciplines\/sti\/wp-content\/uploads\/sites\/41\/2017\/09\/R_11-385-300x163.png\" alt=\"\" width=\"350\" height=\"166\" \/><\/a><\/td>\n<\/tr>\n<tr>\n<td style=\"width: 337.483px;text-align: center\"><a href=\"https:\/\/ent2d.ac-bordeaux.fr\/disciplines\/sti\/sti2d\/tc\/3-2-1-transformateurs-et-modulateurs-denergie-associes\/\"><img loading=\"lazy\" decoding=\"async\" class=\"alignnone wp-image-5157\" src=\"https:\/\/ent2d.ac-bordeaux.fr\/disciplines\/sti\/wp-content\/uploads\/sites\/41\/2017\/09\/L_6940-300x128.png\" alt=\"\" width=\"350\" height=\"166\" \/><\/a><\/td>\n<td style=\"width: 340.517px;text-align: center\"><a href=\"https:\/\/ent2d.ac-bordeaux.fr\/disciplines\/sti\/sti2d\/tc\/3-2-1-transformateurs-et-modulateurs-denergie-associes\/\"><img loading=\"lazy\" decoding=\"async\" class=\"alignnone wp-image-5752\" src=\"https:\/\/ent2d.ac-bordeaux.fr\/disciplines\/sti\/wp-content\/uploads\/sites\/41\/2017\/09\/T_3947-300x163.png\" alt=\"\" width=\"350\" height=\"166\" \/><\/a><\/td>\n<\/tr>\n<tr>\n<td style=\"width: 337.483px;text-align: center\"><a href=\"https:\/\/ent2d.ac-bordeaux.fr\/disciplines\/sti\/sti2d\/tc\/3-2-1-transformateurs-et-modulateurs-denergie-associes\/\"><img loading=\"lazy\" decoding=\"async\" class=\"alignnone wp-image-5753\" src=\"https:\/\/ent2d.ac-bordeaux.fr\/disciplines\/sti\/wp-content\/uploads\/sites\/41\/2017\/09\/U_6462-300x163.png\" alt=\"\" width=\"350\" height=\"166\" \/><\/a><\/td>\n<td style=\"width: 340.517px;text-align: center\"><a href=\"https:\/\/ent2d.ac-bordeaux.fr\/disciplines\/sti\/sti2d\/tc\/3-2-2-stockage-denergie\/\"><img loading=\"lazy\" decoding=\"async\" class=\"alignnone wp-image-5754\" src=\"https:\/\/ent2d.ac-bordeaux.fr\/disciplines\/sti\/wp-content\/uploads\/sites\/41\/2017\/09\/V_11-398-300x159.png\" alt=\"\" width=\"350\" height=\"166\" \/><\/a><\/td>\n<\/tr>\n<tr>\n<td style=\"width: 337.483px;text-align: center\"><a href=\"https:\/\/ent2d.ac-bordeaux.fr\/disciplines\/sti\/sti2d\/tc\/3-2-3-acquisition-et-codage-de-linformation\/\"><img loading=\"lazy\" decoding=\"async\" class=\"alignnone wp-image-5755\" src=\"https:\/\/ent2d.ac-bordeaux.fr\/disciplines\/sti\/wp-content\/uploads\/sites\/41\/2017\/09\/W_6741-300x159.png\" alt=\"\" width=\"350\" height=\"166\" \/><\/a><\/td>\n<td style=\"width: 340.517px;text-align: center\"><a href=\"https:\/\/ent2d.ac-bordeaux.fr\/disciplines\/sti\/sti2d\/tc\/3-2-3-acquisition-et-codage-de-linformation\/\"><img loading=\"lazy\" decoding=\"async\" class=\"alignnone wp-image-5756\" src=\"https:\/\/ent2d.ac-bordeaux.fr\/disciplines\/sti\/wp-content\/uploads\/sites\/41\/2017\/09\/X_6667-300x160.png\" alt=\"\" width=\"350\" height=\"166\" \/><\/a><\/td>\n<\/tr>\n<tr>\n<td style=\"width: 337.483px;text-align: center\"><a href=\"https:\/\/ent2d.ac-bordeaux.fr\/disciplines\/sti\/sti2d\/tc\/3-2-4-transmission-de-linformation-reseaux-et-internet\/\"><img loading=\"lazy\" decoding=\"async\" class=\"alignnone wp-image-5757\" src=\"https:\/\/ent2d.ac-bordeaux.fr\/disciplines\/sti\/wp-content\/uploads\/sites\/41\/2017\/09\/Y_11-490-300x160.png\" alt=\"\" width=\"350\" height=\"166\" \/><\/a><\/td>\n<td style=\"width: 340.517px;text-align: center\"><a href=\"https:\/\/ent2d.ac-bordeaux.fr\/disciplines\/sti\/sti2d\/tc\/3-2-4-transmission-de-linformation-reseaux-et-internet\/\"><img loading=\"lazy\" decoding=\"async\" class=\"alignnone wp-image-5758\" src=\"https:\/\/ent2d.ac-bordeaux.fr\/disciplines\/sti\/wp-content\/uploads\/sites\/41\/2017\/09\/Z_10-598-300x169.png\" alt=\"\" width=\"350\" height=\"166\" \/><\/a><\/td>\n<\/tr>\n<tr>\n<td style=\"width: 337.483px;text-align: center\"><a href=\"https:\/\/ent2d.ac-bordeaux.fr\/disciplines\/sti\/sti2d\/tc\/3-2-4-transmission-de-linformation-reseaux-et-internet\/\"><img loading=\"lazy\" decoding=\"async\" class=\"alignnone wp-image-5158\" src=\"https:\/\/ent2d.ac-bordeaux.fr\/disciplines\/sti\/wp-content\/uploads\/sites\/41\/2017\/09\/M_7465-300x143.png\" alt=\"\" width=\"350\" height=\"166\" srcset=\"https:\/\/ent2d.ac-bordeaux.fr\/disciplines\/sti-lycee\/wp-content\/uploads\/sites\/64\/2017\/09\/M_7465-300x143.png 300w, https:\/\/ent2d.ac-bordeaux.fr\/disciplines\/sti-lycee\/wp-content\/uploads\/sites\/64\/2017\/09\/M_7465-768x365.png 768w, https:\/\/ent2d.ac-bordeaux.fr\/disciplines\/sti-lycee\/wp-content\/uploads\/sites\/64\/2017\/09\/M_7465-1024x487.png 1024w, https:\/\/ent2d.ac-bordeaux.fr\/disciplines\/sti-lycee\/wp-content\/uploads\/sites\/64\/2017\/09\/M_7465.png 1140w\" sizes=\"auto, (max-width: 350px) 100vw, 350px\" \/><\/a><\/td>\n<td style=\"width: 340.517px;text-align: center\"><a href=\"https:\/\/ent2d.ac-bordeaux.fr\/disciplines\/sti\/sti2d\/tc\/3-2-4-transmission-de-linformation-reseaux-et-internet\/\"><img loading=\"lazy\" decoding=\"async\" class=\"alignnone wp-image-5159\" src=\"https:\/\/ent2d.ac-bordeaux.fr\/disciplines\/sti\/wp-content\/uploads\/sites\/41\/2017\/09\/N_9183-300x142.png\" alt=\"\" width=\"350\" height=\"166\" srcset=\"https:\/\/ent2d.ac-bordeaux.fr\/disciplines\/sti-lycee\/wp-content\/uploads\/sites\/64\/2017\/09\/N_9183-300x142.png 300w, https:\/\/ent2d.ac-bordeaux.fr\/disciplines\/sti-lycee\/wp-content\/uploads\/sites\/64\/2017\/09\/N_9183-768x363.png 768w, https:\/\/ent2d.ac-bordeaux.fr\/disciplines\/sti-lycee\/wp-content\/uploads\/sites\/64\/2017\/09\/N_9183-1024x484.png 1024w, https:\/\/ent2d.ac-bordeaux.fr\/disciplines\/sti-lycee\/wp-content\/uploads\/sites\/64\/2017\/09\/N_9183.png 1139w\" sizes=\"auto, (max-width: 350px) 100vw, 350px\" \/><\/a><\/td>\n<\/tr>\n<\/tbody>\n<\/table>\n<p style=\"text-align: center\">\n","protected":false},"excerpt":{"rendered":"<p>Pr\u00e9ambule: &nbsp; Toutes les vid\u00e9os qui se trouvent dans cette rubrique sont utilis\u00e9es dans l&rsquo;acad\u00e9mie de bordeaux r\u00e9gion nouvelle aquitaine,<\/p>\n","protected":false},"author":222,"featured_media":0,"parent":0,"menu_order":0,"comment_status":"closed","ping_status":"closed","template":"","meta":{"_bbp_topic_count":0,"_bbp_reply_count":0,"_bbp_total_topic_count":0,"_bbp_total_reply_count":0,"_bbp_voice_count":0,"_bbp_anonymous_reply_count":0,"_bbp_topic_count_hidden":0,"_bbp_reply_count_hidden":0,"_bbp_forum_subforum_count":0,"footnotes":""},"class_list":["post-5143","page","type-page","status-publish","hentry"],"_links":{"self":[{"href":"https:\/\/ent2d.ac-bordeaux.fr\/disciplines\/sti-lycee\/wp-json\/wp\/v2\/pages\/5143","targetHints":{"allow":["GET"]}}],"collection":[{"href":"https:\/\/ent2d.ac-bordeaux.fr\/disciplines\/sti-lycee\/wp-json\/wp\/v2\/pages"}],"about":[{"href":"https:\/\/ent2d.ac-bordeaux.fr\/disciplines\/sti-lycee\/wp-json\/wp\/v2\/types\/page"}],"author":[{"embeddable":true,"href":"https:\/\/ent2d.ac-bordeaux.fr\/disciplines\/sti-lycee\/wp-json\/wp\/v2\/users\/222"}],"replies":[{"embeddable":true,"href":"https:\/\/ent2d.ac-bordeaux.fr\/disciplines\/sti-lycee\/wp-json\/wp\/v2\/comments?post=5143"}],"version-history":[{"count":1,"href":"https:\/\/ent2d.ac-bordeaux.fr\/disciplines\/sti-lycee\/wp-json\/wp\/v2\/pages\/5143\/revisions"}],"predecessor-version":[{"id":10557,"href":"https:\/\/ent2d.ac-bordeaux.fr\/disciplines\/sti-lycee\/wp-json\/wp\/v2\/pages\/5143\/revisions\/10557"}],"wp:attachment":[{"href":"https:\/\/ent2d.ac-bordeaux.fr\/disciplines\/sti-lycee\/wp-json\/wp\/v2\/media?parent=5143"}],"curies":[{"name":"wp","href":"https:\/\/api.w.org\/{rel}","templated":true}]}}