{"id":2767,"date":"2016-08-25T12:27:18","date_gmt":"2016-08-25T11:27:18","guid":{"rendered":"http:\/\/blogacabdx.ac-bordeaux.fr\/ressii\/?page_id=2767"},"modified":"2026-02-02T10:57:29","modified_gmt":"2026-02-02T09:57:29","slug":"les-27-zones-danimation-pedagogique","status":"publish","type":"page","link":"https:\/\/ent2d.ac-bordeaux.fr\/disciplines\/sti-college\/les-27-zones-danimation-pedagogique\/","title":{"rendered":"Les 27 Zones d&#8217;Animation P\u00e9dagogique"},"content":{"rendered":"<h2>Les coordonnateurs des ZAP<\/h2>\n<h3><strong><span style=\"text-decoration: underline\">Les missions des professeurs coordonnateurs en coll\u00e8ge<\/span><\/strong>\u00a0<strong>:<\/strong><\/h3>\n<ul>\n<li style=\"font-weight: 400\"><span style=\"font-weight: 400\">R\u00e9f\u00e9rencer les coll\u00e8gues qui sont nomm\u00e9s dans la ZAP ;<\/span><\/li>\n<li style=\"font-weight: 400\"><span style=\"font-weight: 400\">Relayer les informations de\/vers les coll\u00e8ges de sa ZAP ;<\/span><\/li>\n<li style=\"font-weight: 400\"><span style=\"font-weight: 400\">Aider au choix des \u00e9quipements ;<\/span><\/li>\n<li style=\"font-weight: 400\"><span style=\"font-weight: 400\">Organiser localement les actions de formation ;<\/span><\/li>\n<li style=\"font-weight: 400\"><span style=\"font-weight: 400\">Animer ou co-animer des actions de formation ;<\/span><\/li>\n<li style=\"font-weight: 400\"><span style=\"font-weight: 400\">Etablir des relations avec les lyc\u00e9es techniques ou professionnels de la ZAP ;<\/span><\/li>\n<li style=\"font-weight: 400\"><span style=\"font-weight: 400\">Accompagner les contractuels en tant que professeur visiteur et\/ou tuteur ;<\/span><\/li>\n<li style=\"font-weight: 400\"><span style=\"font-weight: 400\">Communiquer avec l\u2019inspection, faire des remont\u00e9es et diffuser les informations;<\/span><\/li>\n<li style=\"font-weight: 400\"><span style=\"font-weight: 400\">Mutualiser les ressources, communiquer les actions au sein des ZAP.<\/span><\/li>\n<\/ul>\n<p>&nbsp;<\/p>\n<p>NB : modification du d\u00e9coupage des ZAP dans la Gironde (33) :<br \/>\n<a href=\"https:\/\/ent2d.ac-bordeaux.fr\/disciplines\/sti-college\/wp-content\/uploads\/sites\/63\/2023\/01\/Carte-des-ZAP_033_R2022.pdf\" target=\"_blank\" rel=\"noopener\">Carte des nouvelles zones d&#8217;animation p\u00e9dagogiques en Gironde<\/a> &#8211; <a href=\"https:\/\/ent2d.ac-bordeaux.fr\/disciplines\/sti-college\/wp-content\/uploads\/sites\/63\/2023\/01\/Tableau-Redecoupage-ZAP_19juillet2022.pdf\" target=\"_blank\" rel=\"noopener\">Tableau de r\u00e9partition des \u00e9tablissements<\/a>.<\/p>\n<p>&nbsp;<\/p>\n<table style=\"width: 100%\" border=\"1\" cellspacing=\"1\" cellpadding=\"1\" align=\"center\">\n<tbody>\n<tr style=\"height: 36px\">\n<td style=\"background-color: #999999;height: 36px;text-align: center\"><strong>ZAP<\/strong><\/td>\n<td style=\"background-color: #999999;height: 36px;text-align: center\"><strong>Zone<\/strong><\/td>\n<td style=\"background-color: #999999;height: 36px;text-align: center\"><strong>Noms<\/strong><\/td>\n<td style=\"background-color: #999999;height: 36px;text-align: center\"><strong>Coll\u00e8ge<\/strong><\/td>\n<td style=\"background-color: #999999;height: 36px;text-align: center\"><strong>Ville<\/strong><\/td>\n<\/tr>\n<tr style=\"height: 50px\">\n<td style=\"height: 50px\"><strong>2401<\/strong><\/td>\n<td style=\"text-align: left;height: 50px\"><strong>Nord-Dordogne<\/strong><\/td>\n<td style=\"height: 50px\"><a href=\"mailto:mickael.renouf@ac-bordeaux.fr\">Micka\u00ebl RENOUF<\/a><\/td>\n<td style=\"height: 50px\">Laure Gatet<\/td>\n<td style=\"height: 50px\">P\u00e9rigueux<\/td>\n<\/tr>\n<tr style=\"height: 25px\">\n<td style=\"height: 25px\"><strong>2402<\/strong><\/td>\n<td style=\"text-align: left;height: 25px\"><strong>Ouest-Dordogne<\/strong><\/td>\n<td style=\"height: 25px\"><a href=\"mailto:Herve.Debiais@ac-bordeaux.fr\">Herv\u00e9 DEBIAIS<\/a><\/td>\n<td style=\"height: 25px\">Henri Bretin<\/td>\n<td style=\"height: 25px\">Neuvic<\/td>\n<\/tr>\n<tr style=\"height: 90px\">\n<td style=\"height: 90px\"><strong>2403<\/strong><\/td>\n<td style=\"height: 90px\"><strong>P\u00e9rigueux<\/strong><\/td>\n<td style=\"height: 90px\"><a href=\"mailto:Emmanuel.Mouton@ac-bordeaux.fr\">Emmanuel MOUTON<\/a><\/p>\n<p><a href=\"mailto:mickael.renouf@ac-bordeaux.fr\">Micka\u00ebl RENOUF<\/a><\/td>\n<td style=\"height: 90px\">Trois Vall\u00e9es<\/p>\n<p>Laure Gatet<\/td>\n<td style=\"height: 90px\">Vergt<\/p>\n<p>P\u00e9rigueux<\/td>\n<\/tr>\n<tr style=\"height: 51px\">\n<td style=\"height: 51px\"><strong>2404<\/strong><\/td>\n<td style=\"height: 51px\"><strong>Bergerac<\/strong><\/td>\n<td style=\"height: 51px\"><a href=\"mailto:cedric.facenda@ac-bordeaux.fr\">FACENDA C\u00e9dric<\/a><\/p>\n<p><a href=\"mailto:laure.martins@ac-bordeaux.fr\">MARTINS Laure<\/a><\/td>\n<td style=\"height: 51px\">Jacques Pr\u00e9vert<\/p>\n<p>Eug\u00e8ne Le Roy<\/td>\n<td style=\"height: 51px\">Bergerac<\/p>\n<p>Bergerac<\/td>\n<\/tr>\n<tr style=\"height: 90px\">\n<td style=\"height: 90px\"><strong>2405<\/strong><\/td>\n<td style=\"height: 90px\"><strong>Est-Dordogne<\/strong><\/td>\n<td style=\"height: 90px\"><a href=\"mailto:Philippe.Bouriane@ac-bordeaux.fr\">Philippe BOURIANE<\/a><\/td>\n<td style=\"height: 90px\">La Bo\u00e9tie<\/td>\n<td style=\"height: 90px\">Sarlat-la-Can\u00e9da<\/td>\n<\/tr>\n<tr style=\"height: 50px\">\n<td style=\"height: 50px\"><strong>3301<\/strong><\/td>\n<td style=\"height: 50px\"><strong>Bordeaux Centre<br \/>\n(Bordeaux-Sud)<\/strong><\/td>\n<td style=\"height: 50px\"><a href=\"mailto:benoit.Roumeguere@ac-bordeaux.fr\">ROUMEGUERE Benoit<\/a><\/p>\n<p><a href=\"mailto:sylvie-Anna.Roumeguere@ac-bordeaux.fr\">ROUMEGUERE Sylvie<\/a><\/td>\n<td style=\"height: 50px\">Francisco Goya<\/p>\n<p>Alain Founier<\/td>\n<td style=\"height: 50px\">Bordeaux<\/p>\n<p>Bordeaux<\/td>\n<\/tr>\n<tr style=\"height: 148px\">\n<td style=\"height: 148px\"><strong>3302<\/strong><\/td>\n<td style=\"height: 148px\"><strong>Bordeaux-Nord<\/strong><\/td>\n<td style=\"height: 148px\"><a href=\"mailto:jerome.pons@ac-bordeaux.fr\">J\u00e9rome PONS<\/a><\/p>\n<p><a href=\"Laurence.Francois1@ac-bordeaux.fr\">Laurence FRANCOIS<\/a><\/td>\n<td style=\"height: 148px\">Fran\u00e7ois Mauriac<\/p>\n<p>Fran\u00e7ois Mauriac<\/td>\n<td style=\"height: 148px\">Saint-M\u00e9dard-en-Jalles<\/p>\n<p>Saint-M\u00e9dard-en-Jalles<\/td>\n<\/tr>\n<tr style=\"height: 90px\">\n<td style=\"height: 90px\"><strong>3303<\/strong><\/td>\n<td style=\"height: 90px\"><strong>Bordeaux-Rive-Droite<\/strong><\/td>\n<td style=\"height: 90px\"><a href=\"mailto:j-luc.guene@ac-bordeaux.fr\">Jean-Luc GUENE<\/a><\/p>\n<p><a href=\"mailto:Carine.Cadaugade@ac-bordeaux.fr\">Carine CADAUGADE<\/a><\/td>\n<td style=\"height: 90px\">Georges Rayet<\/p>\n<p>Simone Veil<\/td>\n<td style=\"height: 90px\">Floirac<\/p>\n<p>Carbon Blanc<\/td>\n<\/tr>\n<tr style=\"height: 64px\">\n<td style=\"height: 64px\"><strong>3304<\/strong><\/td>\n<td style=\"height: 64px\"><strong>Libourne<\/strong><\/td>\n<td style=\"height: 64px\"><a href=\"mailto:vincent.gagnier@ac-bordeaux.fr\" target=\"_blank\" rel=\"noopener noreferrer\">Vincent GAGNIER<\/a><\/p>\n<p><a href=\"mailto:Florence.Lacaussague@ac-bordeaux.fr\">Florence LACAUSSAGUE<\/a><\/td>\n<td style=\"height: 64px\">Marguerite Duras<\/p>\n<p>Les Dagueys<\/td>\n<td style=\"height: 64px\">Libourne<\/p>\n<p>Libourne<\/td>\n<\/tr>\n<tr style=\"height: 90px\">\n<td style=\"height: 90px\"><strong>3305<\/strong><\/td>\n<td style=\"height: 90px\"><strong>Talence<\/strong><\/td>\n<td style=\"height: 90px\"><a href=\"mailto:Camel.Derbal@ac-bordeaux.fr\">Camel DERBAL<\/a><\/p>\n<p><a href=\"mailto:lasnier@notredamesevigne.fr\">Karine LASNIER<\/a><\/td>\n<td style=\"height: 90px\">Chambery<\/p>\n<p>Notre Dame de S\u00e9vign\u00e9<\/td>\n<td style=\"height: 90px\">Villenave-d&#8217;Ornon<\/p>\n<p>Talence<\/td>\n<\/tr>\n<tr style=\"height: 53px\">\n<td style=\"height: 53px\"><strong>3306<\/strong><\/td>\n<td style=\"height: 53px\"><strong>Sud Gironde entre deux mers<br \/>\n(Langon)<\/strong><\/td>\n<td style=\"height: 53px\"><a href=\"mailto:Bertrand.Monsempes@ac-bordeaux.fr\">Bertrand MONSEMPES<\/a><\/td>\n<td style=\"height: 53px\">Fran\u00e7ois Mauriac<\/td>\n<td style=\"height: 53px\">Saint Symphorien<\/td>\n<\/tr>\n<tr style=\"height: 90px\">\n<td style=\"height: 90px\"><strong>3307<\/strong><\/td>\n<td style=\"height: 90px\"><strong>M\u00e9rignac-Pessac<\/strong><\/td>\n<td style=\"height: 90px\"><a href=\"mailto:brice.raguideau@ac-bordeaux.fr\">Brice RAGUIDEAU<\/a><\/p>\n<p><a href=\"mailto:G.Delahay@ac-bordeaux.fr\" target=\"_blank\" rel=\"noopener noreferrer\">Guillaume DELAHAY<\/a><\/td>\n<td style=\"height: 90px\">Bourran<\/p>\n<p>Noes<\/td>\n<td style=\"height: 90px\">M\u00e9rignac<\/p>\n<p>Pessac<\/td>\n<\/tr>\n<tr style=\"height: 90px\">\n<td style=\"height: 90px\"><strong>3308<\/strong><\/td>\n<td style=\"height: 90px\"><strong>M\u00e9doc<\/strong><\/td>\n<td style=\"height: 90px\"><a href=\"mailto:Sebastien.Thevenet@ac-bordeaux.fr\">S\u00e9bastien THEVENET<\/a><\/td>\n<td style=\"height: 90px\">Canterane<\/td>\n<td style=\"height: 90px\">Castelnau-de-M\u00e9doc<\/td>\n<\/tr>\n<tr style=\"height: 39px\">\n<td style=\"height: 39px\"><strong>3309<\/strong><\/td>\n<td style=\"height: 39px\"><strong>Arcachon<\/strong><\/td>\n<td style=\"height: 39px\"><a href=\"mailto:Jerome-Jacky.Coll@ac-bordeaux.fr\">J\u00e9rome COLL<\/a><\/td>\n<td style=\"height: 39px\">Andr\u00e9 Lahaye<\/td>\n<td style=\"height: 39px\">Andernos-les-Bains<\/td>\n<\/tr>\n<tr style=\"height: 117px\">\n<td style=\"height: 117px\"><strong>3310<\/strong><\/td>\n<td style=\"height: 117px\"><strong>Ambition Nord Gironde<br \/>\n(Blaye)<\/strong><\/td>\n<td style=\"height: 117px\"><a href=\"mailto:Ghislaine.Rousset@ac-bordeaux.fr\">Ghislaine ROUSSET<\/a><\/p>\n<p><a href=\"mailto:marc.sabatier@ac-bordeaux.fr\">Marc SABATIER<\/a><\/td>\n<td style=\"height: 117px\">Jacques Pr\u00e9vert<\/p>\n<p>Saint Andr\u00e9 de Cubzac<\/td>\n<td style=\"height: 117px\">Bourg-sur-Gironde<\/p>\n<p>Saint Andr\u00e9 de Cubzac<\/td>\n<\/tr>\n<tr style=\"height: 77px\">\n<td style=\"height: 77px\"><strong>4001<\/strong><\/td>\n<td style=\"height: 77px\"><strong>Mont-de-Marsan<\/strong><br \/>\n<strong> Aire-sur-Adour<\/strong><\/td>\n<td style=\"height: 77px\"><a href=\"mailto:sebastien.magalhaes@ac-bordeaux.fr\">S\u00e9bastien MAGALHAES<\/a><\/p>\n<p><a href=\"mailto:Laurent.Simon1@ac-bordeaux.fr\">Laurent SIMON<\/a><\/td>\n<td style=\"height: 77px\">Victor Duruy<\/p>\n<p>Victor Duruy<\/td>\n<td style=\"height: 77px\">Mont-de-Marsan<\/p>\n<p>Mont-de-Marsan<\/td>\n<\/tr>\n<tr style=\"height: 60px\">\n<td style=\"height: 60px\"><strong>4002<\/strong><\/td>\n<td style=\"height: 60px\"><strong>Dax<\/strong><\/td>\n<td style=\"height: 60px\"><a href=\"mailto:Marie.Larrouture@ac-bordeaux.fr\">Marie PEDELUCQ<\/a><\/td>\n<td style=\"height: 60px\">Pays d&#8217;Orthe<\/td>\n<td style=\"height: 60px\">Peyrehorade<\/td>\n<\/tr>\n<tr style=\"height: 25px\">\n<td style=\"height: 25px\"><strong>4003<\/strong><\/td>\n<td style=\"vertical-align: middle;height: 25px\"><strong>Parentis\/Morcenx<\/strong><\/td>\n<td style=\"height: 25px\"><a href=\"mailto:Yohann.Bourille@ac-bordeaux.fr\">Yohann BOURILLE<\/a><\/td>\n<td style=\"height: 25px\">Jacques Pr\u00e9vert<\/td>\n<td style=\"height: 25px\">Mimizan<\/td>\n<\/tr>\n<tr style=\"height: 50px\">\n<td style=\"height: 50px\"><strong>4004<\/strong><\/td>\n<td style=\"vertical-align: middle;height: 50px\"><strong>Sud des Landes<\/strong><\/td>\n<td style=\"height: 50px\"><\/td>\n<td style=\"height: 50px\">&nbsp;<\/p>\n<p>&nbsp;<\/td>\n<td style=\"height: 50px\">&nbsp;<\/p>\n<p>&nbsp;<\/td>\n<\/tr>\n<tr style=\"height: 90px\">\n<td style=\"height: 90px\"><strong>4701<\/strong><\/td>\n<td style=\"height: 90px\"><strong>Villeneuve\/Fumel<\/strong><\/td>\n<td style=\"height: 90px\"><a href=\"mailto:jerome.vidal@ac-bordeaux.fr\">J\u00e9r\u00f4me VIDAL<\/a><\/td>\n<td style=\"height: 90px\">Damira Asperti<\/td>\n<td style=\"height: 90px\">Penne-d&#8217;Agenais<\/td>\n<\/tr>\n<tr style=\"height: 14px\">\n<td style=\"height: 14px\"><strong>4702<\/strong><\/td>\n<td style=\"height: 14px\"><strong>Marmande\/N\u00e9rac<\/strong><\/td>\n<td style=\"height: 14px\"><a href=\"mailto:dimitri.lafond@ac-bordeaux.fr\">Dimitri LAFOND<\/a><\/p>\n<p><a href=\"mailto:Lionel.Fort@ac-bordeaux.fr\">Lionel FORT<\/a><\/td>\n<td style=\"height: 14px\">Jean Rostand<\/p>\n<p>La Plaine<\/td>\n<td style=\"height: 14px\">Casteljaloux<\/p>\n<p>Lavardac<\/td>\n<\/tr>\n<tr style=\"height: 49px\">\n<td style=\"height: 49px\"><strong>4703<\/strong><\/td>\n<td style=\"height: 49px\"><strong>Agen<\/strong><\/td>\n<td style=\"height: 49px\"><a href=\"mailto:Philippe.Bouvier@ac-bordeaux.fr\">BOUVIER Philippe<\/a><\/td>\n<td style=\"height: 49px\">Jasmin-Les-Iles<\/td>\n<td style=\"height: 49px\">Agen<\/td>\n<\/tr>\n<tr style=\"height: 87px\">\n<td style=\"height: 87px\"><strong>6401<\/strong><\/td>\n<td style=\"height: 87px\"><strong>Pau\/Nay<\/strong><\/td>\n<td style=\"height: 87px\"><a href=\"mailto:olivier.dupuy@ac-bordeaux.fr\">Olivier DUPUY<\/a><\/p>\n<p><a href=\"mailto:jerome.espouey@ac-bordeaux.fr\">J\u00e9r\u00f4me ESPOUEY<\/a><\/td>\n<td style=\"height: 87px\">Ernest Gabard<\/p>\n<p>Marguerite de Navarre<\/td>\n<td style=\"height: 87px\">Juran\u00e7on<\/p>\n<p>Pau<\/td>\n<\/tr>\n<tr style=\"height: 25px\">\n<td style=\"height: 25px\"><strong>6403<\/strong><\/td>\n<td style=\"height: 25px\"><strong>Pau\/Lescar<\/strong><\/td>\n<td style=\"height: 25px\"><a href=\"mailto:Frederic.Payssan@ac-bordeaux.fr\">Fr\u00e9d\u00e9ric\u00a0PAYSSAN<\/a><\/td>\n<td style=\"height: 25px\">Simin Palay<\/td>\n<td style=\"height: 25px\">Lescar<\/td>\n<\/tr>\n<tr style=\"height: 58px\">\n<td style=\"height: 58px\"><strong>6404<\/strong><\/td>\n<td style=\"height: 58px\"><strong>Oloron<\/strong><\/td>\n<td style=\"height: 58px\"><a href=\"mailto:sebastien.biscay@ac-bordeaux.fr\">S\u00e9bastien BISCAY<\/a><\/td>\n<td style=\"height: 58px\">Bar\u00e9tous<\/td>\n<td style=\"height: 58px\">Arette<\/td>\n<\/tr>\n<tr style=\"height: 41px\">\n<td style=\"height: 41px\"><strong>6405<\/strong><\/td>\n<td style=\"height: 41px\"><strong>Orthez<\/strong><\/td>\n<td style=\"height: 41px\"><a href=\"mailto:Edith.Larrouquet@ac-bordeaux.fr\">Edith HOUNIE<\/a><\/p>\n<p><a href=\"mailto:Remy.Morizur@ac-bordeaux.fr\">R\u00e9my MORIZUR<\/a><\/td>\n<td style=\"height: 41px\">Jean Moulin<\/p>\n<p>Daniel Argote<\/td>\n<td style=\"height: 41px\">Artix<\/p>\n<p>Orthez<\/td>\n<\/tr>\n<tr style=\"height: 25px\">\n<td style=\"height: 25px\"><strong>6406<\/strong><\/td>\n<td style=\"height: 25px\"><strong>Biarritz\/Bayonne<\/strong><\/td>\n<td style=\"height: 25px\"><a href=\"mailto:gael.alric@ac-bordeaux.fr\">Ga\u00ebl ALRIC<\/a><\/td>\n<td style=\"height: 25px\">La Citadelle<\/td>\n<td style=\"height: 25px\">ST Jean Pied de Port<\/td>\n<\/tr>\n<\/tbody>\n<\/table>\n<p>&nbsp;<\/p>\n<p>Envoyer votre candidature pour la coordination de ZAP \u00e0 <a href=\"https:\/\/goo.gl\/forms\/zLvwO2go1mESiaeB2\" target=\"_blank\" rel=\"noopener noreferrer\">cette adresse<\/a><\/p>\n","protected":false},"excerpt":{"rendered":"<p>Les coordonnateurs des ZAP Les missions des professeurs coordonnateurs en coll\u00e8ge\u00a0: R\u00e9f\u00e9rencer les coll\u00e8gues qui sont nomm\u00e9s dans la ZAP<\/p>\n","protected":false},"author":210,"featured_media":0,"parent":0,"menu_order":0,"comment_status":"closed","ping_status":"closed","template":"","meta":{"footnotes":""},"class_list":["post-2767","page","type-page","status-publish","hentry"],"_links":{"self":[{"href":"https:\/\/ent2d.ac-bordeaux.fr\/disciplines\/sti-college\/wp-json\/wp\/v2\/pages\/2767","targetHints":{"allow":["GET"]}}],"collection":[{"href":"https:\/\/ent2d.ac-bordeaux.fr\/disciplines\/sti-college\/wp-json\/wp\/v2\/pages"}],"about":[{"href":"https:\/\/ent2d.ac-bordeaux.fr\/disciplines\/sti-college\/wp-json\/wp\/v2\/types\/page"}],"author":[{"embeddable":true,"href":"https:\/\/ent2d.ac-bordeaux.fr\/disciplines\/sti-college\/wp-json\/wp\/v2\/users\/210"}],"replies":[{"embeddable":true,"href":"https:\/\/ent2d.ac-bordeaux.fr\/disciplines\/sti-college\/wp-json\/wp\/v2\/comments?post=2767"}],"version-history":[{"count":99,"href":"https:\/\/ent2d.ac-bordeaux.fr\/disciplines\/sti-college\/wp-json\/wp\/v2\/pages\/2767\/revisions"}],"predecessor-version":[{"id":21559,"href":"https:\/\/ent2d.ac-bordeaux.fr\/disciplines\/sti-college\/wp-json\/wp\/v2\/pages\/2767\/revisions\/21559"}],"wp:attachment":[{"href":"https:\/\/ent2d.ac-bordeaux.fr\/disciplines\/sti-college\/wp-json\/wp\/v2\/media?parent=2767"}],"curies":[{"name":"wp","href":"https:\/\/api.w.org\/{rel}","templated":true}]}}