{"id":2050,"date":"2016-07-08T14:10:34","date_gmt":"2016-07-08T13:10:34","guid":{"rendered":"http:\/\/blogacabdx.ac-bordeaux.fr\/ressii\/?page_id=2050"},"modified":"2019-04-06T10:01:44","modified_gmt":"2019-04-06T08:01:44","slug":"otscis-1-2-fe1-relier-les-evolutions-technologiques-aux-inventions-et-innovations-qui-marquent-des-ruptures-dans-les-solutions-techniques","status":"publish","type":"page","link":"https:\/\/ent2d.ac-bordeaux.fr\/disciplines\/sti-college\/otscis-1-2-fe1-relier-les-evolutions-technologiques-aux-inventions-et-innovations-qui-marquent-des-ruptures-dans-les-solutions-techniques\/","title":{"rendered":"OTSCIS-1-2 &#8211; Relier les \u00e9volutions technologiques aux inventions et innovations qui marquent des ruptures dans les solutions techniques"},"content":{"rendered":"<hr \/>\n<h2><\/h2>\n<h3><span style=\"text-decoration: underline;color: #000000\">R\u00e9f\u00e9rence au texte officiel<\/span><\/h3>\n<h2 style=\"text-align: center\"><strong>THEME : LES OBJETS TECHNIQUES, LES SERVICES ET LES CHANGEMENTS INDUITS DANS LA SOCIETE<\/strong><\/h2>\n<table style=\"width: 100%\" cellspacing=\"1\" cellpadding=\"1\">\n<tbody>\n<tr>\n<td><\/td>\n<td><\/td>\n<\/tr>\n<tr>\n<td><strong>Connaissances et comp\u00e9tences associ\u00e9es<\/strong><\/td>\n<td><strong>Exemples de situations, d\u2019activit\u00e9s et de ressources pour l\u2019\u00e9l\u00e8ve<\/strong><\/td>\n<\/tr>\n<tr>\n<td colspan=\"2\"><strong>Comparer et commenter les \u00e9volutions des objets et syst\u00e8mes<\/strong><\/td>\n<\/tr>\n<tr>\n<td style=\"width: 50%;text-align: left\">\n<p style=\"text-align: left\"><strong>OTSCIS-1-2 &#8211;\u00a0Relier les \u00e9volutions technologiques aux\u00a0inventions et innovations qui marquent des\u00a0ruptures dans les solutions techniques.<\/strong><\/p>\n<\/td>\n<td style=\"text-align: justify\">L\u2019analyse du fonctionnement d\u2019un objet\u00a0technique, de son comportement, de ses\u00a0performances et de son impact environnemental\u00a0doit \u00eatre replac\u00e9e dans son contexte. L\u2019\u00e9volution\u00a0de celui-ci doit \u00eatre prise en compte.<br \/>\nCollection d\u2019objets r\u00e9pondant \u00e0 un m\u00eame<br \/>\nbesoin.<br \/>\nRFID, GPS, WiFi<\/td>\n<\/tr>\n<\/tbody>\n<\/table>\n<hr \/>\n<h3><span style=\"text-decoration: underline\"><span style=\"color: #000000;text-decoration: underline\">Exemple de structuration de connaissances<\/span><\/span><\/h3>\n<p><a href=\"https:\/\/ent2d.ac-bordeaux.fr\/disciplines\/sti-college\/wp-content\/uploads\/sites\/63\/2016\/07\/OTSCIS-1-2-FE1-Relier-evolution-technologiques-Inventions-innovations-Comp.jpg\"><img loading=\"lazy\" decoding=\"async\" class=\"alignnone wp-image-2057 size-full\" src=\"https:\/\/ent2d.ac-bordeaux.fr\/disciplines\/sti-college\/wp-content\/uploads\/sites\/63\/2016\/07\/OTSCIS-1-2-FE1-Relier-evolution-technologiques-Inventions-innovations-Comp.jpg\" width=\"1600\" height=\"900\" srcset=\"https:\/\/ent2d.ac-bordeaux.fr\/disciplines\/sti-college\/wp-content\/uploads\/sites\/63\/2016\/07\/OTSCIS-1-2-FE1-Relier-evolution-technologiques-Inventions-innovations-Comp.jpg 1600w, https:\/\/ent2d.ac-bordeaux.fr\/disciplines\/sti-college\/wp-content\/uploads\/sites\/63\/2016\/07\/OTSCIS-1-2-FE1-Relier-evolution-technologiques-Inventions-innovations-Comp-300x169.jpg 300w, https:\/\/ent2d.ac-bordeaux.fr\/disciplines\/sti-college\/wp-content\/uploads\/sites\/63\/2016\/07\/OTSCIS-1-2-FE1-Relier-evolution-technologiques-Inventions-innovations-Comp-768x432.jpg 768w, https:\/\/ent2d.ac-bordeaux.fr\/disciplines\/sti-college\/wp-content\/uploads\/sites\/63\/2016\/07\/OTSCIS-1-2-FE1-Relier-evolution-technologiques-Inventions-innovations-Comp-1024x576.jpg 1024w\" sizes=\"auto, (max-width: 1600px) 100vw, 1600px\" \/><\/a><\/p>\n<table border=\"0\" cellspacing=\"1\" cellpadding=\"1\">\n<tbody>\n<tr>\n<td><a href=\"https:\/\/ent2d.ac-bordeaux.fr\/disciplines\/sti-college\/wp-content\/uploads\/sites\/63\/2016\/07\/OTSCIS-1-2-FE1-Relier-evolution-technologiques-Inventions-innovations-Comp.jpg\" target=\"_blank\" rel=\"noopener noreferrer\"><img loading=\"lazy\" decoding=\"async\" class=\"alignnone wp-image-1491\" src=\"https:\/\/ent2d.ac-bordeaux.fr\/disciplines\/sti-college\/wp-content\/uploads\/sites\/63\/2016\/06\/jpg.png\" alt=\"\" width=\"51\" height=\"51\" srcset=\"https:\/\/ent2d.ac-bordeaux.fr\/disciplines\/sti-college\/wp-content\/uploads\/sites\/63\/2016\/06\/jpg.png 256w, https:\/\/ent2d.ac-bordeaux.fr\/disciplines\/sti-college\/wp-content\/uploads\/sites\/63\/2016\/06\/jpg-150x150.png 150w\" sizes=\"auto, (max-width: 51px) 100vw, 51px\" \/><\/a><br \/>\n<a href=\"https:\/\/ent2d.ac-bordeaux.fr\/disciplines\/sti-college\/wp-content\/uploads\/sites\/63\/2016\/07\/OTSCIS-1-2-FE1-Relier-evolution-technologiques-Inventions-innovations-Comp.jpg\" target=\"_blank\" rel=\"noopener noreferrer\"><u><span style=\"color: #0066cc\">Fiche \u00e9l\u00e8ve format\u00a0image<\/span><\/u><\/a><\/td>\n<td><u><span style=\"color: #0066cc\"><img loading=\"lazy\" decoding=\"async\" class=\"alignnone wp-image-38\" src=\"https:\/\/ent2d.ac-bordeaux.fr\/disciplines\/sti-college\/wp-content\/uploads\/sites\/63\/2015\/03\/logoVideo2.jpg\" alt=\"logoVideo2\" width=\"50\" height=\"51\" \/><br \/>\n<\/span><\/u> Format vid\u00e9o Mp4<\/td>\n<td><img loading=\"lazy\" decoding=\"async\" class=\"alignnone wp-image-296\" src=\"https:\/\/ent2d.ac-bordeaux.fr\/disciplines\/sti-college\/wp-content\/uploads\/sites\/63\/2015\/03\/logoWebM2.jpg\" alt=\"logoWebM2\" width=\"50\" height=\"51\" \/><br \/>\nFormat vid\u00e9o Web-M<\/td>\n<td><img loading=\"lazy\" decoding=\"async\" class=\"alignnone wp-image-34\" src=\"https:\/\/ent2d.ac-bordeaux.fr\/disciplines\/sti-college\/wp-content\/uploads\/sites\/63\/2015\/03\/logoPdf2.jpg\" alt=\"logoPdf2\" width=\"50\" height=\"51\" \/><br \/>\nFiche professeur PDF<\/td>\n<\/tr>\n<\/tbody>\n<\/table>\n<hr \/>\n<h3><span style=\"color: #000000\"><span style=\"text-decoration: underline\">Exemple d&#8217;exploitation p\u00e9dagogique &#8211; 5\u00e8me<\/span><\/span><\/h3>\n<table style=\"width: 100%\" border=\"0\" cellspacing=\"1\" cellpadding=\"1\">\n<tbody>\n<tr>\n<td style=\"text-align: left\"><strong>Pistes de situations d\u00e9clenchantes<\/strong><\/td>\n<td style=\"text-align: justify\">\n<ul>\n<li style=\"font-weight: 400\"><i><span style=\"font-weight: 400\">Les \u00e9l\u00e8ves visionnent une vid\u00e9o sur la petite histoire de l\u2019habitat : <\/span><\/i><i><span style=\"font-weight: 400\"><a href=\"https:\/\/youtu.be\/_pUnOfsk_fs\">https:\/\/youtu.be\/_pUnOfsk_fs<\/a><\/span><\/i><\/li>\n<\/ul>\n<\/td>\n<\/tr>\n<tr>\n<td style=\"text-align: left\"><strong>Pistes probl\u00e8mes<\/strong> <strong>technologiques<\/strong><\/td>\n<td style=\"text-align: left\">\n<ul>\n<li style=\"font-weight: 400\"><i><span style=\"font-weight: 400\">Comment ont \u00e9volu\u00e9 les b\u00e2timents au cours du temps ? \u00a0<\/span><\/i><\/li>\n<li style=\"font-weight: 400\"><i><span style=\"font-weight: 400\">Comment les machines et les outils ont \u00e9volu\u00e9 ? <\/span><\/i><\/li>\n<li style=\"font-weight: 400\"><i><span style=\"font-weight: 400\">Quelles innovations ont permis de constituer des ruptures technologiques (techniques, mat\u00e9riaux, \u2026) ? <\/span><\/i><\/li>\n<li style=\"font-weight: 400\"><i><span style=\"font-weight: 400\">Comment le design a t\u2019il \u00e9volu\u00e9 ?<\/span><\/i><\/li>\n<\/ul>\n<\/td>\n<\/tr>\n<tr>\n<td style=\"text-align: left\"><strong>Ressources Outils \u00e0 exploiter<\/strong><\/td>\n<td style=\"text-align: left\">\n<ul>\n<li style=\"font-weight: 400\">https:\/\/docs.google.com\/presentation\/d\/1hCFTTPAKCGKjeHmiQcUZXigsyBe6r_2r8xIVisNcXWU\/edit?usp=sharing<\/li>\n<li style=\"font-weight: 400\">https:\/\/drive.google.com\/file\/d\/0B3B0Mo6LSGtDUDJIaTBCQlR1U1E\/view?usp=sharing<\/li>\n<li style=\"font-weight: 400\">https:\/\/docs.google.com\/presentation\/d\/17zMTpIn_EqIBX1M9jdHw48Iq6NiTALz-tAlRhzfc9N4\/edit?usp=sharing<\/li>\n<\/ul>\n<\/td>\n<\/tr>\n<tr>\n<td style=\"text-align: left\"><strong>Pistes d\u2019activit\u00e9s<\/strong><\/td>\n<td style=\"text-align: left\"><span style=\"font-weight: 400\">Demander aux \u00e9l\u00e8ves de :<\/span><\/p>\n<ul>\n<li style=\"font-weight: 400\"><i><span style=\"font-weight: 400\">R\u00e9aliser une frise chronologique des principales \u00e9volutions des b\u00e2timents,<\/span><\/i><\/li>\n<li style=\"font-weight: 400\"><i><span style=\"font-weight: 400\">D\u00e9couvrir l&#8217; \u00e9volution des outils et des moyens de r\u00e9alisation,<\/span><\/i><\/li>\n<li style=\"font-weight: 400\"><i><span style=\"font-weight: 400\">S\u2019initier \u00e0 la d\u00e9marche design.<\/span><\/i><\/li>\n<\/ul>\n<\/td>\n<\/tr>\n<tr>\n<td style=\"text-align: left\"><strong>Exemples d\u2019objets<\/strong> <strong>supports<\/strong><\/td>\n<td style=\"text-align: left\">\n<ul>\n<li><i><span style=\"font-weight: 400\">b\u00e2timents &#8230;<\/span><\/i><\/li>\n<\/ul>\n<\/td>\n<\/tr>\n<\/tbody>\n<\/table>\n<h3><span style=\"color: #000000\"><span style=\"text-decoration: underline\">Exemple d&#8217;exploitation p\u00e9dagogique &#8211; 4\u00e8me<\/span><\/span><\/h3>\n<table style=\"width: 100%\" border=\"0\" cellspacing=\"1\" cellpadding=\"1\">\n<tbody>\n<tr>\n<td style=\"text-align: left\"><strong>Pistes de situations d\u00e9clenchantes<\/strong><\/td>\n<td style=\"text-align: justify\">\n<ul>\n<li><i><span style=\"font-weight: 400\">Les \u00e9l\u00e8ves visionnent une vid\u00e9o sur l\u2019\u00e9volution de la publicit\u00e9 sur les lave-linges et la consommation d\u2019\u00e9nergie\u00a0<\/span><\/i><i><\/i><i><\/i><a href=\"https:\/\/www.youtube.com\/watch?v=LewWm0vyScQ\"><i><span style=\"font-weight: 400\">https:\/\/www.youtube.com\/watch?v=LewWm0vyScQ<\/span><\/i><\/a><\/li>\n<\/ul>\n<\/td>\n<\/tr>\n<tr>\n<td style=\"text-align: left\"><strong>Pistes probl\u00e8mes<\/strong> <strong>technologiques<\/strong><\/td>\n<td style=\"text-align: left\">\n<ul>\n<li style=\"font-weight: 400\"><i><span style=\"font-weight: 400\">A quoi sert cet objet ? <\/span><\/i><\/li>\n<li style=\"font-weight: 400\"><i><span style=\"font-weight: 400\">A- t-il toujours exist\u00e9 ? <\/span><\/i><\/li>\n<li style=\"font-weight: 400\"><i><span style=\"font-weight: 400\">Comment faisait-on avant ?<\/span><\/i><\/li>\n<\/ul>\n<\/td>\n<\/tr>\n<tr>\n<td style=\"text-align: left\"><strong>Ressources Outils \u00e0 exploiter<\/strong><\/td>\n<td style=\"text-align: left\">\n<ul>\n<li><i><span style=\"font-weight: 400\">site internet <\/span><\/i><i><span style=\"font-weight: 400\"><a href=\"http:\/\/lamachinealaverfrancaise.jimdo.com\/\">http:\/\/lamachinealaverfrancaise.jimdo.com<\/a>\/<\/span><\/i><\/li>\n<\/ul>\n<\/td>\n<\/tr>\n<tr>\n<td style=\"text-align: left\"><strong>Pistes d\u2019activit\u00e9s<\/strong><\/td>\n<td style=\"text-align: left\"><span style=\"font-weight: 400\">Demander aux \u00e9l\u00e8ves de :<\/span><\/p>\n<ul>\n<li style=\"font-weight: 400\"><i><span style=\"font-weight: 400\"> Imaginer comment l\u2019objet pouvait fonctionner,<\/span><\/i><\/li>\n<li style=\"font-weight: 400\"><i><span style=\"font-weight: 400\">Rechercher les \u00e9volutions en indiquant la nature du syst\u00e8me utilis\u00e9,<\/span><\/i><\/li>\n<li style=\"font-weight: 400\"><i><span style=\"font-weight: 400\"> \u00c9tablir et d\u00e9crire des principes techniques ayant particip\u00e9 au progr\u00e8s technique au travers d&#8217;inventions clefs<\/span><\/i><\/li>\n<li style=\"font-weight: 400\"><i><span style=\"font-weight: 400\">Rechercher et croiser des informations (usage raisonn\u00e9 d\u2019Internet)<\/span><\/i><\/li>\n<\/ul>\n<\/td>\n<\/tr>\n<tr>\n<td style=\"text-align: left\"><strong>Exemples d\u2019objets<\/strong> <strong>supports<\/strong><\/td>\n<td style=\"text-align: left\">\n<ul>\n<li style=\"font-weight: 400\"><i><span style=\"font-weight: 400\">aspirateur, t\u00e9l\u00e9phone portable \u2026<\/span><\/i><\/li>\n<\/ul>\n<\/td>\n<\/tr>\n<\/tbody>\n<\/table>\n<h3><span style=\"color: #000000\"><span style=\"text-decoration: underline\">Exemple d&#8217;exploitation p\u00e9dagogique &#8211; 3\u00e8me<\/span><\/span><\/h3>\n<table style=\"width: 100%\" border=\"0\" cellspacing=\"1\" cellpadding=\"1\">\n<tbody>\n<tr>\n<td style=\"text-align: left\"><strong>Pistes de situations d\u00e9clenchantes<\/strong><\/td>\n<td style=\"text-align: justify\">\n<ul>\n<li><span style=\"font-weight: 400\">Les \u00e9l\u00e8ves visionnent une v<\/span><i><span style=\"font-weight: 400\">id\u00e9o<\/span><\/i><span style=\"font-weight: 400\"> l<\/span><span style=\"font-weight: 400\">&#8216;Homme et les t\u00e9l\u00e9communications : du pigeon voyageur \u00e0 la fibre optique : <\/span><a href=\"https:\/\/www.youtube.com\/watch?v=s5ACaKoV7Cg\"><span style=\"font-weight: 400\">https:\/\/www.youtube.com\/watch?v=s5ACaKoV7Cg<\/span><\/a><\/li>\n<\/ul>\n<\/td>\n<\/tr>\n<tr>\n<td style=\"text-align: left\"><strong>Pistes probl\u00e8mes<\/strong> <strong>technologiques<\/strong><\/td>\n<td style=\"text-align: left\">\n<ul>\n<li style=\"font-weight: 400\"><span style=\"font-weight: 400\">Quels moyens successifs l\u2019homme a-t\u2019il utilis\u00e9 pour transmettre l\u2019information ?<\/span><\/li>\n<li style=\"font-weight: 400\"><span style=\"font-weight: 400\">Quelles innovations technologiques ont permis de transmettre du texte, de la voix puis de l\u2019image ?<\/span><\/li>\n<li style=\"font-weight: 400\"><span style=\"font-weight: 400\">Pour r\u00e9pondre aux besoins de plus en plus importants d\u2019interconnexion entre les personnes, quelles infrastructures doivent ou devront \u00eatre mises en place ? <\/span><span style=\"font-weight: 400\">Quelle est la technologie utilis\u00e9e ? En quoi marque t\u2019elle une rupture ?<\/span><\/li>\n<\/ul>\n<\/td>\n<\/tr>\n<tr>\n<td style=\"text-align: left\"><strong>Ressources Outils \u00e0 exploiter<\/strong><\/td>\n<td style=\"text-align: left\">\n<ul>\n<li style=\"font-weight: 400\">https:\/\/fr.wikipedia.org\/wiki\/Histoire_des_t%C3%A9l%C3%A9communicationshttps:\/\/www.youtube.com\/watch?v=A7SoZgb4Aas<\/li>\n<\/ul>\n<\/td>\n<\/tr>\n<tr>\n<td style=\"text-align: left\"><strong>Pistes d\u2019activit\u00e9s<\/strong><\/td>\n<td style=\"text-align: left\">\n<ul>\n<li style=\"font-weight: 400\"><span style=\"font-weight: 400\">D\u00e9crire l&#8217;\u00e9volution d&#8217;objets de l&#8217;environnement proche de l&#8217;\u00e9l\u00e8ve en lui demandant de faire des parall\u00e8les avec les fonctions, l&#8217;histoire, l&#8217;environnement, les progr\u00e8s de l&#8217;\u00e9poque, les moyens \u00e9conomiques et techniques<\/span><\/li>\n<\/ul>\n<\/td>\n<\/tr>\n<tr>\n<td style=\"text-align: left\"><strong>Exemples d\u2019objets<\/strong><\/td>\n<td style=\"text-align: left\">\n<ul>\n<li><span style=\"font-weight: 400\">&#8230;<\/span><\/li>\n<\/ul>\n<\/td>\n<\/tr>\n<\/tbody>\n<\/table>\n<h3><\/h3>\n<hr \/>\n<h3><span style=\"text-decoration: underline;color: #000000\">Pour aller plus loin<\/span><\/h3>\n<ul>\n<li><i>L\u2019aspirateur : histoire d\u2019une invention : <\/i><a href=\"http:\/\/www.gralon.net\/articles\/materiel-et-consommables\/equipement-cafe--hotel-et-restaurant\/article-l-aspirateur---histoire-d-une-invention-3915.htm\"><i>http:\/\/www.gralon.net\/articles\/materiel-et-consommables\/equipement-cafe&#8211;hotel-et-restaurant\/article-l-aspirateur&#8212;histoire-d-une-invention-3915.htm<\/i><\/a><\/li>\n<\/ul>\n<hr \/>\n<p><span style=\"color: #ff0000\">NB : Ces propositions sont mises \u00e0 disposition pour aider chacun dans sa r\u00e9flexion mais elles n&#8217;ont pas pu \u00eatre\u00a0finalis\u00e9es par manque de temps.\u00a0Ces fiches\u00a0seront donc am\u00e9lior\u00e9es au cours du d\u00e9but d&#8217;ann\u00e9e.<\/span><\/p>\n","protected":false},"excerpt":{"rendered":"<p>R\u00e9f\u00e9rence au texte officiel THEME : LES OBJETS TECHNIQUES, LES SERVICES ET LES CHANGEMENTS INDUITS DANS LA SOCIETE Connaissances et<\/p>\n","protected":false},"author":210,"featured_media":0,"parent":0,"menu_order":0,"comment_status":"closed","ping_status":"closed","template":"","meta":{"footnotes":""},"class_list":["post-2050","page","type-page","status-publish","hentry"],"_links":{"self":[{"href":"https:\/\/ent2d.ac-bordeaux.fr\/disciplines\/sti-college\/wp-json\/wp\/v2\/pages\/2050","targetHints":{"allow":["GET"]}}],"collection":[{"href":"https:\/\/ent2d.ac-bordeaux.fr\/disciplines\/sti-college\/wp-json\/wp\/v2\/pages"}],"about":[{"href":"https:\/\/ent2d.ac-bordeaux.fr\/disciplines\/sti-college\/wp-json\/wp\/v2\/types\/page"}],"author":[{"embeddable":true,"href":"https:\/\/ent2d.ac-bordeaux.fr\/disciplines\/sti-college\/wp-json\/wp\/v2\/users\/210"}],"replies":[{"embeddable":true,"href":"https:\/\/ent2d.ac-bordeaux.fr\/disciplines\/sti-college\/wp-json\/wp\/v2\/comments?post=2050"}],"version-history":[{"count":1,"href":"https:\/\/ent2d.ac-bordeaux.fr\/disciplines\/sti-college\/wp-json\/wp\/v2\/pages\/2050\/revisions"}],"predecessor-version":[{"id":8405,"href":"https:\/\/ent2d.ac-bordeaux.fr\/disciplines\/sti-college\/wp-json\/wp\/v2\/pages\/2050\/revisions\/8405"}],"wp:attachment":[{"href":"https:\/\/ent2d.ac-bordeaux.fr\/disciplines\/sti-college\/wp-json\/wp\/v2\/media?parent=2050"}],"curies":[{"name":"wp","href":"https:\/\/api.w.org\/{rel}","templated":true}]}}