{"id":1752,"date":"2016-07-06T15:01:32","date_gmt":"2016-07-06T14:01:32","guid":{"rendered":"http:\/\/blogacabdx.ac-bordeaux.fr\/ressii\/?page_id=1752"},"modified":"2019-04-06T09:35:42","modified_gmt":"2019-04-06T07:35:42","slug":"c3-mot-5c-usage-des-moyens-numeriques-dans-un-reseau","status":"publish","type":"page","link":"https:\/\/ent2d.ac-bordeaux.fr\/disciplines\/sti-college\/c3-mot-5c-usage-des-moyens-numeriques-dans-un-reseau\/","title":{"rendered":"C3-MOT-5c &#8211; Usage des moyens num\u00e9riques dans un r\u00e9seau"},"content":{"rendered":"<hr \/>\n<h2><\/h2>\n<h3><span style=\"text-decoration: underline;color: #000000\">R\u00e9f\u00e9rence au texte officiel<\/span><\/h3>\n<h2 style=\"text-align: center\"><strong>THEME : MATERIAUX ET OBJETS TECHNIQUES<\/strong><\/h2>\n<table style=\"width: 100%\" cellspacing=\"1\" cellpadding=\"1\">\n<tbody>\n<tr>\n<td><\/td>\n<td><\/td>\n<\/tr>\n<tr>\n<td><strong>Connaissances et comp\u00e9tences associ\u00e9es<\/strong><\/td>\n<td><strong>Exemples de situations, d\u2019activit\u00e9s et de ressources pour l\u2019\u00e9l\u00e8ve<\/strong><\/td>\n<\/tr>\n<tr>\n<td style=\"text-align: center\" colspan=\"2\"><strong>Rep\u00e9rer et comprendre la communication et la gestion de l\u2019information<\/strong><\/td>\n<\/tr>\n<tr>\n<td style=\"width: 50%;text-align: left\"><strong>MOT-5a\u00a0<\/strong>\u00bb Environnement num\u00e9rique de travail.<br \/>\n<strong>MOT-5b\u00a0<\/strong>\u00bb Le stockage des donn\u00e9es, notions\u00a0d\u2019algorithmes, les objets programmables.<br \/>\n<strong>MOT-5c\u00a0<\/strong>\u00bb Usage des moyens num\u00e9riques dans un\u00a0r\u00e9seau.<br \/>\n<strong>MOT-5d\u00a0<\/strong>\u00bb Usage de logiciels usuels.<\/td>\n<td style=\"text-align: justify\">Les \u00e9l\u00e8ves apprennent \u00e0 connaitre\u00a0l\u2019organisation d\u2019un environnement\u00a0num\u00e9rique. Ils d\u00e9crivent un syst\u00e8me technique\u00a0par ses composants et leurs relations. Les\u00a0\u00e9l\u00e8ves d\u00e9couvrent l\u2019algorithme en utilisant des\u00a0logiciels d\u2019applications visuelles et ludiques.<br \/>\nIls exploitent les moyens informatiques en\u00a0pratiquant le travail collaboratif. Les \u00e9l\u00e8ves\u00a0maitrisent le fonctionnement de logiciels<br \/>\nusuels et s\u2019approprient leur fonctionnement.<\/td>\n<\/tr>\n<\/tbody>\n<\/table>\n<hr \/>\n<h3><span style=\"text-decoration: underline\"><span style=\"color: #000000;text-decoration: underline\">Exemple de structuration de connaissances<\/span><\/span><\/h3>\n<p><a href=\"https:\/\/ent2d.ac-bordeaux.fr\/disciplines\/sti-college\/wp-content\/uploads\/sites\/63\/2016\/11\/C3-MOT-5c1-MoyensNumeriquesReseau.jpg\"><img loading=\"lazy\" decoding=\"async\" class=\"alignnone wp-image-3444 size-full\" src=\"https:\/\/ent2d.ac-bordeaux.fr\/disciplines\/sti-college\/wp-content\/uploads\/sites\/63\/2016\/11\/C3-MOT-5c1-MoyensNumeriquesReseau.jpg\" width=\"1600\" height=\"900\" srcset=\"https:\/\/ent2d.ac-bordeaux.fr\/disciplines\/sti-college\/wp-content\/uploads\/sites\/63\/2016\/11\/C3-MOT-5c1-MoyensNumeriquesReseau.jpg 1600w, https:\/\/ent2d.ac-bordeaux.fr\/disciplines\/sti-college\/wp-content\/uploads\/sites\/63\/2016\/11\/C3-MOT-5c1-MoyensNumeriquesReseau-300x169.jpg 300w, https:\/\/ent2d.ac-bordeaux.fr\/disciplines\/sti-college\/wp-content\/uploads\/sites\/63\/2016\/11\/C3-MOT-5c1-MoyensNumeriquesReseau-768x432.jpg 768w, https:\/\/ent2d.ac-bordeaux.fr\/disciplines\/sti-college\/wp-content\/uploads\/sites\/63\/2016\/11\/C3-MOT-5c1-MoyensNumeriquesReseau-1024x576.jpg 1024w\" sizes=\"auto, (max-width: 1600px) 100vw, 1600px\" \/><\/a><\/p>\n<table border=\"0\" cellspacing=\"1\" cellpadding=\"1\">\n<tbody>\n<tr>\n<td><a href=\"https:\/\/blogacabdx.ac-bordeaux.fr\/ressii\/wp-content\/uploads\/sites\/10\/2016\/11\/C3-MOT-5c1-MoyensNumeriquesReseau.jpg\" target=\"_blank\" rel=\"noopener noreferrer\"><img loading=\"lazy\" decoding=\"async\" class=\"alignnone wp-image-1491\" src=\"https:\/\/ent2d.ac-bordeaux.fr\/disciplines\/sti-college\/wp-content\/uploads\/sites\/63\/2016\/06\/jpg.png\" width=\"51\" height=\"51\" srcset=\"https:\/\/ent2d.ac-bordeaux.fr\/disciplines\/sti-college\/wp-content\/uploads\/sites\/63\/2016\/06\/jpg.png 256w, https:\/\/ent2d.ac-bordeaux.fr\/disciplines\/sti-college\/wp-content\/uploads\/sites\/63\/2016\/06\/jpg-150x150.png 150w\" sizes=\"auto, (max-width: 51px) 100vw, 51px\" \/><\/a><br \/>\n<a href=\"https:\/\/blogacabdx.ac-bordeaux.fr\/ressii\/wp-content\/uploads\/sites\/10\/2016\/11\/C3-MOT-5c1-MoyensNumeriquesReseau.jpg\" target=\"_blank\" rel=\"noopener noreferrer\"><span style=\"color: #0066cc\">Fiche \u00e9l\u00e8ve format\u00a0image<\/span><\/a><\/td>\n<td><u><span style=\"color: #0066cc\"><img loading=\"lazy\" decoding=\"async\" class=\"alignnone wp-image-38\" src=\"https:\/\/ent2d.ac-bordeaux.fr\/disciplines\/sti-college\/wp-content\/uploads\/sites\/63\/2015\/03\/logoVideo2.jpg\" alt=\"logoVideo2\" width=\"50\" height=\"51\" \/><br \/>\n<\/span><\/u> Format vid\u00e9o Mp4<\/td>\n<td><a href=\"https:\/\/ent2d.ac-bordeaux.fr\/disciplines\/sti-college\/wp-content\/uploads\/sites\/63\/2016\/11\/C3-MOT-5c1-MoyensNumeriquesReseau.pdf\" target=\"_blank\" rel=\"noopener noreferrer\"><img loading=\"lazy\" decoding=\"async\" class=\"alignnone wp-image-3196\" src=\"https:\/\/ent2d.ac-bordeaux.fr\/disciplines\/sti-college\/wp-content\/uploads\/sites\/63\/2016\/09\/pdf_eleve.jpg\" width=\"52\" height=\"52\" \/><\/a><br \/>\n<a href=\"https:\/\/ent2d.ac-bordeaux.fr\/disciplines\/sti-college\/wp-content\/uploads\/sites\/63\/2016\/11\/C3-MOT-5c1-MoyensNumeriquesReseau.pdf\" target=\"_blank\" rel=\"noopener noreferrer\">Fiche \u00e9l\u00e8ve PDF<\/a><\/td>\n<td><a href=\"https:\/\/ent2d.ac-bordeaux.fr\/disciplines\/sti-college\/wp-content\/uploads\/sites\/63\/2016\/09\/FPv7-ST_MOT_5-Communication-et-la-gestion-de-linformation.docx.pdf\" target=\"_blank\" rel=\"noopener noreferrer\"><img loading=\"lazy\" decoding=\"async\" class=\"alignnone wp-image-3194\" src=\"https:\/\/ent2d.ac-bordeaux.fr\/disciplines\/sti-college\/wp-content\/uploads\/sites\/63\/2016\/09\/pdf_prof.jpg\" width=\"52\" height=\"52\" \/><\/a><br \/>\n<a href=\"https:\/\/ent2d.ac-bordeaux.fr\/disciplines\/sti-college\/wp-content\/uploads\/sites\/63\/2016\/09\/FPv7-ST_MOT_5-Communication-et-la-gestion-de-linformation.docx.pdf\" target=\"_blank\" rel=\"noopener noreferrer\"><span style=\"color: #0066cc\">Fiche professeur PDF<\/span><\/a><\/td>\n<\/tr>\n<\/tbody>\n<\/table>\n<p><a href=\"https:\/\/ent2d.ac-bordeaux.fr\/disciplines\/sti-college\/wp-content\/uploads\/sites\/63\/2016\/11\/C3-MOT-5c2-MoyensNumeriquesReseau.jpg\"><img loading=\"lazy\" decoding=\"async\" class=\"alignnone wp-image-3445 size-full\" src=\"https:\/\/ent2d.ac-bordeaux.fr\/disciplines\/sti-college\/wp-content\/uploads\/sites\/63\/2016\/11\/C3-MOT-5c2-MoyensNumeriquesReseau.jpg\" width=\"1600\" height=\"900\" srcset=\"https:\/\/ent2d.ac-bordeaux.fr\/disciplines\/sti-college\/wp-content\/uploads\/sites\/63\/2016\/11\/C3-MOT-5c2-MoyensNumeriquesReseau.jpg 1600w, https:\/\/ent2d.ac-bordeaux.fr\/disciplines\/sti-college\/wp-content\/uploads\/sites\/63\/2016\/11\/C3-MOT-5c2-MoyensNumeriquesReseau-300x169.jpg 300w, https:\/\/ent2d.ac-bordeaux.fr\/disciplines\/sti-college\/wp-content\/uploads\/sites\/63\/2016\/11\/C3-MOT-5c2-MoyensNumeriquesReseau-768x432.jpg 768w, https:\/\/ent2d.ac-bordeaux.fr\/disciplines\/sti-college\/wp-content\/uploads\/sites\/63\/2016\/11\/C3-MOT-5c2-MoyensNumeriquesReseau-1024x576.jpg 1024w\" sizes=\"auto, (max-width: 1600px) 100vw, 1600px\" \/><\/a><\/p>\n<table border=\"0\" cellspacing=\"1\" cellpadding=\"1\">\n<tbody>\n<tr>\n<td><a href=\"https:\/\/blogacabdx.ac-bordeaux.fr\/ressii\/wp-content\/uploads\/sites\/10\/2016\/11\/C3-MOT-5c2-MoyensNumeriquesReseau.jpg\" target=\"_blank\" rel=\"noopener noreferrer\"><img loading=\"lazy\" decoding=\"async\" class=\"alignnone wp-image-1491\" src=\"https:\/\/ent2d.ac-bordeaux.fr\/disciplines\/sti-college\/wp-content\/uploads\/sites\/63\/2016\/06\/jpg.png\" width=\"51\" height=\"51\" srcset=\"https:\/\/ent2d.ac-bordeaux.fr\/disciplines\/sti-college\/wp-content\/uploads\/sites\/63\/2016\/06\/jpg.png 256w, https:\/\/ent2d.ac-bordeaux.fr\/disciplines\/sti-college\/wp-content\/uploads\/sites\/63\/2016\/06\/jpg-150x150.png 150w\" sizes=\"auto, (max-width: 51px) 100vw, 51px\" \/><\/a><br \/>\n<a href=\"https:\/\/blogacabdx.ac-bordeaux.fr\/ressii\/wp-content\/uploads\/sites\/10\/2016\/07\/C3-MOT5e-MoyensNumeriquesReseau.jpg\" target=\"_blank\" rel=\"noopener noreferrer\"><span style=\"color: #0066cc\">Fiche \u00e9l\u00e8ve format\u00a0image<\/span><\/a><\/td>\n<td><u><span style=\"color: #0066cc\"><img loading=\"lazy\" decoding=\"async\" class=\"alignnone wp-image-38\" src=\"https:\/\/ent2d.ac-bordeaux.fr\/disciplines\/sti-college\/wp-content\/uploads\/sites\/63\/2015\/03\/logoVideo2.jpg\" alt=\"logoVideo2\" width=\"50\" height=\"51\" \/><br \/>\n<\/span><\/u> Format vid\u00e9o Mp4<\/td>\n<td><a href=\"https:\/\/ent2d.ac-bordeaux.fr\/disciplines\/sti-college\/wp-content\/uploads\/sites\/63\/2016\/11\/C3-MOT-5c2-MoyensNumeriquesReseau.pdf\" target=\"_blank\" rel=\"noopener noreferrer\"><img loading=\"lazy\" decoding=\"async\" class=\"alignnone wp-image-3196\" src=\"https:\/\/ent2d.ac-bordeaux.fr\/disciplines\/sti-college\/wp-content\/uploads\/sites\/63\/2016\/09\/pdf_eleve.jpg\" width=\"52\" height=\"52\" \/><\/a><br \/>\n<a href=\"https:\/\/ent2d.ac-bordeaux.fr\/disciplines\/sti-college\/wp-content\/uploads\/sites\/63\/2016\/11\/C3-MOT-5c2-MoyensNumeriquesReseau.pdf\" target=\"_blank\" rel=\"noopener noreferrer\">Fiche \u00e9l\u00e8ve PDF<\/a><\/td>\n<td><a href=\"https:\/\/ent2d.ac-bordeaux.fr\/disciplines\/sti-college\/wp-content\/uploads\/sites\/63\/2016\/09\/FPv7-ST_MOT_5-Communication-et-la-gestion-de-linformation.docx.pdf\" target=\"_blank\" rel=\"noopener noreferrer\"><img loading=\"lazy\" decoding=\"async\" class=\"alignnone wp-image-3194\" src=\"https:\/\/ent2d.ac-bordeaux.fr\/disciplines\/sti-college\/wp-content\/uploads\/sites\/63\/2016\/09\/pdf_prof.jpg\" width=\"52\" height=\"52\" \/><\/a><br \/>\n<a href=\"https:\/\/ent2d.ac-bordeaux.fr\/disciplines\/sti-college\/wp-content\/uploads\/sites\/63\/2016\/09\/FPv7-ST_MOT_5-Communication-et-la-gestion-de-linformation.docx.pdf\" target=\"_blank\" rel=\"noopener noreferrer\"><span style=\"color: #0066cc\">Fiche professeur PDF<\/span><\/a><\/td>\n<\/tr>\n<\/tbody>\n<\/table>\n<h3><span style=\"color: #000000\">\u00a0<\/span><\/h3>\n<hr \/>\n<h3><span style=\"color: #000000\"><span style=\"text-decoration: underline\">Exemple d&#8217;exploitation p\u00e9dagogique<\/span><\/span><\/h3>\n<table style=\"width: 100%\" border=\"0\" cellspacing=\"1\" cellpadding=\"1\">\n<tbody>\n<tr>\n<td style=\"text-align: left\"><strong>Pistes de situations d\u00e9clenchantes<\/strong><\/td>\n<td style=\"text-align: justify\"><span style=\"font-weight: 400\">Partir d\u2019une mise en situation o\u00f9 l\u2019on a seulement une unit\u00e9 centrale \u00e0 sa disposition et l\u2019on a besoin du reste du mat\u00e9riel pour travailler en local et en r\u00e9seau. Comme travail, nous aurons besoin de :<\/span><\/p>\n<ul>\n<li style=\"font-weight: 400\"><span style=\"font-weight: 400\">Rechercher des informations sur internet,<\/span><\/li>\n<li style=\"font-weight: 400\"><span style=\"font-weight: 400\">Sauvegarder nos fichiers de travail \u00e0 un endroit accessible depuis n\u2019importe quel autre ordinateur de la salle en utilisant notre propre compte,<\/span><\/li>\n<li style=\"font-weight: 400\"><span style=\"font-weight: 400\">Tous imprimer sur la m\u00eame imprimante,<\/span><\/li>\n<li style=\"font-weight: 400\"><span style=\"font-weight: 400\">Partir d\u2019une photo avec un r\u00e9seau et des points d\u2019interrogation au-dessus de chaque \u00e9l\u00e9ment qui le constitue &#8230;<\/span><\/li>\n<\/ul>\n<\/td>\n<\/tr>\n<tr>\n<td style=\"text-align: left\"><strong>Pistes probl\u00e8mes<\/strong> <strong>technologiques<\/strong><\/td>\n<td style=\"text-align: left\">\n<ul>\n<li><span style=\"font-weight: 400\">Quel est le mat\u00e9riel n\u00e9cessaire \u00e0 ajouter \u00e0 partir d\u2019une unit\u00e9 centrale pour pourvoir travailler ? <\/span><\/li>\n<li><span style=\"font-weight: 400\">C<\/span>omment peut-on faire telle ou telle action avec un ordinateur, avec quel mat\u00e9riel ? (diff\u00e9rentes actions \u00e0 proposer)<\/li>\n<li>Comment sont branch\u00e9s tous les p\u00e9riph\u00e9riques d\u2019une unit\u00e9 centrale ?<\/li>\n<li>Comment font les ordinateurs de l\u2019\u00e9tablissement pour communiquer en r\u00e9seau ?<\/li>\n<li>Pourquoi pouvons-nous retrouver au CDI le fichier r\u00e9alis\u00e9 dans la salle de S&amp;T ? (Par o\u00f9 passent les donn\u00e9es ?)<\/li>\n<\/ul>\n<\/td>\n<\/tr>\n<tr>\n<td style=\"text-align: left\"><strong>Ressources Outils \u00e0 exploiter<\/strong><\/td>\n<td style=\"text-align: left\">&nbsp;<\/p>\n<ul>\n<li style=\"font-weight: 400\"><span style=\"font-weight: 400\">Mat\u00e9riel informatique de la salle de Sciences et Technologies. Mat\u00e9riel \u00e0 montrer des baies de brassage des c\u00e2bles r\u00e9seau et du serveur de l\u2019\u00e9tablissement.<\/span><\/li>\n<li style=\"font-weight: 400\"><span style=\"font-weight: 400\">Animations du site Technoflash <\/span><a href=\"http:\/\/www.techno-flash.com\/\"><span style=\"font-weight: 400\">http:\/\/www.techno-flash.com\/<\/span><\/a><span style=\"font-weight: 400\">, de la cit\u00e9 des sciences <\/span><a href=\"http:\/\/www.cite-sciences.fr\/au-programme\/lieux-ressources\/carrefour-numerique2\/tutoriel\/internet\/cyberbase07_home.html\"><span style=\"font-weight: 400\">http:\/\/www.cite-sciences.fr\/au-programme\/lieux-ressources\/carrefour-numerique2\/tutoriel\/internet\/cyberbase07_home.html<\/span><\/a><\/li>\n<\/ul>\n<\/td>\n<\/tr>\n<tr>\n<td style=\"text-align: left\"><strong>Pistes d\u2019activit\u00e9s<\/strong><\/td>\n<td style=\"text-align: left\">\n<ul>\n<li style=\"font-weight: 400\"><span style=\"font-weight: 400\">Faire un \u00e9tat des lieux du mat\u00e9riel informatique de la salle de Sciences et Technologie, donner la fonction des appareils identifi\u00e9s.<\/span><\/li>\n<li style=\"font-weight: 400\"><span style=\"font-weight: 400\">D\u00e9terminer les \u00e9l\u00e9ments informatiques n\u00e9cessaires pour se servir de l\u2019unit\u00e9 centrale.<\/span><\/li>\n<li style=\"font-weight: 400\"><span style=\"font-weight: 400\">Identifier les appareils c\u00e2bl\u00e9s dans le r\u00e9seau du coll\u00e8ge, ceux raccord\u00e9s \u00e0 l\u2019unit\u00e9 centrale \u2026<\/span><\/li>\n<li style=\"font-weight: 400\"><span style=\"font-weight: 400\">Connecter tous les p\u00e9riph\u00e9riques d\u2019entr\u00e9e et de sortie sur une unit\u00e9 centrale (postes informatiques dont tout le mat\u00e9riel a \u00e9t\u00e9 d\u00e9branch\u00e9 au pr\u00e9alable).<\/span><\/li>\n<li style=\"font-weight: 400\"><span style=\"font-weight: 400\">R\u00e9aliser un petit r\u00e9seau d\u2019un point de vue mat\u00e9riel avec un hub entre 2 postes informatique et une imprimante r\u00e9seau.<\/span><\/li>\n<\/ul>\n<\/td>\n<\/tr>\n<tr>\n<td style=\"text-align: left\"><strong>Exemples d\u2019objets<\/strong> <strong>supports<\/strong><\/td>\n<td style=\"text-align: left\">\n<ul>\n<li style=\"font-weight: 400\"><span style=\"font-weight: 400\">Comp\u00e9tence transversale \u00e0 toutes les autres comp\u00e9tences.<\/span><\/li>\n<li style=\"font-weight: 400\"><span style=\"font-weight: 400\">Mat\u00e9riel informatique de la salle de Sciences et Technologie et du coll\u00e8ge.<\/span><\/li>\n<\/ul>\n<\/td>\n<\/tr>\n<\/tbody>\n<\/table>\n<hr \/>\n<h3><span style=\"text-decoration: underline;color: #000000\">Pour aller plus loin<\/span><\/h3>\n<ul>\n<li><a href=\"http:\/\/www.techno-flash.com\/index.htm\" target=\"_blank\" rel=\"noopener noreferrer\"><span style=\"font-weight: 400\">Animations, Activit\u00e9s et Quiz du site techno-flash<\/span><\/a><\/li>\n<li><a href=\"http:\/\/www.cea.fr\/multimedia\/Pages\/animations\/technologies\/fonctionnement-ordinateur.aspx\" target=\"_blank\" rel=\"noopener noreferrer\"><span style=\"font-weight: 400\">Animation du CEA<\/span><\/a><\/li>\n<li><a href=\"http:\/\/www.cite-sciences.fr\/fr\/ressources\/juniors\/bidouilles-et-manips\/information-communication\/\" target=\"_blank\" rel=\"noopener noreferrer\"><span style=\"font-weight: 400\">Animations de la Cit\u00e9 des Sciences et de l\u2019Industrie<\/span><\/a><\/li>\n<li><a href=\"http:\/\/www.netpublic.fr\/jeuplanete01\/index.html\" target=\"_blank\" rel=\"noopener noreferrer\"><span style=\"font-weight: 400\">NetPublic (jeu en ligne)<\/span><\/a><\/li>\n<li><a href=\"http:\/\/www.fil.univ-lille1.fr\/~sedoglav\/RSX\/Introduction.pdf\" target=\"_blank\" rel=\"noopener noreferrer\"><span style=\"font-weight: 400\">Introduction aux r\u00e9seaux informatiques<\/span><\/a><\/li>\n<li><a href=\"https:\/\/www.pedagogie.ac-aix-marseille.fr\/upload\/docs\/application\/pdf\/2012-07\/formation_reseau.pdf\" target=\"_blank\" rel=\"noopener noreferrer\"><span style=\"font-weight: 400\">Quelques d\u00e9finitions sur les r\u00e9seaux<\/span><\/a><\/li>\n<\/ul>\n<hr \/>\n<h3><\/h3>\n","protected":false},"excerpt":{"rendered":"<p>R\u00e9f\u00e9rence au texte officiel THEME : MATERIAUX ET OBJETS TECHNIQUES Connaissances et comp\u00e9tences associ\u00e9es Exemples de situations, d\u2019activit\u00e9s et de<\/p>\n","protected":false},"author":210,"featured_media":0,"parent":0,"menu_order":0,"comment_status":"closed","ping_status":"closed","template":"","meta":{"footnotes":""},"class_list":["post-1752","page","type-page","status-publish","hentry"],"_links":{"self":[{"href":"https:\/\/ent2d.ac-bordeaux.fr\/disciplines\/sti-college\/wp-json\/wp\/v2\/pages\/1752","targetHints":{"allow":["GET"]}}],"collection":[{"href":"https:\/\/ent2d.ac-bordeaux.fr\/disciplines\/sti-college\/wp-json\/wp\/v2\/pages"}],"about":[{"href":"https:\/\/ent2d.ac-bordeaux.fr\/disciplines\/sti-college\/wp-json\/wp\/v2\/types\/page"}],"author":[{"embeddable":true,"href":"https:\/\/ent2d.ac-bordeaux.fr\/disciplines\/sti-college\/wp-json\/wp\/v2\/users\/210"}],"replies":[{"embeddable":true,"href":"https:\/\/ent2d.ac-bordeaux.fr\/disciplines\/sti-college\/wp-json\/wp\/v2\/comments?post=1752"}],"version-history":[{"count":1,"href":"https:\/\/ent2d.ac-bordeaux.fr\/disciplines\/sti-college\/wp-json\/wp\/v2\/pages\/1752\/revisions"}],"predecessor-version":[{"id":8378,"href":"https:\/\/ent2d.ac-bordeaux.fr\/disciplines\/sti-college\/wp-json\/wp\/v2\/pages\/1752\/revisions\/8378"}],"wp:attachment":[{"href":"https:\/\/ent2d.ac-bordeaux.fr\/disciplines\/sti-college\/wp-json\/wp\/v2\/media?parent=1752"}],"curies":[{"name":"wp","href":"https:\/\/api.w.org\/{rel}","templated":true}]}}