{"id":6669,"date":"2024-01-29T11:23:30","date_gmt":"2024-01-29T10:23:30","guid":{"rendered":"https:\/\/ent2d.ac-bordeaux.fr\/disciplines\/semaine-des-maths\/?page_id=6669"},"modified":"2024-12-08T12:25:34","modified_gmt":"2024-12-08T11:25:34","slug":"presentation-de-la-semaine-des-mathematiques-2024","status":"publish","type":"page","link":"https:\/\/ent2d.ac-bordeaux.fr\/disciplines\/semaine-des-maths\/presentation-de-la-semaine-des-mathematiques-2024\/","title":{"rendered":"Pr\u00e9sentation de la semaine des math\u00e9matiques 2025"},"content":{"rendered":"\n<p>La Semaine des math\u00e9matiques a pour objectif d\u2019offrir \u00e0 tous les \u00e9l\u00e8ves des \u00e9coles, coll\u00e8ges et lyc\u00e9es ainsi qu&#8217;\u00e0 leurs parents,&nbsp;<strong>une image actuelle, vivante et attractive des math\u00e9matiques<\/strong>.<\/p>\n\n\n<div class=\"wp-block-image\">\n<figure class=\"alignright size-full is-resized\"><img loading=\"lazy\" decoding=\"async\" width=\"1024\" height=\"558\" src=\"https:\/\/ent2d.ac-bordeaux.fr\/disciplines\/semaine-des-maths\/wp-content\/uploads\/sites\/17\/2024\/12\/2025_semaine-maths_banner_1340x730.png\" alt=\"\" class=\"wp-image-7380\" style=\"width:341px;height:auto\" srcset=\"https:\/\/ent2d.ac-bordeaux.fr\/disciplines\/semaine-des-maths\/wp-content\/uploads\/sites\/17\/2024\/12\/2025_semaine-maths_banner_1340x730.png 1024w, https:\/\/ent2d.ac-bordeaux.fr\/disciplines\/semaine-des-maths\/wp-content\/uploads\/sites\/17\/2024\/12\/2025_semaine-maths_banner_1340x730-300x163.png 300w, https:\/\/ent2d.ac-bordeaux.fr\/disciplines\/semaine-des-maths\/wp-content\/uploads\/sites\/17\/2024\/12\/2025_semaine-maths_banner_1340x730-768x418.png 768w, https:\/\/ent2d.ac-bordeaux.fr\/disciplines\/semaine-des-maths\/wp-content\/uploads\/sites\/17\/2024\/12\/2025_semaine-maths_banner_1340x730-825x449.png 825w\" sizes=\"auto, (max-width: 1024px) 100vw, 1024px\" \/><\/figure>\n<\/div>\n\n\n<p>Chaque printemps, cette semaine s&#8217;attache \u00e0 sensibiliser le grand public \u00e0 l&#8217;aspect culturel des math\u00e9matiques en montrant le r\u00f4le essentiel qu&#8217;elles jouent dans l&#8217;histoire de l&#8217;humanit\u00e9, notamment du point de vue de la compr\u00e9hension scientifique du monde. Elle entend ainsi valoriser les nombreuses actions mises en \u0153uvre tout au long de l&#8217;ann\u00e9e en faveur du rayonnement des math\u00e9matiques.<\/p>\n\n\n\n<p>Cette op\u00e9ration est \u00e9galement l&#8217;occasion de&nbsp;<strong>souligner l&#8217;importance qu&#8217;ont les math\u00e9matiques dans la formation des citoyens et citoyennes<\/strong>&nbsp;(contribution \u00e0 l&#8217;apprentissage du raisonnement, structuration de la pens\u00e9e, etc.) et dans leur vie quotidienne (nombres, formes, mesures, sciences du num\u00e9rique, etc.). Cette semaine permet \u00e9galement de mettre en \u00e9vidence la vari\u00e9t\u00e9 des m\u00e9tiers dans lesquels les math\u00e9matiques jouent un r\u00f4le majeur, ainsi que la&nbsp;<strong>richesse des liens que les math\u00e9matiques entretiennent avec d&#8217;autres disciplines, qu&#8217;elles soient scientifiques, techniques ou artistiques&nbsp;<\/strong>(musique, litt\u00e9rature, arts visuels).<\/p>\n\n\n\n<p>R\u00e9pondant pleinement \u00e0 la volont\u00e9 de r\u00e9concilier tous les \u00e9l\u00e8ves avec les math\u00e9matiques et promouvoir l&#8217;excellence, d\u00e9construire les repr\u00e9sentations sur les math\u00e9matiques et leur r\u00e9putation \u00e9litiste, encourager l\u2019\u00e9galit\u00e9 filles-gar\u00e7ons et la mixit\u00e9 sociale,&nbsp;<strong>la Semaine des math\u00e9matiques permet de faire d\u00e9couvrir \u00e0 tous les \u00e9l\u00e8ves le plaisir de faire des math\u00e9matiques et favorise l&#8217;\u00e9closion d&#8217;une v\u00e9ritable culture scientifique<\/strong>. Les \u00e9coles et les \u00e9tablissements sont alors des lieux d&#8217;exp\u00e9rimentation pour pouvoir mettre en place le triptyque \u00ab&nbsp;manipuler, verbaliser, abstraire&nbsp;\u00bb.<\/p>\n\n\n\n<p>Pour son \u00e9dition 2025, la semaine des math\u00e9matiques invite \u00e0 repenser le rapport aux espaces d\u2019apprentissage en repoussant les fronti\u00e8res de la salle de classe. Constituant un moment en rupture avec les temps habituels de la classe, cette semaine hors les murs favorise l\u2019int\u00e9gration des math\u00e9matiques dans le quotidien, faisant vivre des situations ancr\u00e9es dans le r\u00e9el, porteuses de sens, tissant des liens entre les math\u00e9matiques enseign\u00e9es et des exp\u00e9riences plus concr\u00e8tes. Elle permet de diversifier la contextualisation des savoirs, facilitant ainsi un enracinement des savoirs dans le temps long. Ce pas de c\u00f4t\u00e9 est l\u2019opportunit\u00e9 de modifier les interactions entre \u00e9l\u00e8ves et celles entre les \u00e9l\u00e8ves et le professeur, permettant de cr\u00e9er de nouvelles dynamiques favorables \u00e0 la coop\u00e9ration et la cr\u00e9ation.<\/p>\n\n\n\n<p>Dans l\u2019Acad\u00e9mie de Bordeaux, comme partout en France, des actions sont propos\u00e9es aux \u00e9l\u00e8ves, aux parents, aux enseignants et au grand public par les \u00e9tablissements scolaires et les partenaires scientifiques: <a href=\"https:\/\/ent2d.ac-bordeaux.fr\/disciplines\/semaine-des-maths\/les-concours-de-mathematiques\/\">Concours<\/a>, <a href=\"https:\/\/ent2d.ac-bordeaux.fr\/disciplines\/semaine-des-maths\/category\/enigmes\/\">\u00c9nigmes<\/a>, Conf\u00e9rences de scientifiques ou table-ronde , ateliers de jeux math\u00e9matiques, expositions\u2026<\/p>\n\n\n<div class=\"wp-block-image\">\n<figure class=\"alignright size-full\"><img loading=\"lazy\" decoding=\"async\" width=\"395\" height=\"561\" src=\"https:\/\/ent2d.ac-bordeaux.fr\/disciplines\/semaine-des-maths\/wp-content\/uploads\/sites\/17\/2024\/03\/Affichedef.jpg\" alt=\"\" class=\"wp-image-6803\" srcset=\"https:\/\/ent2d.ac-bordeaux.fr\/disciplines\/semaine-des-maths\/wp-content\/uploads\/sites\/17\/2024\/03\/Affichedef.jpg 395w, https:\/\/ent2d.ac-bordeaux.fr\/disciplines\/semaine-des-maths\/wp-content\/uploads\/sites\/17\/2024\/03\/Affichedef-211x300.jpg 211w\" sizes=\"auto, (max-width: 395px) 100vw, 395px\" \/><\/figure>\n<\/div>\n\n\n<p>Vous pouvez \u00e9galement vous inspirer des actions men\u00e9es les <a href=\"https:\/\/ent2d.ac-bordeaux.fr\/disciplines\/semaine-des-maths\/2024\/12\/08\/archives-semaine-des-mathematiques\/\">ann\u00e9es pr\u00e9c\u00e9dentes<\/a> dans l\u2019Acad\u00e9mie de Bordeaux.<\/p>\n\n\n\n<p><strong>Si vous avez des projets d\u2019actions, nous pouvons vous aider \u00e0 trouver des partenaires ou intervenants. Pensez \u00e0 nous communiquer liens, ressources, photos et productions \u00e0 publier sur ce site.<\/strong><\/p>\n\n\n\n<h2 class=\"wp-block-heading\">Pour en savoir plus et \u00eatre tenu au courant<\/h2>\n\n\n\n<ul class=\"wp-block-list\">\n<li><strong><a href=\"https:\/\/ent2d.ac-bordeaux.fr\/disciplines\/semaine-des-maths\/\">Ce site, d\u00e9di\u00e9 \u00e0 la Semaine des Math\u00e9matiques dans l\u2019Acad\u00e9mie de Bordeaux<\/a><\/strong><\/li>\n\n\n\n<li><a href=\"https:\/\/www.facebook.com\/SemaineDesMathsAcBordeaux\/\">Page Facebook<\/a><\/li>\n\n\n\n<li><a href=\"https:\/\/twitter.com\/semainemathsbdx\">Compte Twitter<\/a><\/li>\n\n\n\n<li><a href=\"http:\/\/eduscol.education.fr\/cid59178\/semaine-des-mathematiques.html\">Page Eduscol d\u00e9di\u00e9e \u00e0 la Semaine des Maths<\/a><\/li>\n\n\n\n<li><strong><a href=\"https:\/\/ent2d.ac-bordeaux.fr\/disciplines\/semaine-des-maths\/wp-content\/uploads\/sites\/17\/2023\/01\/2023_semaine-maths_guide.pdf\">Guide national 2023<\/a><\/strong><\/li>\n<\/ul>\n","protected":false},"excerpt":{"rendered":"<p>La Semaine des math\u00e9matiques a pour objectif d\u2019offrir \u00e0 tous les \u00e9l\u00e8ves des \u00e9coles, coll\u00e8ges et lyc\u00e9es ainsi qu&#8217;\u00e0 leurs parents,&nbsp;une image actuelle, vivante et attractive des math\u00e9matiques. Chaque printemps, cette semaine s&#8217;attache \u00e0 sensibiliser le grand public \u00e0 l&#8217;aspect culturel des math\u00e9matiques en montrant le r\u00f4le essentiel qu&#8217;elles jouent dans l&#8217;histoire de l&#8217;humanit\u00e9, notamment &hellip; <\/p>\n<p><a class=\"more-link btn\" href=\"https:\/\/ent2d.ac-bordeaux.fr\/disciplines\/semaine-des-maths\/presentation-de-la-semaine-des-mathematiques-2024\/\">Lire la suite<\/a><\/p>\n","protected":false},"author":895,"featured_media":0,"parent":0,"menu_order":0,"comment_status":"closed","ping_status":"closed","template":"","meta":{"footnotes":""},"class_list":["post-6669","page","type-page","status-publish","hentry","nodate","item-wrap"],"_links":{"self":[{"href":"https:\/\/ent2d.ac-bordeaux.fr\/disciplines\/semaine-des-maths\/wp-json\/wp\/v2\/pages\/6669","targetHints":{"allow":["GET"]}}],"collection":[{"href":"https:\/\/ent2d.ac-bordeaux.fr\/disciplines\/semaine-des-maths\/wp-json\/wp\/v2\/pages"}],"about":[{"href":"https:\/\/ent2d.ac-bordeaux.fr\/disciplines\/semaine-des-maths\/wp-json\/wp\/v2\/types\/page"}],"author":[{"embeddable":true,"href":"https:\/\/ent2d.ac-bordeaux.fr\/disciplines\/semaine-des-maths\/wp-json\/wp\/v2\/users\/895"}],"replies":[{"embeddable":true,"href":"https:\/\/ent2d.ac-bordeaux.fr\/disciplines\/semaine-des-maths\/wp-json\/wp\/v2\/comments?post=6669"}],"version-history":[{"count":7,"href":"https:\/\/ent2d.ac-bordeaux.fr\/disciplines\/semaine-des-maths\/wp-json\/wp\/v2\/pages\/6669\/revisions"}],"predecessor-version":[{"id":7388,"href":"https:\/\/ent2d.ac-bordeaux.fr\/disciplines\/semaine-des-maths\/wp-json\/wp\/v2\/pages\/6669\/revisions\/7388"}],"wp:attachment":[{"href":"https:\/\/ent2d.ac-bordeaux.fr\/disciplines\/semaine-des-maths\/wp-json\/wp\/v2\/media?parent=6669"}],"curies":[{"name":"wp","href":"https:\/\/api.w.org\/{rel}","templated":true}]}}