{"id":756,"date":"2025-07-25T13:08:02","date_gmt":"2025-07-25T11:08:02","guid":{"rendered":"https:\/\/ent2d.ac-bordeaux.fr\/disciplines\/sei\/?page_id=756"},"modified":"2025-12-07T14:50:16","modified_gmt":"2025-12-07T13:50:16","slug":"mathematiques","status":"publish","type":"page","link":"https:\/\/ent2d.ac-bordeaux.fr\/disciplines\/sei\/enseigner\/ressources-disciplinaires\/mathematiques\/","title":{"rendered":"Math\u00e9matiques"},"content":{"rendered":"\n<blockquote class=\"wp-block-quote is-layout-flow wp-block-quote-is-layout-flow\">\n<p class=\"has-vivid-cyan-blue-color has-text-color has-link-color has-medium-font-size wp-elements-c16cae9c09591a501e7be25b57a3cf47\"><em>Cycle 1<\/em><\/p>\n<\/blockquote>\n\n\n\n<p class=\"has-black-color has-text-color has-link-color wp-elements-4f39381991e3fdcae4256d6f7fc27c63\">Le&nbsp;<a href=\"https:\/\/ent2d.ac-bordeaux.fr\/disciplines\/sei\/wp-content\/uploads\/sites\/78\/2025\/12\/Programme-maths-cycle-1.pdf\" data-type=\"attachment\" data-id=\"948\" target=\"_blank\" rel=\"noreferrer noopener\"><mark style=\"background-color:#ffffff\" class=\"has-inline-color has-vivid-cyan-blue-color\">programme d\u2019enseignement pour l\u2019acquisition des premiers outils math\u00e9matiques du cycle 1<\/mark><\/a>&nbsp;a \u00e9t\u00e9 publi\u00e9 au BO du 31 octobre 2024.&nbsp;Il entre en application \u00e0 la rentr\u00e9e 2025.<\/p>\n\n\n\n<p class=\"has-black-color has-text-color has-link-color wp-elements-0539aad5879f87d2e03fa486c3d821a0\">Il est accompagn\u00e9 de&nbsp;<strong>livrets&nbsp;<\/strong>organis\u00e9s par \u00e2ge et destin\u00e9s \u00e0 proposer des exemples de mise en \u0153uvre du programme (s\u00e9quences, activit\u00e9s, etc.).<\/p>\n\n\n\n<ul class=\"wp-block-list\">\n<li class=\"has-black-color has-text-color has-link-color wp-elements-a8a21a79a99a677356aaa170bf7f777e\"><a href=\"https:\/\/ent2d.ac-bordeaux.fr\/disciplines\/sei\/wp-content\/uploads\/sites\/78\/2025\/12\/2025_livretaccompagnement_math_avant4ans.pdf\" data-type=\"attachment\" data-id=\"951\" target=\"_blank\" rel=\"noreferrer noopener\"><mark style=\"background-color:#ffffff\" class=\"has-inline-color has-vivid-cyan-blue-color\">Le livret pour enseigner aux \u00e9l\u00e8ves avant quatre ans<\/mark><\/a>&nbsp;et son&nbsp;<a href=\"https:\/\/ent2d.ac-bordeaux.fr\/disciplines\/sei\/wp-content\/uploads\/sites\/78\/2025\/12\/2025-annexe_livret_math_avant4ans.docx\" data-type=\"attachment\" data-id=\"952\" target=\"_blank\" rel=\"noreferrer noopener\"><mark style=\"background-color:#ffffff\" class=\"has-inline-color has-vivid-cyan-blue-color\">annexe<\/mark><\/a>&nbsp;pour la s\u00e9quence n\u00b0&nbsp;1 \u00ab&nbsp;Se familiariser avec les motifs organis\u00e9s&nbsp;\u00bb.<\/li>\n\n\n\n<li class=\"has-black-color has-text-color has-link-color wp-elements-f7ca604152f59e35788e52d6a518f21c\"><a href=\"https:\/\/ent2d.ac-bordeaux.fr\/disciplines\/sei\/wp-content\/uploads\/sites\/78\/2025\/12\/2025_livretaccompagnement_math_apartirde4ans_v3.pdf\" data-type=\"attachment\" data-id=\"949\" target=\"_blank\" rel=\"noreferrer noopener\"><mark style=\"background-color:#ffffff\" class=\"has-inline-color has-vivid-cyan-blue-color\">Le livret pour enseigner aux \u00e9l\u00e8ves \u00e0 partir de quatre ans<\/mark><\/a><a href=\"https:\/\/eduscol.education.fr\/document\/65869\/download\">.<\/a><\/li>\n\n\n\n<li class=\"has-black-color has-text-color has-link-color wp-elements-342d5c21849a8226fa0a2944ee805eff\"><a href=\"https:\/\/ent2d.ac-bordeaux.fr\/disciplines\/sei\/wp-content\/uploads\/sites\/78\/2025\/12\/2025_livretaccompagnement_math_apartirde5ans.pdf\" data-type=\"attachment\" data-id=\"950\" target=\"_blank\" rel=\"noreferrer noopener\"><mark style=\"background-color:#ffffff\" class=\"has-inline-color has-vivid-cyan-blue-color\">Le livret pour enseigner aux \u00e9l\u00e8ves \u00e0 partir de cinq ans<\/mark><\/a>&nbsp;et son&nbsp;<a href=\"https:\/\/ent2d.ac-bordeaux.fr\/disciplines\/sei\/wp-content\/uploads\/sites\/78\/2025\/12\/annexes-sequence-2-construire-la-bande-numerique-jsuqua-10.docx\" data-type=\"attachment\" data-id=\"953\" target=\"_blank\" rel=\"noreferrer noopener\"><mark style=\"background-color:#ffffff\" class=\"has-inline-color has-vivid-cyan-blue-color\">annexe<\/mark><\/a>&nbsp;pour la s\u00e9quence n\u00b0&nbsp;2 \u00ab&nbsp;Construire la bande num\u00e9rique jusqu&rsquo;\u00e0 10&nbsp;\u00bb.<\/li>\n<\/ul>\n\n\n\n<p class=\"has-black-color has-text-color has-link-color wp-elements-7f2eca90d056a212357cad6096ed0283\">Lien vers <a href=\"https:\/\/eduscol.education.fr\/2819\/acquerir-les-premiers-outils-mathematiques-cycle-1\" target=\"_blank\" rel=\"noreferrer noopener\"><mark style=\"background-color:#ffffff\" class=\"has-inline-color has-vivid-purple-color\">\u00c9duscol<\/mark><\/a>.<\/p>\n\n\n\n<div style=\"height:30px\" aria-hidden=\"true\" class=\"wp-block-spacer\"><\/div>\n\n\n\n<blockquote class=\"wp-block-quote is-layout-flow wp-block-quote-is-layout-flow\">\n<p class=\"has-vivid-cyan-blue-color has-text-color has-link-color has-medium-font-size wp-elements-acb340718e1f9245e6c1e75379e977e0\"><em>Cycle 2<\/em><\/p>\n<\/blockquote>\n\n\n\n<p class=\"has-black-color has-text-color has-link-color wp-elements-ff2c4eb8afd201c52733bc8bb10b9958\">Le&nbsp;<a href=\"https:\/\/ent2d.ac-bordeaux.fr\/disciplines\/sei\/wp-content\/uploads\/sites\/78\/2025\/12\/Programme-maths-cycle-2.pdf\" data-type=\"attachment\" data-id=\"956\" target=\"_blank\" rel=\"noreferrer noopener\"><mark style=\"background-color:#ffffff\" class=\"has-inline-color has-vivid-cyan-blue-color\">programme de math\u00e9matiques au cycle 2<\/mark><\/a>&nbsp;a \u00e9t\u00e9 publi\u00e9 au BO du 31 octobre 2024. Il entre en application \u00e0 la rentr\u00e9e scolaire 2025-2026 pour les classes de CP, de CE1 et de CE2.<\/p>\n\n\n\n<p class=\"has-black-color has-text-color has-link-color wp-elements-518c1f20fd7d67eb82d1701fa422ecf6\">Il est accompagn\u00e9 de&nbsp;<strong>livrets&nbsp;<\/strong>organis\u00e9s par niveau et destin\u00e9s \u00e0 proposer des exemples de mise en \u0153uvre du programme (s\u00e9quences, activit\u00e9s, etc.).<\/p>\n\n\n\n<ul class=\"wp-block-list\">\n<li class=\"has-black-color has-text-color has-link-color wp-elements-d46e41ccece7cae839e9b0727d0ef1e0\"><a href=\"https:\/\/ent2d.ac-bordeaux.fr\/disciplines\/sei\/wp-content\/uploads\/sites\/78\/2025\/12\/2025_livretaccompagnement_math_cp.pdf\" data-type=\"attachment\" data-id=\"959\" target=\"_blank\" rel=\"noreferrer noopener\"><mark style=\"background-color:#ffffff\" class=\"has-inline-color has-vivid-cyan-blue-color\">Le livret d&rsquo;accompagnement en math\u00e9matiques pour la classe de CP<\/mark><\/a>&nbsp;et son&nbsp;<a href=\"https:\/\/ent2d.ac-bordeaux.fr\/disciplines\/sei\/wp-content\/uploads\/sites\/78\/2025\/12\/ra25_math_cp_sequence-resolution-de-probleme_annexes_v2.docx\" data-type=\"attachment\" data-id=\"960\" target=\"_blank\" rel=\"noreferrer noopener\"><mark style=\"background-color:#ffffff\" class=\"has-inline-color has-vivid-cyan-blue-color\">annexe sur la r\u00e9solution de probl\u00e8mes<\/mark><\/a>.<\/li>\n\n\n\n<li class=\"has-black-color has-text-color has-link-color wp-elements-dbc5b2e0377900a53cbfd09cd0294314\"><a href=\"https:\/\/ent2d.ac-bordeaux.fr\/disciplines\/sei\/wp-content\/uploads\/sites\/78\/2025\/12\/2025_livretaccompagnement_math_ce1.pdf\" data-type=\"attachment\" data-id=\"957\" target=\"_blank\" rel=\"noreferrer noopener\"><mark style=\"background-color:#ffffff\" class=\"has-inline-color has-vivid-cyan-blue-color\">Le livret d&rsquo;accompagnement en math\u00e9matiques pour la classe de CE1<\/mark><\/a>\u00a0et ses\u00a0<a href=\"https:\/\/eduscol.education.fr\/document\/67773\/download\">annexes pour 3 s\u00e9quences<\/a> (<a href=\"https:\/\/ent2d.ac-bordeaux.fr\/disciplines\/sei\/wp-content\/uploads\/sites\/78\/2025\/12\/Annexes-SCquence-1-Enseigner-les-fractions.docx\" data-type=\"attachment\" data-id=\"964\" target=\"_blank\" rel=\"noreferrer noopener\"><mark style=\"background-color:#ffffff\" class=\"has-inline-color has-vivid-cyan-blue-color\">annexe 1<\/mark><\/a> \/ <a href=\"https:\/\/ent2d.ac-bordeaux.fr\/disciplines\/sei\/wp-content\/uploads\/sites\/78\/2025\/12\/Annexes-SCquence-3-Construire-et-mCmoriser-la-table-de-7.docx\" data-type=\"attachment\" data-id=\"963\" target=\"_blank\" rel=\"noreferrer noopener\"><mark style=\"background-color:#ffffff\" class=\"has-inline-color has-vivid-cyan-blue-color\">annexe 2<\/mark><\/a> \/ <a href=\"https:\/\/ent2d.ac-bordeaux.fr\/disciplines\/sei\/wp-content\/uploads\/sites\/78\/2025\/12\/Annexes-SCquence-4-RCsoudre-des-problames-parties-tout.docx\" data-type=\"attachment\" data-id=\"965\" target=\"_blank\" rel=\"noreferrer noopener\"><mark style=\"background-color:#ffffff\" class=\"has-inline-color has-vivid-cyan-blue-color\">annexe 3<\/mark><\/a>)<\/li>\n\n\n\n<li class=\"has-black-color has-text-color has-link-color wp-elements-f5a33116d0b3fbf7f3d1e9a91ed208d0\"><a href=\"https:\/\/ent2d.ac-bordeaux.fr\/disciplines\/sei\/wp-content\/uploads\/sites\/78\/2025\/12\/2025_livretaccompagnement_math_ce2-002.pdf\" data-type=\"attachment\" data-id=\"958\" target=\"_blank\" rel=\"noreferrer noopener\"><mark style=\"background-color:#ffffff\" class=\"has-inline-color has-vivid-cyan-blue-color\">Le livret d&rsquo;accompagnement en math\u00e9matiques pour la classe de CE2<\/mark><\/a>&nbsp;et ses&nbsp;<a href=\"https:\/\/eduscol.education.fr\/document\/69014\/download\">annexes pour 2 s\u00e9quences<\/a> (<a href=\"https:\/\/ent2d.ac-bordeaux.fr\/disciplines\/sei\/wp-content\/uploads\/sites\/78\/2025\/12\/Annexe-sequence_fraction_CE2_DEF.docx\" data-type=\"attachment\" data-id=\"961\" target=\"_blank\" rel=\"noreferrer noopener\"><mark style=\"background-color:#ffffff\" class=\"has-inline-color has-vivid-cyan-blue-color\">annexe 1<\/mark><\/a> \/ <a href=\"https:\/\/ent2d.ac-bordeaux.fr\/disciplines\/sei\/wp-content\/uploads\/sites\/78\/2025\/12\/Annexes_sequence_rCsolution-de-problames_comparaison_CE2.docx\" data-type=\"attachment\" data-id=\"962\" target=\"_blank\" rel=\"noreferrer noopener\"><mark style=\"background-color:#ffffff\" class=\"has-inline-color has-vivid-cyan-blue-color\">annexe 2<\/mark><\/a>) <\/li>\n<\/ul>\n\n\n\n<p class=\"has-black-color has-text-color has-link-color wp-elements-f925122dafdf67d0a154e423461e976e\">Lien vers <a href=\"https:\/\/eduscol.education.fr\/177\/mathematiques-cycle-2\" target=\"_blank\" rel=\"noreferrer noopener\"><mark style=\"background-color:#ffffff\" class=\"has-inline-color has-vivid-purple-color\">\u00c9duscol<\/mark><\/a>.<\/p>\n\n\n\n<p><\/p>\n","protected":false},"excerpt":{"rendered":"<p>Cycle 1 Le&nbsp;programme d\u2019enseignement pour l\u2019acquisition des premiers outils math\u00e9matiques du cycle 1&nbsp;a \u00e9t\u00e9 publi\u00e9 au BO du 31 octobre 2024.&nbsp;Il entre en application \u00e0 la rentr\u00e9e 2025. Il est accompagn\u00e9 de&nbsp;livrets&nbsp;organis\u00e9s par \u00e2ge et destin\u00e9s \u00e0 proposer des exemples<\/p>\n","protected":false},"author":1380,"featured_media":0,"parent":727,"menu_order":0,"comment_status":"closed","ping_status":"closed","template":"","meta":{"footnotes":""},"class_list":["post-756","page","type-page","status-publish","hentry"],"_links":{"self":[{"href":"https:\/\/ent2d.ac-bordeaux.fr\/disciplines\/sei\/wp-json\/wp\/v2\/pages\/756","targetHints":{"allow":["GET"]}}],"collection":[{"href":"https:\/\/ent2d.ac-bordeaux.fr\/disciplines\/sei\/wp-json\/wp\/v2\/pages"}],"about":[{"href":"https:\/\/ent2d.ac-bordeaux.fr\/disciplines\/sei\/wp-json\/wp\/v2\/types\/page"}],"author":[{"embeddable":true,"href":"https:\/\/ent2d.ac-bordeaux.fr\/disciplines\/sei\/wp-json\/wp\/v2\/users\/1380"}],"replies":[{"embeddable":true,"href":"https:\/\/ent2d.ac-bordeaux.fr\/disciplines\/sei\/wp-json\/wp\/v2\/comments?post=756"}],"version-history":[{"count":3,"href":"https:\/\/ent2d.ac-bordeaux.fr\/disciplines\/sei\/wp-json\/wp\/v2\/pages\/756\/revisions"}],"predecessor-version":[{"id":979,"href":"https:\/\/ent2d.ac-bordeaux.fr\/disciplines\/sei\/wp-json\/wp\/v2\/pages\/756\/revisions\/979"}],"up":[{"embeddable":true,"href":"https:\/\/ent2d.ac-bordeaux.fr\/disciplines\/sei\/wp-json\/wp\/v2\/pages\/727"}],"wp:attachment":[{"href":"https:\/\/ent2d.ac-bordeaux.fr\/disciplines\/sei\/wp-json\/wp\/v2\/media?parent=756"}],"curies":[{"name":"wp","href":"https:\/\/api.w.org\/{rel}","templated":true}]}}